{"id":27024,"date":"2024-10-22T16:32:42","date_gmt":"2024-10-22T19:32:42","guid":{"rendered":"https:\/\/wp.ufpel.edu.br\/progep\/?page_id=27024"},"modified":"2025-07-15T15:15:42","modified_gmt":"2025-07-15T18:15:42","slug":"convocacoes-edital-14-2024","status":"publish","type":"page","link":"https:\/\/wp.ufpel.edu.br\/progep\/convocacoes-edital-14-2024\/","title":{"rendered":"Convoca\u00e7\u00f5es &#8211; Edital 14\/2024"},"content":{"rendered":"\n<div class=\"wp-block-group\"><div class=\"wp-block-group__inner-container is-layout-constrained wp-block-group-is-layout-constrained\">\n<div class=\"logoTituloModelStyle\" style=\"padding:0\"><img class=\"size-medium wp-image-27184 alignleft\" src=\"https:\/\/wp.ufpel.edu.br\/progep\/files\/2025\/03\/logo-progep_atualizacao-nome_AZUL.png\" style=\"padding:0\" alt=\"\" \/><\/p>\n<div style=\"padding:2rem 0.3rem\"><strong>Convoca\u00e7\u00f5es &#8211; Edital 14\/2024<\/strong><\/div>\n<\/div>\n<hr class=\"hrModelStyle\" \/>\n<div class=\"descriptionModelStyle\">Acompanhe nesta p\u00e1gina a publica\u00e7\u00e3o dos\/as nomeados\/as para servidores\/as docentes na UFPEL.<\/div>\n<\/div><\/div>\n\n\n<div class=\"pagNomeacoesStyle\">\n<div class=\"cargosNomeConvStyle\">\n<div class=\"cargosTitleStyle\"> Cargos nesta p\u00e1gina:<\/div>\n<div class=\"tabelasRepoDoc\" style=\"color: black;text-align: center\">\n<span class=\"collapseomatic \" id=\"id69e81654d49bb\"  tabindex=\"0\" title=\"Cargos deste edital\"    >Cargos deste edital<\/span><div id=\"target-id69e81654d49bb\" class=\"collapseomatic_content \"> \n<div class=\"cargosStyle\">\n\n<p>Filosofia da Arte OU Hist\u00f3ria da Arte<\/p>\n\n\n<p>Ensino de Teatro e Pr\u00e1ticas de Atua\u00e7\u00e3o<\/p>\n\n\n<p>Farm\u00e1cia<\/p>\n\n\n<p>Ci\u00eancia da Computa\u00e7\u00e3o<\/p>\n\n\n<p>Engenharia Eletr\u00f4nica<\/p>\n\n\n<p>Geologia<\/p>\n\n\n<p>Engenharias III ou Matem\u00e1tica<\/p>\n\n\n<p>Gest\u00e3o e Meio Ambiente<\/p>\n\n\n<p>Literatura<\/p>\n\n\n<p>L\u00edngua Portuguesa e Latim<\/p>\n\n\n<p>Matologia<\/p>\n\n\n<p>Constru\u00e7\u00e3o Civil e Estruturas<\/p>\n\n\n<p>Conserva\u00e7\u00e3o e Restaura\u00e7\u00e3o<\/p>\n\n\n<p>Filosofia \u2013 \u00c9tica Antiga e Medieval<\/p>\n\n\n<p>Educa\u00e7\u00e3o Matem\u00e1tica<\/p>\n\n\n<p>Sociologia<\/p>\n\n\n<p>Ci\u00eancias Ambientais<\/p>\n\n\n<p>Constru\u00e7\u00e3o Civil e Instala\u00e7\u00f5es Prediais<\/p>\n\n\n<p>Educa\u00e7\u00e3o F\u00edsica<\/p>\n\n\n<p>Matem\u00e1tica Aplicada<\/p>\n\n\n<p>Semiologia Veterin\u00e1ria<\/p>\n\n<\/div>\n<\/div>\n\n<\/div>\n<\/div>\n<p> Confira a p\u00e1gina com as informa\u00e7\u00f5es a respeito do certame: <\/p>\n<p><a href=\"http:\/\/ces.ufpel.edu.br\/conctecadmed0014_2024\/\" target=\"_blank\">Certame do Edital 14\/2024<\/a><\/p>\n<div class=\"titleStyle\"><strong>Ampla Concorr\u00eancia<\/strong><\/div> \n\n<table id=\"tablepress-141\" class=\"tablepress tablepress-id-141\">\n<thead>\n<tr class=\"row-1\">\n\t<th class=\"column-1\">UNIDADE\/PROCESSO<\/th><th class=\"column-2\">CH<\/th><th class=\"column-3\">\u00c1REA<\/th><th class=\"column-4\">APROVADOS<br \/>\n<br \/>\nCLASSIFICA\u00c7\u00c3O \/ NOME \/<br \/>\n<br \/>\nRESULTADO FINAL<\/th><th class=\"column-5\">SITUA\u00c7\u00c3O<\/th>\n<\/tr>\n<\/thead>\n<tbody class=\"row-striping row-hover\">\n<tr class=\"row-2\">\n\t<td class=\"column-1\"><strong>Centro de Artes \u2013 CA<\/strong><br \/>\n23110.018105\/2024-59<\/td><td class=\"column-2\">40h<\/td><td class=\"column-3\"><strong>Filosofia da Arte OU Hist\u00f3ria da Arte<\/strong><\/td><td class=\"column-4\">1\u00ba FABIANE BEHLING LUCKOW<\/td><td class=\"column-5\">Convocada em 21\/10\/2024<\/td>\n<\/tr>\n<tr class=\"row-3\">\n\t<td class=\"column-1\"><\/td><td class=\"column-2\"><\/td><td class=\"column-3\"><\/td><td class=\"column-4\">2\u00ba KARINE FERREIRA SANCHEZ<\/td><td class=\"column-5\">Convocada em 16\/04\/2025<\/td>\n<\/tr>\n<tr class=\"row-4\">\n\t<td class=\"column-1\"><strong>Centro de Artes \u2013 CA<\/strong><br \/>\n23110.011715\/2024-21<\/td><td class=\"column-2\">40h<\/td><td class=\"column-3\"><strong>Ensino de Teatro e Pr\u00e1ticas de Atua\u00e7\u00e3o<\/strong><\/td><td class=\"column-4\">1\u00ba JULIANA RIBEIRO WOLKMER<\/td><td class=\"column-5\">Convocada em 21\/10\/2024<\/td>\n<\/tr>\n<tr class=\"row-5\">\n\t<td class=\"column-1\"><\/td><td class=\"column-2\"><\/td><td class=\"column-3\"><\/td><td class=\"column-4\">2\u00ba RENATA ELOISA FLOR CIESLAK<\/td><td class=\"column-5\"><s>Convocada em 23\/05\/2025<\/s> (desist\u00eancia)<\/td>\n<\/tr>\n<tr class=\"row-6\">\n\t<td class=\"column-1\"><strong>Centro de Ci\u00eancias Qu\u00edmicas, Farmac\u00eauticas e de Alimentos \u2013 CCQFA<\/strong><br \/>\n23110.013097\/2024-54<\/td><td class=\"column-2\">40h<\/td><td class=\"column-3\"><strong>Farm\u00e1cia<\/strong><\/td><td class=\"column-4\">1\u00ba RENATA LEIVAS DE OLIVEIRA<\/td><td class=\"column-5\">Convocada em 21\/10\/2024<\/td>\n<\/tr>\n<tr class=\"row-7\">\n\t<td class=\"column-1\"><strong>Centro de Desenvolvimento Tecnol\u00f3gico \u2013 CDTec<\/strong><br \/>\n23110.017046\/2024-00<\/td><td class=\"column-2\">40h<\/td><td class=\"column-3\"><strong>Ci\u00eancia da Computa\u00e7\u00e3o<\/strong><\/td><td class=\"column-4\">1\u00ba ALESSANDER OS\u00d3RIO<\/td><td class=\"column-5\">Convocado em 21\/10\/2024<\/td>\n<\/tr>\n<tr class=\"row-8\">\n\t<td class=\"column-1\"><\/td><td class=\"column-2\"><\/td><td class=\"column-3\"><\/td><td class=\"column-4\">2\u00ba ADRIANA BORDINI<\/td><td class=\"column-5\">Convocada em 11\/11\/2024<\/td>\n<\/tr>\n<tr class=\"row-9\">\n\t<td class=\"column-1\"><\/td><td class=\"column-2\"><\/td><td class=\"column-3\"><\/td><td class=\"column-4\">3\u00ba WESLEN SCHIAVON DE SOUZA<\/td><td class=\"column-5\">Convocado em 30\/12\/2024<\/td>\n<\/tr>\n<tr class=\"row-10\">\n\t<td class=\"column-1\"><strong>Centro de Engenharias \u2013 CENG<\/strong><br \/>\n23110.046421\/2023-30<\/td><td class=\"column-2\">40h<\/td><td class=\"column-3\"><strong>Engenharia Eletr\u00f4nica<\/strong><\/td><td class=\"column-4\">1\u00ba GIOVANI LUCAS COIMBRA<\/td><td class=\"column-5\">Convocado em 21\/10\/2024<\/td>\n<\/tr>\n<tr class=\"row-11\">\n\t<td class=\"column-1\"><strong>Centro de Engenharias \u2013 CENG<\/strong><br \/>\n23110.012309\/2024-86<\/td><td class=\"column-2\">40h<\/td><td class=\"column-3\"><strong>Geologia<\/strong><\/td><td class=\"column-4\">1\u00ba BRUNO SILVA DA FONTOURA<\/td><td class=\"column-5\">Convocado em 05\/11\/2024<\/td>\n<\/tr>\n<tr class=\"row-12\">\n\t<td class=\"column-1\"><strong>Centro de Engenharias -CENG<\/strong><br \/>\n23110.016471\/2024-73<\/td><td class=\"column-2\">40h<\/td><td class=\"column-3\"><strong>Engenharias III OU Matem\u00e1tica<\/strong><\/td><td class=\"column-4\">1\u00ba KARINE VON AHN PINTO<\/td><td class=\"column-5\">Convocada em 21\/10\/2024<\/td>\n<\/tr>\n<tr class=\"row-13\">\n\t<td class=\"column-1\"><\/td><td class=\"column-2\"><\/td><td class=\"column-3\"><\/td><td class=\"column-4\">2\u00ba PAULA ANDREA CONTRERAS ROJAS<\/td><td class=\"column-5\"><\/td>\n<\/tr>\n<tr class=\"row-14\">\n\t<td class=\"column-1\"><strong>Centro de Integra\u00e7\u00e3o do Mercosul \u2013 CIM<\/strong><br \/>\n23110.012112\/2024-47<\/td><td class=\"column-2\">40h<\/td><td class=\"column-3\"><strong>Gest\u00e3o e Meio Ambiente<\/strong><\/td><td class=\"column-4\">1\u00ba HILDEBRANDO MAZZARDO MARQUES VIANA<\/td><td class=\"column-5\">Convocado em 22\/01\/2025<\/td>\n<\/tr>\n<tr class=\"row-15\">\n\t<td class=\"column-1\"><\/td><td class=\"column-2\"><\/td><td class=\"column-3\"><\/td><td class=\"column-4\">2\u00ba ROBERTA MACHADO KARSBURG<\/td><td class=\"column-5\">Convocada em 17\/04\/2024<\/td>\n<\/tr>\n<tr class=\"row-16\">\n\t<td class=\"column-1\"><strong>Centro de Letras e Comunica\u00e7\u00e3o \u2013 CLC<\/strong><br \/>\n23110.016896\/2024-82<\/td><td class=\"column-2\">40h<\/td><td class=\"column-3\"><strong>Literatura<\/strong><\/td><td class=\"column-4\">1\u00ba VIRGINEA NOVACK SANTOS DA ROCHA<\/td><td class=\"column-5\">Convocada em 22\/10\/2024<\/td>\n<\/tr>\n<tr class=\"row-17\">\n\t<td class=\"column-1\"><strong>Centro de Letras e Comunica\u00e7\u00e3o \u2013 CLC<\/strong><br \/>\n23110.017161\/2024-76<\/td><td class=\"column-2\">40h<\/td><td class=\"column-3\"><strong>L\u00edngua Portuguesa e Latim<\/strong><\/td><td class=\"column-4\">1\u00ba ALINE ROSINSKI VIEIRA<\/td><td class=\"column-5\">Convocada em 12\/11\/2024<\/td>\n<\/tr>\n<tr class=\"row-18\">\n\t<td class=\"column-1\"><strong>Faculdade de Agronomia Eliseu Maciel \u2013 FAEM<\/strong><br \/>\n23110.016607\/2024-45<\/td><td class=\"column-2\">40h<\/td><td class=\"column-3\"><strong>Matologia<\/strong><\/td><td class=\"column-4\">1\u00ba DIEGO MARTINS CHIAPINOTTO<\/td><td class=\"column-5\">Convocado em 22\/10\/2024<\/td>\n<\/tr>\n<tr class=\"row-19\">\n\t<td class=\"column-1\"><strong>Faculdade de Arquitetura e Urbanismo \u2013 FAUrb<\/strong><br \/>\n23110.012645\/2024-29<br \/>\n<\/td><td class=\"column-2\">40h<\/td><td class=\"column-3\"><strong>Constru\u00e7\u00e3o Civil e Estruturas<\/strong><\/td><td class=\"column-4\">1\u00ba LISIE KREMER CABRAL<\/td><td class=\"column-5\">Convocada em 22\/10\/2024<\/td>\n<\/tr>\n<tr class=\"row-20\">\n\t<td class=\"column-1\"><\/td><td class=\"column-2\"><\/td><td class=\"column-3\"><\/td><td class=\"column-4\">2\u00ba JOSE HENRIQUE CARLUCIO CORDEIRO<\/td><td class=\"column-5\"><s>Convocado em 03\/06\/2025<\/s> <br \/>\n(desist\u00eancia)<\/td>\n<\/tr>\n<tr class=\"row-21\">\n\t<td class=\"column-1\"><\/td><td class=\"column-2\"><\/td><td class=\"column-3\"><\/td><td class=\"column-4\">3\u00ba JULIANA AL ALAM POUEY<\/td><td class=\"column-5\">Convocada em 26\/08\/2025<\/td>\n<\/tr>\n<tr class=\"row-22\">\n\t<td class=\"column-1\"><\/td><td class=\"column-2\"><\/td><td class=\"column-3\"><\/td><td class=\"column-4\">4\u00ba RAFAELA MEDINA DA SILVA<\/td><td class=\"column-5\"><\/td>\n<\/tr>\n<tr class=\"row-23\">\n\t<td class=\"column-1\"><\/td><td class=\"column-2\"><\/td><td class=\"column-3\"><\/td><td class=\"column-4\">5\u00ba BRUNA SUANEZ SENTANO<\/td><td class=\"column-5\"><\/td>\n<\/tr>\n<tr class=\"row-24\">\n\t<td class=\"column-1\"><strong>Instituto de Ci\u00eancias Humanas \u2013 ICH<\/strong><br \/>\n23110.016832\/2024-81<\/td><td class=\"column-2\">40h<\/td><td class=\"column-3\"><strong>Conserva\u00e7\u00e3o e Restaura\u00e7\u00e3o<\/strong><\/td><td class=\"column-4\">1\u00ba LUIZA RIBEIRO SANTANA<\/td><td class=\"column-5\">Convocada em 05\/11\/2024<\/td>\n<\/tr>\n<tr class=\"row-25\">\n\t<td class=\"column-1\"><strong>Instituto de Filosofia, Sociologia e Pol\u00edtica \u2013 IFISP<\/strong><br \/>\n23110.012618\/2024-56<\/td><td class=\"column-2\">40h<\/td><td class=\"column-3\"><strong>Filosofia \u2013 \u00c9tica Antiga e Medieval<\/strong><\/td><td class=\"column-4\">1\u00ba GRASIELA CRISTINE CELICH<\/td><td class=\"column-5\">Convocada em 22\/10\/2024<\/td>\n<\/tr>\n<tr class=\"row-26\">\n\t<td class=\"column-1\"><\/td><td class=\"column-2\"><\/td><td class=\"column-3\"><\/td><td class=\"column-4\">2\u00ba WILLIAM SARAIVA BORGES<\/td><td class=\"column-5\">Convocado em 12\/05\/2025<\/td>\n<\/tr>\n<tr class=\"row-27\">\n\t<td class=\"column-1\"><\/td><td class=\"column-2\"><\/td><td class=\"column-3\"><\/td><td class=\"column-4\">3\u00ba ANA PAULA MONTEIRO DOS REIS EMMENDORFER<\/td><td class=\"column-5\"><\/td>\n<\/tr>\n<tr class=\"row-28\">\n\t<td class=\"column-1\"><strong>Instituto de F\u00edsica e Matem\u00e1tica \u2013 IFM<\/strong><br \/>\n23110.007626\/2024-81<\/td><td class=\"column-2\">40h<\/td><td class=\"column-3\"><strong>Sociologia<\/strong><\/td><td class=\"column-4\">1\u00ba RAFAEL DA SILVA MALH\u00c3O<\/td><td class=\"column-5\">Convocado em 22\/10\/2024<\/td>\n<\/tr>\n<tr class=\"row-29\">\n\t<td class=\"column-1\"><\/td><td class=\"column-2\"><\/td><td class=\"column-3\"><\/td><td class=\"column-4\">2\u00ba ALEXANDRE SILVEIRA VERGARA<\/td><td class=\"column-5\">Convocado em 16\/12\/2024<\/td>\n<\/tr>\n<tr class=\"row-30\">\n\t<td class=\"column-1\"><strong>Centro de Engenharias \u2013 CENG<\/strong><br \/>\n23110.008263\/2024-09<\/td><td class=\"column-2\">40h<\/td><td class=\"column-3\"><strong>Ci\u00eancias Ambientais<\/strong><\/td><td class=\"column-4\">1\u00ba LUCAS LOURENCO CASTIGLIONI GUIDONI<\/td><td class=\"column-5\">Convocado em 17\/12\/2024<\/td>\n<\/tr>\n<tr class=\"row-31\">\n\t<td class=\"column-1\"><\/td><td class=\"column-2\"><\/td><td class=\"column-3\"><\/td><td class=\"column-4\">2\u00ba LUKAS DOS SANTOS BOEIRA<\/td><td class=\"column-5\">Convocado em 19\/03\/2026<\/td>\n<\/tr>\n<tr class=\"row-32\">\n\t<td class=\"column-1\"><\/td><td class=\"column-2\"><\/td><td class=\"column-3\"><\/td><td class=\"column-4\">3\u00ba LUANA ASZACKI KRUGER<\/td><td class=\"column-5\"><\/td>\n<\/tr>\n<tr class=\"row-33\">\n\t<td class=\"column-1\"><\/td><td class=\"column-2\"><\/td><td class=\"column-3\"><\/td><td class=\"column-4\">4\u00ba ANA CLAUDIA BEDUHN LUCKOW<\/td><td class=\"column-5\"><\/td>\n<\/tr>\n<tr class=\"row-34\">\n\t<td class=\"column-1\"><strong>Centro de Engenharias \u2013 CENG<\/strong><br \/>\n23110.012276\/2024-74<br \/>\n<\/td><td class=\"column-2\">20h<\/td><td class=\"column-3\"><strong>Constru\u00e7\u00e3o Civil e Instala\u00e7\u00f5es Prediais<\/strong><\/td><td class=\"column-4\">1\u00ba ARTHUR BEHENCK ARAMBURU<\/td><td class=\"column-5\"><\/td>\n<\/tr>\n<tr class=\"row-35\">\n\t<td class=\"column-1\"><\/td><td class=\"column-2\"><\/td><td class=\"column-3\"><\/td><td class=\"column-4\">2\u00ba JOSE HENRIQUE CARLUCIO CORDEIRO<\/td><td class=\"column-5\"><\/td>\n<\/tr>\n<tr class=\"row-36\">\n\t<td class=\"column-1\"><\/td><td class=\"column-2\"><\/td><td class=\"column-3\"><\/td><td class=\"column-4\">3\u00ba ROGERIO DALTRO KNUTH<\/td><td class=\"column-5\"><\/td>\n<\/tr>\n<tr class=\"row-37\">\n\t<td class=\"column-1\"><\/td><td class=\"column-2\"><\/td><td class=\"column-3\"><\/td><td class=\"column-4\">4\u00ba LISIE KREMER CABRAL<\/td><td class=\"column-5\"><\/td>\n<\/tr>\n<tr class=\"row-38\">\n\t<td class=\"column-1\"><strong>Escola Superior de Educa\u00e7\u00e3o F\u00edsica e Fisioterapia \u2013 ESEF<\/strong><br \/>\n23110.012952\/2024-18<\/td><td class=\"column-2\">40h<\/td><td class=\"column-3\"><strong>Educa\u00e7\u00e3o F\u00edsica<\/strong><\/td><td class=\"column-4\">1\u00ba LUIS FERNANDO FERREIRA<\/td><td class=\"column-5\">Convocado em 12\/11\/2024<\/td>\n<\/tr>\n<tr class=\"row-39\">\n\t<td class=\"column-1\"><strong>Instituto de F\u00edsica e Matem\u00e1tica \u2013 IFM<\/strong><br \/>\n23110.016247\/2024-81<\/td><td class=\"column-2\">40h<\/td><td class=\"column-3\"><strong>Matem\u00e1tica Aplicada<\/strong><\/td><td class=\"column-4\">1\u00ba DANIELA DALLA CHIESA<\/td><td class=\"column-5\"><s>Convocada em 18\/07\/2025<\/s><br \/>\ndesist\u00eancia<\/td>\n<\/tr>\n<tr class=\"row-40\">\n\t<td class=\"column-1\"><\/td><td class=\"column-2\"><\/td><td class=\"column-3\"><\/td><td class=\"column-4\">2\u00ba PRISCILA MARTTA RODRIGUES<\/td><td class=\"column-5\">Convocada pela reserva de cotas em 06\/01\/2025<\/td>\n<\/tr>\n<tr class=\"row-41\">\n\t<td class=\"column-1\"><strong>Faculdade de Veterin\u00e1ria \u2013 FV<\/strong><br \/>\n23110.019297\/2024-11<\/td><td class=\"column-2\">40h<\/td><td class=\"column-3\"><strong>Semiologia Veterin\u00e1ria<\/strong><\/td><td class=\"column-4\">1\u00ba GINO LUIGI BONILLA LEMOS PIZZI<\/td><td class=\"column-5\">Convocado em 12\/11\/2024<\/td>\n<\/tr>\n<tr class=\"row-42\">\n\t<td class=\"column-1\"><\/td><td class=\"column-2\"><\/td><td class=\"column-3\"><\/td><td class=\"column-4\">2\u00ba CAMILA MOURA DE LIMA<\/td><td class=\"column-5\">Convocada em 14\/05\/2024<\/td>\n<\/tr>\n<tr class=\"row-43\">\n\t<td class=\"column-1\"><\/td><td class=\"column-2\"><\/td><td class=\"column-3\"><\/td><td class=\"column-4\">3\u00ba LUISA GRECCO CORREA<\/td><td class=\"column-5\"><\/td>\n<\/tr>\n<tr class=\"row-44\">\n\t<td class=\"column-1\"><\/td><td class=\"column-2\"><\/td><td class=\"column-3\"><\/td><td class=\"column-4\">4\u00ba MAYARA CAETANO ABREU<\/td><td class=\"column-5\"><\/td>\n<\/tr>\n<\/tbody>\n<\/table>\n<!-- #tablepress-141 from cache -->\n<div class=\"titleStyle\"><strong>Cotas Raciais<\/strong><\/div>\n\n<table id=\"tablepress-142\" class=\"tablepress tablepress-id-142\">\n<thead>\n<tr class=\"row-1\">\n\t<th class=\"column-1\">PROCESSO<\/th><th class=\"column-2\">\u00c1REA<\/th><th class=\"column-3\">CANDIDATO(A)<\/th><th class=\"column-4\">CLASSIFICA\u00c7\u00c3O<\/th><th class=\"column-5\">SITUA\u00c7\u00c3O<\/th>\n<\/tr>\n<\/thead>\n<tbody class=\"row-striping row-hover\">\n<tr class=\"row-2\">\n\t<td class=\"column-1\">23110.016247\/2024-81<\/td><td class=\"column-2\"><strong>Matem\u00e1tica Aplicada<\/strong><\/td><td class=\"column-3\">PRISCILA MARTTA RODRIGUES<\/td><td class=\"column-4\">1\u00ba<\/td><td class=\"column-5\">Convocada em 06\/01\/2025<\/td>\n<\/tr>\n<tr class=\"row-3\">\n\t<td class=\"column-1\">23110.012276\/2024-74<\/td><td class=\"column-2\"><strong>Constru\u00e7\u00e3o Civil e Instala\u00e7\u00f5es Prediais<\/strong><\/td><td class=\"column-3\">MOZZARA OLIVEIRA DA FONSECA<\/td><td class=\"column-4\">2\u00ba<\/td><td class=\"column-5\">Convocada em 12\/11\/2024<\/td>\n<\/tr>\n<\/tbody>\n<\/table>\n<!-- #tablepress-142 from cache -->\n<div class=\"naoHouveClassApro\"> LISTA GERAL DE CANDIDATOS CLASSIFICADOS NA RESERVA PARA CANDIDATOS PCD :<br \/>N\u00e3o h\u00e1.<\/div>\n<\/div>\n","protected":false},"excerpt":{"rendered":"<p>Convoca\u00e7\u00f5es &#8211; Edital 14\/2024 Acompanhe nesta p\u00e1gina a publica\u00e7\u00e3o dos\/as nomeados\/as para servidores\/as docentes na UFPEL. Cargos nesta p\u00e1gina: Confira a p\u00e1gina com as informa\u00e7\u00f5es a respeito do certame: Certame do Edital 14\/2024 Ampla Concorr\u00eancia Cotas Raciais LISTA GERAL DE CANDIDATOS CLASSIFICADOS NA RESERVA PARA CANDIDATOS PCD :N\u00e3o h\u00e1.<\/p>\n","protected":false},"author":52,"featured_media":0,"parent":0,"menu_order":0,"comment_status":"closed","ping_status":"closed","template":"","meta":{"footnotes":""},"class_list":["post-27024","page","type-page","status-publish","hentry"],"_links":{"self":[{"href":"https:\/\/wp.ufpel.edu.br\/progep\/wp-json\/wp\/v2\/pages\/27024","targetHints":{"allow":["GET"]}}],"collection":[{"href":"https:\/\/wp.ufpel.edu.br\/progep\/wp-json\/wp\/v2\/pages"}],"about":[{"href":"https:\/\/wp.ufpel.edu.br\/progep\/wp-json\/wp\/v2\/types\/page"}],"author":[{"embeddable":true,"href":"https:\/\/wp.ufpel.edu.br\/progep\/wp-json\/wp\/v2\/users\/52"}],"replies":[{"embeddable":true,"href":"https:\/\/wp.ufpel.edu.br\/progep\/wp-json\/wp\/v2\/comments?post=27024"}],"version-history":[{"count":29,"href":"https:\/\/wp.ufpel.edu.br\/progep\/wp-json\/wp\/v2\/pages\/27024\/revisions"}],"predecessor-version":[{"id":35116,"href":"https:\/\/wp.ufpel.edu.br\/progep\/wp-json\/wp\/v2\/pages\/27024\/revisions\/35116"}],"wp:attachment":[{"href":"https:\/\/wp.ufpel.edu.br\/progep\/wp-json\/wp\/v2\/media?parent=27024"}],"curies":[{"name":"wp","href":"https:\/\/api.w.org\/{rel}","templated":true}]}}