{"id":27007,"date":"2024-10-21T22:51:45","date_gmt":"2024-10-22T01:51:45","guid":{"rendered":"https:\/\/wp.ufpel.edu.br\/progep\/?page_id=27007"},"modified":"2025-06-30T15:01:54","modified_gmt":"2025-06-30T18:01:54","slug":"sei-nivel-avancado","status":"publish","type":"page","link":"https:\/\/wp.ufpel.edu.br\/progep\/sei-nivel-avancado\/","title":{"rendered":"Capacita\u00e7\u00e3o: SEI: N\u00edvel Avan\u00e7ado"},"content":{"rendered":"<p><strong>Ministrante: <\/strong>Jeremias Maas Lerm (T\u00e9cnico-Administrativo em Educa\u00e7\u00e3o da Pr\u00f3-Reitoria Administrativa)<\/p>\n<p><b>Modalidade: <\/b>Online, sem tutoria. O curso \u00e9 oferecido de forma ass\u00edncrona, deste modo, o participante pode acessar o material e realizar as atividades no seu pr\u00f3prio ritmo, sem a presen\u00e7a de um tutor.<\/p>\n<p><strong>Carga hor\u00e1ria:<\/strong> 30 horas<\/p>\n<p class=\"v1MsoNormal\"><strong>Per\u00edodo<\/strong>: 11 de novembro a 11 <span style=\"background-color: #ffffff\">de dezembro de 2024\u00a0<\/span><\/p>\n<p class=\"v1MsoNormal\"><strong>Realiza\u00e7\u00e3o<\/strong>: Plataforma E-projeto da UFPel<\/p>\n<p><strong>S\u00famula<\/strong>:<\/p>\n<ul>\n<li class=\"Texto_Justificado\">M\u00f3dulo 1 &#8211; Do SEI ao SEI 4.0! O que muda?<\/li>\n<li class=\"Texto_Justificado\">M\u00f3dulo 2 &#8211; Ambiente de Trabalho (Controle de Processos)<\/li>\n<li class=\"Texto_Justificado\">M\u00f3dulo 3 &#8211; Base de Conhecimento e Tramita\u00e7\u00e3o<\/li>\n<li>M\u00f3dulo 4 &#8211; Editor de Texto (nativo do sistema)<\/li>\n<li>M\u00f3dulo 5 &#8211; Padroniza\u00e7\u00e3o<\/li>\n<li>M\u00f3dulo 6 &#8211; Boas Pr\u00e1ticas<\/li>\n<\/ul>\n<p><b><strong>Avalia\u00e7\u00e3o: <\/strong><\/b>Ser\u00e1 realizado um question\u00e1rio de avalia\u00e7\u00e3o ao final de cada m\u00f3dulo, com aproveitamento m\u00ednimo de 60%. Ser\u00e1 necess\u00e1rio a conclus\u00e3o de todos os m\u00f3dulos do curso.<\/p>\n<p class=\"v1MsoNormal\"><strong>P\u00fablico Alvo<\/strong>: Servidores(as) docentes, TAE\u2019s e trabalhadores(as) terceirizados(as) ativos(as) da UFPel*<\/p>\n<p><strong>N\u00famero de vagas:<\/strong> 50 (limitadas por ordem de inscri\u00e7\u00e3o)<\/p>\n<p><strong>Per\u00edodo de inscri\u00e7\u00e3o<\/strong>: 22\/10 a 31\/10\/2024 &#8211; <span style=\"color: #ff0000\">Inscri\u00e7\u00f5es Encerradas<\/span><\/p>\n<p><strong>Divulga\u00e7\u00e3o das inscri\u00e7\u00f5es homologadas<\/strong>: 06\/11\/2024**, nesta p\u00e1gina.<\/p>\n<p>*Considerando a Pol\u00edtica Nacional de Desenvolvimento de Pessoas, conforme Decreto n\u00ba 9.991\/19, somente ser\u00e3o certificados os servidores p\u00fablicos pertencentes ao Quadro Efetivo da UFPel;<br \/>\n** Quando homologadas as inscri\u00e7\u00f5es, os(as) participantes receber\u00e3o e-mail de confirma\u00e7\u00e3o com instru\u00e7\u00f5es.<\/p>\n<p>Observa\u00e7\u00e3o: A homologa\u00e7\u00e3o das inscri\u00e7\u00f5es dos(as) trabalhadores(as) terceirizados ficar\u00e1 condicionada \u00e0 an\u00e1lise pr\u00e9via e manifesta\u00e7\u00e3o por parte do NUGEST\/PRA.<\/p>\n<p><span style=\"color: #ff6600\"><strong> <a style=\"color: #ff6600\" href=\"https:\/\/wp.ufpel.edu.br\/progep\/files\/2024\/11\/Homologacao-sei-avancado.pdf\">INSCRI\u00c7\u00d5ES HOMOLOGADAS<\/a><\/strong><\/span><\/p>\n<p><strong>Contato SFS:<\/strong> cdp.capacita@ufpel.edu.br<\/p>\n","protected":false},"excerpt":{"rendered":"<p>Ministrante: Jeremias Maas Lerm (T\u00e9cnico-Administrativo em Educa\u00e7\u00e3o da Pr\u00f3-Reitoria Administrativa) Modalidade: Online, sem tutoria. O curso \u00e9 oferecido de forma ass\u00edncrona, deste modo, o participante pode acessar o material e realizar as atividades no seu pr\u00f3prio ritmo, sem a presen\u00e7a de um tutor. Carga hor\u00e1ria: 30 horas Per\u00edodo: 11 de novembro a 11 de dezembro [&hellip;]<\/p>\n","protected":false},"author":21,"featured_media":0,"parent":0,"menu_order":0,"comment_status":"closed","ping_status":"closed","template":"","meta":{"footnotes":""},"class_list":["post-27007","page","type-page","status-publish","hentry"],"_links":{"self":[{"href":"https:\/\/wp.ufpel.edu.br\/progep\/wp-json\/wp\/v2\/pages\/27007","targetHints":{"allow":["GET"]}}],"collection":[{"href":"https:\/\/wp.ufpel.edu.br\/progep\/wp-json\/wp\/v2\/pages"}],"about":[{"href":"https:\/\/wp.ufpel.edu.br\/progep\/wp-json\/wp\/v2\/types\/page"}],"author":[{"embeddable":true,"href":"https:\/\/wp.ufpel.edu.br\/progep\/wp-json\/wp\/v2\/users\/21"}],"replies":[{"embeddable":true,"href":"https:\/\/wp.ufpel.edu.br\/progep\/wp-json\/wp\/v2\/comments?post=27007"}],"version-history":[{"count":10,"href":"https:\/\/wp.ufpel.edu.br\/progep\/wp-json\/wp\/v2\/pages\/27007\/revisions"}],"predecessor-version":[{"id":34183,"href":"https:\/\/wp.ufpel.edu.br\/progep\/wp-json\/wp\/v2\/pages\/27007\/revisions\/34183"}],"wp:attachment":[{"href":"https:\/\/wp.ufpel.edu.br\/progep\/wp-json\/wp\/v2\/media?parent=27007"}],"curies":[{"name":"wp","href":"https:\/\/api.w.org\/{rel}","templated":true}]}}