{"id":26572,"date":"2024-09-11T09:54:12","date_gmt":"2024-09-11T12:54:12","guid":{"rendered":"https:\/\/wp.ufpel.edu.br\/progep\/?page_id=26572"},"modified":"2025-06-30T14:59:10","modified_gmt":"2025-06-30T17:59:10","slug":"impactos-da-auriculoterapia-na-saude-das-pessoas","status":"publish","type":"page","link":"https:\/\/wp.ufpel.edu.br\/progep\/impactos-da-auriculoterapia-na-saude-das-pessoas\/","title":{"rendered":"Capacita\u00e7\u00e3o: Impactos da auriculoterapia na sa\u00fade das pessoas"},"content":{"rendered":"<p><span style=\"color: #0000ff\"><strong>O que \u00e9 auriculoterapia? <\/strong><\/span>A auriculoterapia \u00e9 uma t\u00e9cnica derivada da acupuntura, que faz press\u00e3o em pontos espec\u00edficos da orelha para tratar e diagnosticar diversos problemas f\u00edsicos, mentais e at\u00e9 emocionais.<\/p>\n<p><span style=\"color: #0000ff\"><strong>Para que serve a auriculoterapia? <\/strong><\/span>A auriculoterapia serve para tratar qualquer problema de sa\u00fade: doen\u00e7as, dores, sintomas ou dist\u00farbios psicossom\u00e1ticos nos \u00e2mbitos f\u00edsicos e emocionais. Esta pr\u00e1tica est\u00e1 inserida no \u00e2mbito do <strong>Projeto de Pr\u00e1ticas Integrativas e Complementares em Sa\u00fade (PICS)<\/strong> da Faculdade de Enfermagem da Universidade Federal de Pelotas (UFPel), no contexto da Rede de Aten\u00e7\u00e3o em Sa\u00fade.<\/p>\n<p><strong>Facilitador(a): <\/strong>Adrize Rutz Porto (Docente da Faculdade de Enfermagem\/ UFPel)<\/p>\n<p><strong>Data:<\/strong> 03\/10\/2024 (quinta-feira)<\/p>\n<p><strong>Hor\u00e1rio: <\/strong>das 14h \u00e0s 16h<\/p>\n<p><strong>Modalidade: <\/strong><em>Online<\/em><\/p>\n<p><strong>Local: <\/strong>Plataforma Webconf da UFPEL<\/p>\n<p><strong>Ementa:<br \/>\n<\/strong>Conceito de auriculoterapia;<br \/>\nContextualiza\u00e7\u00e3o na \u00e1rea da sa\u00fade, breve resgate hist\u00f3rico;<br \/>\nBenef\u00edcios da pr\u00e1tica para a sa\u00fade;<br \/>\nComo \u00e9 realizada a pr\u00e1tica;<br \/>\nOferta da a\u00e7\u00e3o por projeto de extens\u00e3o.<strong><br \/>\n<\/strong><\/p>\n<p><strong>P\u00fablico Alvo<\/strong>: Servidores(as) docentes, TAE\u2019s e trabalhadores(as) terceirizados(as) ativos(as) da UFPel*<\/p>\n<p><strong>Per\u00edodo de inscri\u00e7\u00e3o<\/strong>: 17\/09 a 30\/09\/2024<\/p>\n<p><strong>Divulga\u00e7\u00e3o das inscri\u00e7\u00f5es homologadas<\/strong>: 01\/10, nesta p\u00e1gina**<\/p>\n<p><span style=\"background-color: #ffffff\">*Considerando a Pol\u00edtica Nacional de Desenvolvimento de Pessoas, conforme Decreto n\u00ba 9.991\/19, somente ser\u00e3o certificados os servidores p\u00fablicos pertencentes ao Quadro Efetivo da UFPel.<\/span><\/p>\n<p><span style=\"background-color: #ffffff\">**Quando homologadas as inscri\u00e7\u00f5es, os selecionados receber\u00e3o e-mail com instru\u00e7\u00f5es de acesso \u00e0 sala de Webconf da UFPel.<\/span><\/p>\n<p><span style=\"background-color: #ffffff\">Observa\u00e7\u00e3o: A homologa\u00e7\u00e3o das inscri\u00e7\u00f5es dos(as) trabalhadores(as) terceirizados ficar\u00e1 condicionada \u00e0 an\u00e1lise pr\u00e9via e manifesta\u00e7\u00e3o por parte do NUGEST\/PRA.<\/span><\/p>\n<p><strong><span style=\"color: #ff6600\"><a style=\"color: #ff6600\" href=\"https:\/\/wp.ufpel.edu.br\/progep\/files\/2024\/10\/HOMOLOGACAO-Impactos-da-auriculoterapia-na-saude-das-pessoas.pdf\">INSCRI\u00c7\u00d5ES HOMOLOGADAS<\/a><\/span><\/strong><\/p>\n<p><span style=\"font-size: 10pt\"><strong>Contato:<\/strong> cdp.capacita@ufpel.edu.br<\/span><\/p>\n<p><strong>Refer\u00eancias<br \/>\n<\/strong>PORTAL SA\u00daDE. <strong>Auriculoterapia: o que \u00e9, para que serve, quem pode fazer. <\/strong>2022. Dispon\u00edvel em:\u00a0<a href=\"https:\/\/www.postalsaude.com.br\/auriculoterapia-o-que-e-para-que-serve-quem-pode-fazer\/\">https:\/\/www.postalsaude.com.br\/auriculoterapia-o-que-e-para-que-serve-quem-pode-fazer\/<\/a><br \/>\nBRASIL. MINIST\u00c9RIO DA SA\u00daDE. <strong>Pr\u00e1ticas Integrativas e Complementares em Sa\u00fade (PICS)<\/strong>. 2022. Dispon\u00edvel em:\u00a0<a href=\"https:\/\/www.gov.br\/saude\/pt-br\/assuntos\/saude-de-a-a-z\/p\/pics\">https:\/\/www.gov.br\/saude\/pt-br\/assuntos\/saude-de-a-a-z\/p\/pics<\/a><\/p>\n","protected":false},"excerpt":{"rendered":"<p>O que \u00e9 auriculoterapia? A auriculoterapia \u00e9 uma t\u00e9cnica derivada da acupuntura, que faz press\u00e3o em pontos espec\u00edficos da orelha para tratar e diagnosticar diversos problemas f\u00edsicos, mentais e at\u00e9 emocionais. Para que serve a auriculoterapia? A auriculoterapia serve para tratar qualquer problema de sa\u00fade: doen\u00e7as, dores, sintomas ou dist\u00farbios psicossom\u00e1ticos nos \u00e2mbitos f\u00edsicos e [&hellip;]<\/p>\n","protected":false},"author":21,"featured_media":0,"parent":0,"menu_order":0,"comment_status":"closed","ping_status":"closed","template":"","meta":{"footnotes":""},"class_list":["post-26572","page","type-page","status-publish","hentry"],"_links":{"self":[{"href":"https:\/\/wp.ufpel.edu.br\/progep\/wp-json\/wp\/v2\/pages\/26572","targetHints":{"allow":["GET"]}}],"collection":[{"href":"https:\/\/wp.ufpel.edu.br\/progep\/wp-json\/wp\/v2\/pages"}],"about":[{"href":"https:\/\/wp.ufpel.edu.br\/progep\/wp-json\/wp\/v2\/types\/page"}],"author":[{"embeddable":true,"href":"https:\/\/wp.ufpel.edu.br\/progep\/wp-json\/wp\/v2\/users\/21"}],"replies":[{"embeddable":true,"href":"https:\/\/wp.ufpel.edu.br\/progep\/wp-json\/wp\/v2\/comments?post=26572"}],"version-history":[{"count":17,"href":"https:\/\/wp.ufpel.edu.br\/progep\/wp-json\/wp\/v2\/pages\/26572\/revisions"}],"predecessor-version":[{"id":34167,"href":"https:\/\/wp.ufpel.edu.br\/progep\/wp-json\/wp\/v2\/pages\/26572\/revisions\/34167"}],"wp:attachment":[{"href":"https:\/\/wp.ufpel.edu.br\/progep\/wp-json\/wp\/v2\/media?parent=26572"}],"curies":[{"name":"wp","href":"https:\/\/api.w.org\/{rel}","templated":true}]}}