{"id":26339,"date":"2024-08-05T15:54:04","date_gmt":"2024-08-05T18:54:04","guid":{"rendered":"https:\/\/wp.ufpel.edu.br\/progep\/?page_id=26339"},"modified":"2025-06-30T14:57:55","modified_gmt":"2025-06-30T17:57:55","slug":"programa-de-educacao-para-a-aposentadoria-evoluidade-dosas-servidoresas-da-ufpel-2024","status":"publish","type":"page","link":"https:\/\/wp.ufpel.edu.br\/progep\/programa-de-educacao-para-a-aposentadoria-evoluidade-dosas-servidoresas-da-ufpel-2024\/","title":{"rendered":"Capacita\u00e7\u00e3o: Programa EVOLUIDADE: Identidade, Trabalho e Aposentadoria"},"content":{"rendered":"<p><strong>Ministrante:\u00a0<\/strong>Maria Helena Concei\u00e7\u00e3o Silveira (Psic\u00f3loga \u2013 Coordena\u00e7\u00e3o de Sa\u00fade e Qualidade de Vida;\/ PROGEP)<\/p>\n<p class=\"v1MsoNormal\"><strong>Data<\/strong>: 21 de agosto de 2024 (quarta-feira)<\/p>\n<p><strong style=\"text-align: justify;color: var(--cor-texto);font-family: var(--fonte-corpo)\">Hor\u00e1rio:<\/strong><span style=\"text-align: justify;color: var(--cor-texto);font-family: var(--fonte-corpo)\"> das 14h \u00e0s 17h<\/span><\/p>\n<p><b>Modalidade:\u00a0<\/b>Presencial<\/p>\n<p><strong>Carga hor\u00e1ria: <\/strong>03\u00a0horas<\/p>\n<p class=\"v1MsoNormal\"><strong>Realiza\u00e7\u00e3o<\/strong>: Campus Anglo, sala 211<\/p>\n<p><strong>Ementa:<\/strong><\/p>\n<ul>\n<li><span style=\"font-size: large\">Trabalho: sentidos e significados<\/span><\/li>\n<li><span style=\"font-size: large\">Aposentadoria: sentidos e significados<\/span><\/li>\n<li><span style=\"font-size: large\">Impacto da produtividade na vida funcional e pessoal<\/span><\/li>\n<li><span style=\"font-size: large\">Inatividade e lugar social<\/span><\/li>\n<li><span style=\"font-size: large\">Envelhecimento: representa\u00e7\u00f5es sociais<\/span><\/li>\n<li><span style=\"font-size: large\">Autoimagem ocupacional<\/span><\/li>\n<li><span style=\"font-size: large\">Papel Profissional<\/span><\/li>\n<li><span style=\"font-size: large\">Identidade<\/span><\/li>\n<\/ul>\n<p><strong>P\u00fablico Alvo<\/strong>: Servidores(as) docentes, TAE\u2019s e trabalhadores(as) terceirizados(as) ativos(as) da UFPel*<\/p>\n<p><strong>N\u00famero de vagas:<\/strong>\u00a020 (limitadas por ordem de inscri\u00e7\u00e3o)**<\/p>\n<p><strong>Per\u00edodo de inscri\u00e7\u00e3o<\/strong>: 05\/08 a 16\/08\/2024<\/p>\n<p><strong>Divulga\u00e7\u00e3o das inscri\u00e7\u00f5es homologadas<\/strong>: 19\/08***, nesta p\u00e1gina.<\/p>\n<p style=\"text-align: justify\">*Vagas destinadas \u00e0 servidores pertencentes ao Quadro Efetivo da UFPel, preferencialmente. Considerando a Pol\u00edtica Nacional de Desenvolvimento de Pessoas, conforme Decreto n\u00ba 9.991\/19, somente ser\u00e3o certificados os servidores p\u00fablicos pertencentes ao Quadro Efetivo da UFPel;<br \/>\n** Quando homologadas as inscri\u00e7\u00f5es, os selecionados receber\u00e3o e-mail de confirma\u00e7\u00e3o com instru\u00e7\u00f5es.<\/p>\n<p style=\"text-align: justify\">Observa\u00e7\u00e3o: A homologa\u00e7\u00e3o das inscri\u00e7\u00f5es dos(as) trabalhadores(as) terceirizados ficar\u00e1 condicionada \u00e0 an\u00e1lise pr\u00e9via e manifesta\u00e7\u00e3o por parte do NUGEST\/PRA.<\/p>\n<p><span style=\"color: #ff6600\"><strong><a style=\"color: #ff6600\" href=\"https:\/\/wp.ufpel.edu.br\/progep\/inscricoes-para-curso\/\">INSCRI\u00c7\u00d5ES AQUI!<\/a><\/strong><\/span><\/p>\n","protected":false},"excerpt":{"rendered":"<p>Ministrante:\u00a0Maria Helena Concei\u00e7\u00e3o Silveira (Psic\u00f3loga \u2013 Coordena\u00e7\u00e3o de Sa\u00fade e Qualidade de Vida;\/ PROGEP) Data: 21 de agosto de 2024 (quarta-feira) Hor\u00e1rio: das 14h \u00e0s 17h Modalidade:\u00a0Presencial Carga hor\u00e1ria: 03\u00a0horas Realiza\u00e7\u00e3o: Campus Anglo, sala 211 Ementa: Trabalho: sentidos e significados Aposentadoria: sentidos e significados Impacto da produtividade na vida funcional e pessoal Inatividade e lugar [&hellip;]<\/p>\n","protected":false},"author":21,"featured_media":0,"parent":0,"menu_order":0,"comment_status":"closed","ping_status":"closed","template":"","meta":{"footnotes":""},"class_list":["post-26339","page","type-page","status-publish","hentry"],"_links":{"self":[{"href":"https:\/\/wp.ufpel.edu.br\/progep\/wp-json\/wp\/v2\/pages\/26339","targetHints":{"allow":["GET"]}}],"collection":[{"href":"https:\/\/wp.ufpel.edu.br\/progep\/wp-json\/wp\/v2\/pages"}],"about":[{"href":"https:\/\/wp.ufpel.edu.br\/progep\/wp-json\/wp\/v2\/types\/page"}],"author":[{"embeddable":true,"href":"https:\/\/wp.ufpel.edu.br\/progep\/wp-json\/wp\/v2\/users\/21"}],"replies":[{"embeddable":true,"href":"https:\/\/wp.ufpel.edu.br\/progep\/wp-json\/wp\/v2\/comments?post=26339"}],"version-history":[{"count":7,"href":"https:\/\/wp.ufpel.edu.br\/progep\/wp-json\/wp\/v2\/pages\/26339\/revisions"}],"predecessor-version":[{"id":34161,"href":"https:\/\/wp.ufpel.edu.br\/progep\/wp-json\/wp\/v2\/pages\/26339\/revisions\/34161"}],"wp:attachment":[{"href":"https:\/\/wp.ufpel.edu.br\/progep\/wp-json\/wp\/v2\/media?parent=26339"}],"curies":[{"name":"wp","href":"https:\/\/api.w.org\/{rel}","templated":true}]}}