{"id":2624,"date":"2011-10-18T15:16:50","date_gmt":"2011-10-18T18:16:50","guid":{"rendered":"https:\/\/wp.ufpel.edu.br\/prgrh\/"},"modified":"2013-09-05T10:38:40","modified_gmt":"2013-09-05T13:38:40","slug":"calculo-do-auxilio-transporte","status":"publish","type":"page","link":"https:\/\/wp.ufpel.edu.br\/progep\/direitos_e_deveres_nova\/auxilio-transporte-3\/calculo-do-auxilio-transporte\/","title":{"rendered":"C\u00e1lculo do Aux\u00edlio-Transporte"},"content":{"rendered":"<p>A Coordenadoria de Concess\u00f5es\/DAP\/PRGRH informa aos servidores como efetuar o c\u00e1lculo para obten\u00e7\u00e3o do valor do aux\u00edlio-transporte:<\/p>\n<p>1\u00ba) Vencimento b\u00e1sico \u00f7 30 dias = vencimento b\u00e1sico di\u00e1rio X 22 dias (dias \u00fateis) = vencimento b\u00e1sico di\u00e1rio nos dias \u00fateis x 6 % = valor com que o servidor participa;<\/p>\n<p>2\u00ba) Valor da passagem X 44* passagens (ida e volta) = total gasto em passagens para quem usa 02 passagens por dia;<\/p>\n<p>3\u00ba) Resultado do 2\u00ba c\u00e1lculo \u2013 resultado do 1\u00ba c\u00e1lculo = valor do aux\u00edlio-transporte.<\/p>\n<p>* O servidor que utilizar 04 passagens por dia dever\u00e1 multiplicar o valor da passagem por 88.<\/p>\n","protected":false},"excerpt":{"rendered":"<p>A Coordenadoria de Concess\u00f5es\/DAP\/PRGRH informa aos servidores como efetuar o c\u00e1lculo para obten\u00e7\u00e3o do valor do aux\u00edlio-transporte: 1\u00ba) Vencimento b\u00e1sico \u00f7 30 dias = vencimento b\u00e1sico di\u00e1rio X 22 dias (dias \u00fateis) = vencimento b\u00e1sico di\u00e1rio nos dias \u00fateis x 6 % = valor com que o servidor participa; 2\u00ba) Valor da passagem X 44* [&hellip;]<\/p>\n","protected":false},"author":21,"featured_media":0,"parent":3848,"menu_order":0,"comment_status":"closed","ping_status":"open","template":"","meta":{"footnotes":""},"class_list":["post-2624","page","type-page","status-publish","hentry"],"_links":{"self":[{"href":"https:\/\/wp.ufpel.edu.br\/progep\/wp-json\/wp\/v2\/pages\/2624","targetHints":{"allow":["GET"]}}],"collection":[{"href":"https:\/\/wp.ufpel.edu.br\/progep\/wp-json\/wp\/v2\/pages"}],"about":[{"href":"https:\/\/wp.ufpel.edu.br\/progep\/wp-json\/wp\/v2\/types\/page"}],"author":[{"embeddable":true,"href":"https:\/\/wp.ufpel.edu.br\/progep\/wp-json\/wp\/v2\/users\/21"}],"replies":[{"embeddable":true,"href":"https:\/\/wp.ufpel.edu.br\/progep\/wp-json\/wp\/v2\/comments?post=2624"}],"version-history":[{"count":2,"href":"https:\/\/wp.ufpel.edu.br\/progep\/wp-json\/wp\/v2\/pages\/2624\/revisions"}],"predecessor-version":[{"id":3282,"href":"https:\/\/wp.ufpel.edu.br\/progep\/wp-json\/wp\/v2\/pages\/2624\/revisions\/3282"}],"up":[{"embeddable":true,"href":"https:\/\/wp.ufpel.edu.br\/progep\/wp-json\/wp\/v2\/pages\/3848"}],"wp:attachment":[{"href":"https:\/\/wp.ufpel.edu.br\/progep\/wp-json\/wp\/v2\/media?parent=2624"}],"curies":[{"name":"wp","href":"https:\/\/api.w.org\/{rel}","templated":true}]}}