{"id":26052,"date":"2024-06-28T10:39:24","date_gmt":"2024-06-28T13:39:24","guid":{"rendered":"https:\/\/wp.ufpel.edu.br\/progep\/?page_id=26052"},"modified":"2024-06-28T10:39:24","modified_gmt":"2024-06-28T13:39:24","slug":"adicional-noturno","status":"publish","type":"page","link":"https:\/\/wp.ufpel.edu.br\/progep\/adicional-noturno\/","title":{"rendered":"Adicional Noturno"},"content":{"rendered":"<p><span style=\"color: #ff9900\"><strong>O que \u00e9?<\/strong><\/span><\/p>\n<p>Adicional devido aos servidores pela presta\u00e7\u00e3o de servi\u00e7o no hor\u00e1rio compreendido entre 22 (vinte e duas) horas de um dia e 5 (cinco) horas do dia seguinte, no percentual de 25% (vinte e cinco por cento) sobre o valor da hora diurna.<\/p>\n<p><span style=\"color: #ff9900\"><strong>Quem tem direito?<\/strong><\/span><\/p>\n<p>Servidores t\u00e9cnico-administrativos e docentes.<\/p>\n<p class=\"rtejustify\"><span style=\"color: #ff9900\"><strong>Informa\u00e7\u00f5es Gerais<\/strong><\/span><\/p>\n<ol>\n<li class=\"rtejustify\">O Adicional Noturno \u00e9 uma vantagem transit\u00f3ria que somente \u00e9 devida enquanto o servidor efetivamente estiver exercendo o trabalho noturno, entre 22 (vinte e duas) horas de um dia e 5 (cinco) horas do dia seguinte.<\/li>\n<li class=\"rtejustify\">O referido adicional n\u00e3o se incorpora \u00e0 remunera\u00e7\u00e3o ou provento.<\/li>\n<li class=\"rtejustify\">O servi\u00e7o prestado fora do hor\u00e1rio de funcionamento normal da Institui\u00e7\u00e3o necessita de autoriza\u00e7\u00e3o e justificativa espec\u00edficas da chefia imediata.<\/li>\n<li class=\"rtejustify\">A hora noturna \u00e9 computada como 52 (cinquenta e dois) minutos e 30 (trinta) segundos e ter\u00e1 seu valor- hora acrescido de 25% (vinte e cinco por cento).<\/li>\n<li class=\"rtejustify\">N\u00e3o \u00e9 devido adicional noturno aos ocupantes de cargo de dire\u00e7\u00e3o ou fun\u00e7\u00e3o gratificada, cargo em comiss\u00e3o e ocupante de cargo efetivo em dedica\u00e7\u00e3o exclusiva.<\/li>\n<li class=\"rtejustify\">\u00c9 necess\u00e1rio que a chefia imediata certifique que o servidor efetivamente desempenhou as atividades do cargo no per\u00edodo compreendido entre 22h e 5h, em campo destinado a este fim no formul\u00e1rio SEI.<\/li>\n<li class=\"rtejustify\">Em sendo a hora noturna trabalhada tamb\u00e9m extraordin\u00e1ria, o percentual de 25% (vinte e cinco por cento) incidir\u00e1 sobre o valor da hora diurna acrescida de 50% (cinquenta por cento).<\/li>\n<\/ol>\n<p><span style=\"color: #ff9900\"><strong>Onde solicitar?<\/strong><\/span><\/p>\n<p>SEI (Sistema Eletr\u00f4nico de Informa\u00e7\u00f5es) &#8211; Formul\u00e1rio &#8220;PROGEP Requerimento Adic. Noturno&#8221;<\/p>\n<p><span style=\"color: #ff9900\"><strong>Base Legal<\/strong><\/span><\/p>\n<p>1. Lei n\u00ba. 8.112\/1990<br \/>\n2. Nota Informativa n\u00ba 06\/2010\/COGES\/DENOP\/SRH\/MP<br \/>\n3. Nota T\u00e9cnica n\u00ba 640\/2010\/COGES\/DENOP\/SRH\/MP<br \/>\n4. NOTA INFORMATIVA N\u00ba 8930\/2018\/CGMPF\/DEREB\/SGP\/MP<\/p>\n<p><span style=\"color: #ff9900\"><strong>Contatos<\/strong><\/span><\/p>\n<p>N\u00facleo Financeiro (CAP\/PROGEP)<br \/>\nTelefone: (53) 3284-3977<br \/>\nE-Mail: nuf.progep@ufpel.edu.br<\/p>\n<p><span style=\"color: #ff9900\"><strong>\u00daltima Atualiza\u00e7\u00e3o<\/strong><\/span><\/p>\n<p>28\/06\/2024<\/p>\n<p>&nbsp;<\/p>\n","protected":false},"excerpt":{"rendered":"<p>O que \u00e9? Adicional devido aos servidores pela presta\u00e7\u00e3o de servi\u00e7o no hor\u00e1rio compreendido entre 22 (vinte e duas) horas de um dia e 5 (cinco) horas do dia seguinte, no percentual de 25% (vinte e cinco por cento) sobre o valor da hora diurna. Quem tem direito? Servidores t\u00e9cnico-administrativos e docentes. Informa\u00e7\u00f5es Gerais O [&hellip;]<\/p>\n","protected":false},"author":52,"featured_media":0,"parent":0,"menu_order":0,"comment_status":"closed","ping_status":"closed","template":"","meta":{"footnotes":""},"class_list":["post-26052","page","type-page","status-publish","hentry"],"yoast_head":"<!-- This site is optimized with the Yoast SEO plugin v28.1 - https:\/\/yoast.com\/product\/yoast-seo-wordpress\/ -->\n<title>Adicional Noturno - Pr\u00f3-Reitoria de Gest\u00e3o com Pessoas - PROGEP<\/title>\n<meta name=\"robots\" content=\"index, follow, max-snippet:-1, max-image-preview:large, max-video-preview:-1\" \/>\n<link rel=\"canonical\" href=\"https:\/\/wp.ufpel.edu.br\/progep\/adicional-noturno\/\" \/>\n<meta property=\"og:locale\" content=\"pt_BR\" \/>\n<meta property=\"og:type\" content=\"article\" \/>\n<meta property=\"og:title\" content=\"Adicional Noturno - Pr\u00f3-Reitoria de Gest\u00e3o com Pessoas - PROGEP\" \/>\n<meta property=\"og:description\" content=\"O que \u00e9? Adicional devido aos servidores pela presta\u00e7\u00e3o de servi\u00e7o no hor\u00e1rio compreendido entre 22 (vinte e duas) horas de um dia e 5 (cinco) horas do dia seguinte, no percentual de 25% (vinte e cinco por cento) sobre o valor da hora diurna. Quem tem direito? Servidores t\u00e9cnico-administrativos e docentes. Informa\u00e7\u00f5es Gerais O [&hellip;]\" \/>\n<meta property=\"og:url\" content=\"https:\/\/wp.ufpel.edu.br\/progep\/adicional-noturno\/\" \/>\n<meta property=\"og:site_name\" content=\"Pr\u00f3-Reitoria de Gest\u00e3o com Pessoas - PROGEP\" \/>\n<meta name=\"twitter:card\" content=\"summary_large_image\" \/>\n<meta name=\"twitter:label1\" content=\"Est. tempo de leitura\" \/>\n\t<meta name=\"twitter:data1\" content=\"2 minutos\" \/>\n<script type=\"application\/ld+json\" class=\"yoast-schema-graph\">{\"@context\":\"https:\\\/\\\/schema.org\",\"@graph\":[{\"@type\":\"WebPage\",\"@id\":\"https:\\\/\\\/wp.ufpel.edu.br\\\/progep\\\/adicional-noturno\\\/\",\"url\":\"https:\\\/\\\/wp.ufpel.edu.br\\\/progep\\\/adicional-noturno\\\/\",\"name\":\"Adicional Noturno - Pr\u00f3-Reitoria de Gest\u00e3o com Pessoas - PROGEP\",\"isPartOf\":{\"@id\":\"https:\\\/\\\/wp.ufpel.edu.br\\\/progep\\\/#website\"},\"datePublished\":\"2024-06-28T13:39:24+00:00\",\"breadcrumb\":{\"@id\":\"https:\\\/\\\/wp.ufpel.edu.br\\\/progep\\\/adicional-noturno\\\/#breadcrumb\"},\"inLanguage\":\"pt-BR\",\"potentialAction\":[{\"@type\":\"ReadAction\",\"target\":[\"https:\\\/\\\/wp.ufpel.edu.br\\\/progep\\\/adicional-noturno\\\/\"]}]},{\"@type\":\"BreadcrumbList\",\"@id\":\"https:\\\/\\\/wp.ufpel.edu.br\\\/progep\\\/adicional-noturno\\\/#breadcrumb\",\"itemListElement\":[{\"@type\":\"ListItem\",\"position\":1,\"name\":\"In\u00edcio\",\"item\":\"https:\\\/\\\/wp.ufpel.edu.br\\\/progep\\\/\"},{\"@type\":\"ListItem\",\"position\":2,\"name\":\"Adicional Noturno\"}]},{\"@type\":\"WebSite\",\"@id\":\"https:\\\/\\\/wp.ufpel.edu.br\\\/progep\\\/#website\",\"url\":\"https:\\\/\\\/wp.ufpel.edu.br\\\/progep\\\/\",\"name\":\"Pr\u00f3-Reitoria de Gest\u00e3o com Pessoas - PROGEP\",\"description\":\"Pr\u00f3-Reitoria de Gest\u00e3o com Pessoas\",\"publisher\":{\"@id\":\"https:\\\/\\\/wp.ufpel.edu.br\\\/progep\\\/#organization\"},\"potentialAction\":[{\"@type\":\"SearchAction\",\"target\":{\"@type\":\"EntryPoint\",\"urlTemplate\":\"https:\\\/\\\/wp.ufpel.edu.br\\\/progep\\\/?s={search_term_string}\"},\"query-input\":{\"@type\":\"PropertyValueSpecification\",\"valueRequired\":true,\"valueName\":\"search_term_string\"}}],\"inLanguage\":\"pt-BR\"},{\"@type\":\"Organization\",\"@id\":\"https:\\\/\\\/wp.ufpel.edu.br\\\/progep\\\/#organization\",\"name\":\"Pr\u00f3-Reitoria de Gest\u00e3o com Pessoas - PROGEP\",\"url\":\"https:\\\/\\\/wp.ufpel.edu.br\\\/progep\\\/\",\"logo\":{\"@type\":\"ImageObject\",\"inLanguage\":\"pt-BR\",\"@id\":\"https:\\\/\\\/wp.ufpel.edu.br\\\/progep\\\/#\\\/schema\\\/logo\\\/image\\\/\",\"url\":\"https:\\\/\\\/wp.ufpel.edu.br\\\/progep\\\/files\\\/2025\\\/03\\\/logo-progep_atualizacao-nome_AZUL.png\",\"contentUrl\":\"https:\\\/\\\/wp.ufpel.edu.br\\\/progep\\\/files\\\/2025\\\/03\\\/logo-progep_atualizacao-nome_AZUL.png\",\"width\":1080,\"height\":391,\"caption\":\"Pr\u00f3-Reitoria de Gest\u00e3o com Pessoas - PROGEP\"},\"image\":{\"@id\":\"https:\\\/\\\/wp.ufpel.edu.br\\\/progep\\\/#\\\/schema\\\/logo\\\/image\\\/\"}}]}<\/script>\n<!-- \/ Yoast SEO plugin. -->","yoast_head_json":{"title":"Adicional Noturno - Pr\u00f3-Reitoria de Gest\u00e3o com Pessoas - PROGEP","robots":{"index":"index","follow":"follow","max-snippet":"max-snippet:-1","max-image-preview":"max-image-preview:large","max-video-preview":"max-video-preview:-1"},"canonical":"https:\/\/wp.ufpel.edu.br\/progep\/adicional-noturno\/","og_locale":"pt_BR","og_type":"article","og_title":"Adicional Noturno - Pr\u00f3-Reitoria de Gest\u00e3o com Pessoas - PROGEP","og_description":"O que \u00e9? Adicional devido aos servidores pela presta\u00e7\u00e3o de servi\u00e7o no hor\u00e1rio compreendido entre 22 (vinte e duas) horas de um dia e 5 (cinco) horas do dia seguinte, no percentual de 25% (vinte e cinco por cento) sobre o valor da hora diurna. Quem tem direito? Servidores t\u00e9cnico-administrativos e docentes. Informa\u00e7\u00f5es Gerais O [&hellip;]","og_url":"https:\/\/wp.ufpel.edu.br\/progep\/adicional-noturno\/","og_site_name":"Pr\u00f3-Reitoria de Gest\u00e3o com Pessoas - PROGEP","twitter_card":"summary_large_image","twitter_misc":{"Est. tempo de leitura":"2 minutos"},"schema":{"@context":"https:\/\/schema.org","@graph":[{"@type":"WebPage","@id":"https:\/\/wp.ufpel.edu.br\/progep\/adicional-noturno\/","url":"https:\/\/wp.ufpel.edu.br\/progep\/adicional-noturno\/","name":"Adicional Noturno - Pr\u00f3-Reitoria de Gest\u00e3o com Pessoas - PROGEP","isPartOf":{"@id":"https:\/\/wp.ufpel.edu.br\/progep\/#website"},"datePublished":"2024-06-28T13:39:24+00:00","breadcrumb":{"@id":"https:\/\/wp.ufpel.edu.br\/progep\/adicional-noturno\/#breadcrumb"},"inLanguage":"pt-BR","potentialAction":[{"@type":"ReadAction","target":["https:\/\/wp.ufpel.edu.br\/progep\/adicional-noturno\/"]}]},{"@type":"BreadcrumbList","@id":"https:\/\/wp.ufpel.edu.br\/progep\/adicional-noturno\/#breadcrumb","itemListElement":[{"@type":"ListItem","position":1,"name":"In\u00edcio","item":"https:\/\/wp.ufpel.edu.br\/progep\/"},{"@type":"ListItem","position":2,"name":"Adicional Noturno"}]},{"@type":"WebSite","@id":"https:\/\/wp.ufpel.edu.br\/progep\/#website","url":"https:\/\/wp.ufpel.edu.br\/progep\/","name":"Pr\u00f3-Reitoria de Gest\u00e3o com Pessoas - PROGEP","description":"Pr\u00f3-Reitoria de Gest\u00e3o com Pessoas","publisher":{"@id":"https:\/\/wp.ufpel.edu.br\/progep\/#organization"},"potentialAction":[{"@type":"SearchAction","target":{"@type":"EntryPoint","urlTemplate":"https:\/\/wp.ufpel.edu.br\/progep\/?s={search_term_string}"},"query-input":{"@type":"PropertyValueSpecification","valueRequired":true,"valueName":"search_term_string"}}],"inLanguage":"pt-BR"},{"@type":"Organization","@id":"https:\/\/wp.ufpel.edu.br\/progep\/#organization","name":"Pr\u00f3-Reitoria de Gest\u00e3o com Pessoas - PROGEP","url":"https:\/\/wp.ufpel.edu.br\/progep\/","logo":{"@type":"ImageObject","inLanguage":"pt-BR","@id":"https:\/\/wp.ufpel.edu.br\/progep\/#\/schema\/logo\/image\/","url":"https:\/\/wp.ufpel.edu.br\/progep\/files\/2025\/03\/logo-progep_atualizacao-nome_AZUL.png","contentUrl":"https:\/\/wp.ufpel.edu.br\/progep\/files\/2025\/03\/logo-progep_atualizacao-nome_AZUL.png","width":1080,"height":391,"caption":"Pr\u00f3-Reitoria de Gest\u00e3o com Pessoas - PROGEP"},"image":{"@id":"https:\/\/wp.ufpel.edu.br\/progep\/#\/schema\/logo\/image\/"}}]}},"_links":{"self":[{"href":"https:\/\/wp.ufpel.edu.br\/progep\/wp-json\/wp\/v2\/pages\/26052","targetHints":{"allow":["GET"]}}],"collection":[{"href":"https:\/\/wp.ufpel.edu.br\/progep\/wp-json\/wp\/v2\/pages"}],"about":[{"href":"https:\/\/wp.ufpel.edu.br\/progep\/wp-json\/wp\/v2\/types\/page"}],"author":[{"embeddable":true,"href":"https:\/\/wp.ufpel.edu.br\/progep\/wp-json\/wp\/v2\/users\/52"}],"replies":[{"embeddable":true,"href":"https:\/\/wp.ufpel.edu.br\/progep\/wp-json\/wp\/v2\/comments?post=26052"}],"version-history":[{"count":4,"href":"https:\/\/wp.ufpel.edu.br\/progep\/wp-json\/wp\/v2\/pages\/26052\/revisions"}],"predecessor-version":[{"id":26057,"href":"https:\/\/wp.ufpel.edu.br\/progep\/wp-json\/wp\/v2\/pages\/26052\/revisions\/26057"}],"wp:attachment":[{"href":"https:\/\/wp.ufpel.edu.br\/progep\/wp-json\/wp\/v2\/media?parent=26052"}],"curies":[{"name":"wp","href":"https:\/\/api.w.org\/{rel}","templated":true}]}}

<p><span style="color: #ff9900"><strong>O que é?</strong></span></p>
<p>Adicional devido aos servidores pela prestação de serviço no horário compreendido entre 22 (vinte e duas) horas de um dia e 5 (cinco) horas do dia seguinte, no percentual de 25% (vinte e cinco por cento) sobre o valor da hora diurna.</p>
<p><span style="color: #ff9900"><strong>Quem tem direito?</strong></span></p>
<p>Servidores técnico-administrativos e docentes.</p>
<p class="rtejustify"><span style="color: #ff9900"><strong>Informações Gerais</strong></span></p>
<ol>
<li class="rtejustify">O Adicional Noturno é uma vantagem transitória que somente é devida enquanto o servidor efetivamente estiver exercendo o trabalho noturno, entre 22 (vinte e duas) horas de um dia e 5 (cinco) horas do dia seguinte.</li>
<li class="rtejustify">O referido adicional não se incorpora à remuneração ou provento.</li>
<li class="rtejustify">O serviço prestado fora do horário de funcionamento normal da Instituição necessita de autorização e justificativa específicas da chefia imediata.</li>
<li class="rtejustify">A hora noturna é computada como 52 (cinquenta e dois) minutos e 30 (trinta) segundos e terá seu valor- hora acrescido de 25% (vinte e cinco por cento).</li>
<li class="rtejustify">Não é devido adicional noturno aos ocupantes de cargo de direção ou função gratificada, cargo em comissão e ocupante de cargo efetivo em dedicação exclusiva.</li>
<li class="rtejustify">É necessário que a chefia imediata certifique que o servidor efetivamente desempenhou as atividades do cargo no período compreendido entre 22h e 5h, em campo destinado a este fim no formulário SEI.</li>
<li class="rtejustify">Em sendo a hora noturna trabalhada também extraordinária, o percentual de 25% (vinte e cinco por cento) incidirá sobre o valor da hora diurna acrescida de 50% (cinquenta por cento).</li>
</ol>
<p><span style="color: #ff9900"><strong>Onde solicitar?</strong></span></p>
<p>SEI (Sistema Eletrônico de Informações) &#8211; Formulário &#8220;PROGEP Requerimento Adic. Noturno&#8221;</p>
<p><span style="color: #ff9900"><strong>Base Legal</strong></span></p>
<p>1. Lei nº. 8.112/1990<br />
2. Nota Informativa nº 06/2010/COGES/DENOP/SRH/MP<br />
3. Nota Técnica nº 640/2010/COGES/DENOP/SRH/MP<br />
4. NOTA INFORMATIVA Nº 8930/2018/CGMPF/DEREB/SGP/MP</p>
<p><span style="color: #ff9900"><strong>Contatos</strong></span></p>
<p>Núcleo Financeiro (CAP/PROGEP)<br />
Telefone: (53) 3284-3977<br />
E-Mail: nuf.progep@ufpel.edu.br</p>
<p><span style="color: #ff9900"><strong>Última Atualização</strong></span></p>
<p>28/06/2024</p>
<p>&nbsp;</p>

<p>O que é? Adicional devido aos servidores pela prestação de serviço no horário compreendido entre 22 (vinte e duas) horas de um dia e 5 (cinco) horas do dia seguinte, no percentual de 25% (vinte e cinco por cento) sobre o valor da hora diurna. Quem tem direito? Servidores técnico-administrativos e docentes. Informações Gerais O [&hellip;]</p>

<!-- This site is optimized with the Yoast SEO plugin v28.1 - https://yoast.com/product/yoast-seo-wordpress/ -->
<title>Adicional Noturno - Pró-Reitoria de Gestão com Pessoas - PROGEP</title>
<meta name="robots" content="index, follow, max-snippet:-1, max-image-preview:large, max-video-preview:-1" />
<link rel="canonical" href="https://wp.ufpel.edu.br/progep/adicional-noturno/" />
<meta property="og:locale" content="pt_BR" />
<meta property="og:type" content="article" />
<meta property="og:title" content="Adicional Noturno - Pró-Reitoria de Gestão com Pessoas - PROGEP" />
<meta property="og:description" content="O que é? Adicional devido aos servidores pela prestação de serviço no horário compreendido entre 22 (vinte e duas) horas de um dia e 5 (cinco) horas do dia seguinte, no percentual de 25% (vinte e cinco por cento) sobre o valor da hora diurna. Quem tem direito? Servidores técnico-administrativos e docentes. Informações Gerais O [&hellip;]" />
<meta property="og:url" content="https://wp.ufpel.edu.br/progep/adicional-noturno/" />
<meta property="og:site_name" content="Pró-Reitoria de Gestão com Pessoas - PROGEP" />
<meta name="twitter:card" content="summary_large_image" />
<meta name="twitter:label1" content="Est. tempo de leitura" />
	<meta name="twitter:data1" content="2 minutos" />
<script type="application/ld+json" class="yoast-schema-graph">{"@context":"https:\/\/schema.org","@graph":[{"@type":"WebPage","@id":"https:\/\/wp.ufpel.edu.br\/progep\/adicional-noturno\/","url":"https:\/\/wp.ufpel.edu.br\/progep\/adicional-noturno\/","name":"Adicional Noturno - Pró-Reitoria de Gestão com Pessoas - PROGEP","isPartOf":{"@id":"https:\/\/wp.ufpel.edu.br\/progep\/#website"},"datePublished":"2024-06-28T13:39:24+00:00","breadcrumb":{"@id":"https:\/\/wp.ufpel.edu.br\/progep\/adicional-noturno\/#breadcrumb"},"inLanguage":"pt-BR","potentialAction":[{"@type":"ReadAction","target":["https:\/\/wp.ufpel.edu.br\/progep\/adicional-noturno\/"]}]},{"@type":"BreadcrumbList","@id":"https:\/\/wp.ufpel.edu.br\/progep\/adicional-noturno\/#breadcrumb","itemListElement":[{"@type":"ListItem","position":1,"name":"Início","item":"https:\/\/wp.ufpel.edu.br\/progep\/"},{"@type":"ListItem","position":2,"name":"Adicional Noturno"}]},{"@type":"WebSite","@id":"https:\/\/wp.ufpel.edu.br\/progep\/#website","url":"https:\/\/wp.ufpel.edu.br\/progep\/","name":"Pró-Reitoria de Gestão com Pessoas - PROGEP","description":"Pró-Reitoria de Gestão com Pessoas","publisher":{"@id":"https:\/\/wp.ufpel.edu.br\/progep\/#organization"},"potentialAction":[{"@type":"SearchAction","target":{"@type":"EntryPoint","urlTemplate":"https:\/\/wp.ufpel.edu.br\/progep\/?s={search_term_string}"},"query-input":{"@type":"PropertyValueSpecification","valueRequired":true,"valueName":"search_term_string"}}],"inLanguage":"pt-BR"},{"@type":"Organization","@id":"https:\/\/wp.ufpel.edu.br\/progep\/#organization","name":"Pró-Reitoria de Gestão com Pessoas - PROGEP","url":"https:\/\/wp.ufpel.edu.br\/progep\/","logo":{"@type":"ImageObject","inLanguage":"pt-BR","@id":"https:\/\/wp.ufpel.edu.br\/progep\/#\/schema\/logo\/image\/","url":"https:\/\/wp.ufpel.edu.br\/progep\/files\/2025\/03\/logo-progep_atualizacao-nome_AZUL.png","contentUrl":"https:\/\/wp.ufpel.edu.br\/progep\/files\/2025\/03\/logo-progep_atualizacao-nome_AZUL.png","width":1080,"height":391,"caption":"Pró-Reitoria de Gestão com Pessoas - PROGEP"},"image":{"@id":"https:\/\/wp.ufpel.edu.br\/progep\/#\/schema\/logo\/image\/"}}]}</script>
<!-- / Yoast SEO plugin. -->

Adicional Noturno - Pró-Reitoria de Gestão com Pessoas - PROGEP

O que é? Adicional devido aos servidores pela prestação de serviço no horário compreendido entre 22 (vinte e duas) horas de um dia e 5 (cinco) horas do dia seguinte, no percentual de 25% (vinte e cinco por cento) sobre o valor da hora diurna. Quem tem direito? Servidores técnico-administrativos e docentes. Informações Gerais O [&hellip;]

Pró-Reitoria de Gestão com Pessoas - PROGEP

Início

Pró-Reitoria de Gestão com Pessoas
