{"id":26039,"date":"2024-06-27T16:33:13","date_gmt":"2024-06-27T19:33:13","guid":{"rendered":"https:\/\/wp.ufpel.edu.br\/progep\/?page_id=26039"},"modified":"2025-06-30T14:57:10","modified_gmt":"2025-06-30T17:57:10","slug":"roda-de-conversa-guia-com-topicos-e-dicas-sobre-a-deficiencia-visual","status":"publish","type":"page","link":"https:\/\/wp.ufpel.edu.br\/progep\/roda-de-conversa-guia-com-topicos-e-dicas-sobre-a-deficiencia-visual\/","title":{"rendered":"Capacita\u00e7\u00e3o: Roda de Conversa: Guia com T\u00f3picos e Dicas sobre a Defici\u00eancia Visual"},"content":{"rendered":"<p><strong>Facilitadoras:<br \/>\n<\/strong>Renata Cristina Rocha da Silva (Chefe do N\u00facleo de Acessibilidade e Inclus\u00e3o e docente do curso de Terapia Ocupacional)<br \/>\nLet\u00edcia de Oliveira Roxo Schmitt (Psicopedagoga do N\u00facleo de Acessibilidade e Inclus\u00e3o)<\/p>\n<p><strong>Data:<\/strong> 16\/07\/2024 (ter\u00e7a-feira)<\/p>\n<p><strong>Hor\u00e1rio: <\/strong>das 15h \u00e0s 16h30min<\/p>\n<p><strong>Modalidade: Presencial<\/strong><\/p>\n<p><strong>Local: <\/strong>Campus Anglo &#8211; Audit\u00f3rio Acad\u00eamico 4\u00ba andar<\/p>\n<p><strong>Ementa:<br \/>\n<\/strong><\/p>\n<ul>\n<li>Conceituando a Defici\u00eancia Visual;<\/li>\n<li>Cegueira e Baixa Vis\u00e3o;<\/li>\n<li>Estrat\u00e9gias e Recursos Assistivos,<\/li>\n<li>Manejo e Sensibiliza\u00e7\u00e3o.<strong><br \/>\n<\/strong><\/li>\n<\/ul>\n<p><strong>P\u00fablico Alvo<\/strong>: Servidores(as) docentes, TAE\u2019s e trabalhadores(as) terceirizados(as) ativos(as) da UFPel*<\/p>\n<p><strong>Per\u00edodo de inscri\u00e7\u00e3o<\/strong>: 27\/06 a 11\/07\/2024<\/p>\n<p><strong>Divulga\u00e7\u00e3o das inscri\u00e7\u00f5es homologadas<\/strong>: 12\/07**, nesta p\u00e1gina.<\/p>\n<p><span style=\"background-color: #ffffff\">*Vagas destinadas \u00e0 servidores pertencentes ao Quadro Efetivo da UFPel, preferencialmente. Considerando a Pol\u00edtica Nacional de Desenvolvimento de Pessoas, conforme Decreto n\u00ba 9.991\/19, somente ser\u00e3o certificados os servidores p\u00fablicos pertencentes ao Quadro Efetivo da UFPel;<\/span><br \/>\n<span style=\"background-color: #ffffff\">** Quando homologadas as inscri\u00e7\u00f5es, os selecionados receber\u00e3o e-mail de confirma\u00e7\u00e3o com instru\u00e7\u00f5es.<\/span><\/p>\n<p>Observa\u00e7\u00e3o: A homologa\u00e7\u00e3o das inscri\u00e7\u00f5es dos(as) trabalhadores(as) terceirizados ficar\u00e1 condicionada \u00e0 an\u00e1lise pr\u00e9via e manifesta\u00e7\u00e3o por parte do NUGEST\/PRA.<\/p>\n<p><strong><span style=\"color: #ff6600\"><a style=\"color: #ff6600\" href=\"https:\/\/wp.ufpel.edu.br\/progep\/files\/2024\/07\/Homologacao-Roda-de-Conversa_-Guia-com-Topicos-e-Dicas-sobre-a-Deficiencia-Visual-1.pdf\">INSCRI\u00c7\u00d5ES HOMOLOGADAS<\/a><\/span><\/strong><\/p>\n","protected":false},"excerpt":{"rendered":"<p>Facilitadoras: Renata Cristina Rocha da Silva (Chefe do N\u00facleo de Acessibilidade e Inclus\u00e3o e docente do curso de Terapia Ocupacional) Let\u00edcia de Oliveira Roxo Schmitt (Psicopedagoga do N\u00facleo de Acessibilidade e Inclus\u00e3o) Data: 16\/07\/2024 (ter\u00e7a-feira) Hor\u00e1rio: das 15h \u00e0s 16h30min Modalidade: Presencial Local: Campus Anglo &#8211; Audit\u00f3rio Acad\u00eamico 4\u00ba andar Ementa: Conceituando a Defici\u00eancia Visual; [&hellip;]<\/p>\n","protected":false},"author":21,"featured_media":0,"parent":0,"menu_order":0,"comment_status":"closed","ping_status":"closed","template":"","meta":{"footnotes":""},"class_list":["post-26039","page","type-page","status-publish","hentry"],"_links":{"self":[{"href":"https:\/\/wp.ufpel.edu.br\/progep\/wp-json\/wp\/v2\/pages\/26039","targetHints":{"allow":["GET"]}}],"collection":[{"href":"https:\/\/wp.ufpel.edu.br\/progep\/wp-json\/wp\/v2\/pages"}],"about":[{"href":"https:\/\/wp.ufpel.edu.br\/progep\/wp-json\/wp\/v2\/types\/page"}],"author":[{"embeddable":true,"href":"https:\/\/wp.ufpel.edu.br\/progep\/wp-json\/wp\/v2\/users\/21"}],"replies":[{"embeddable":true,"href":"https:\/\/wp.ufpel.edu.br\/progep\/wp-json\/wp\/v2\/comments?post=26039"}],"version-history":[{"count":5,"href":"https:\/\/wp.ufpel.edu.br\/progep\/wp-json\/wp\/v2\/pages\/26039\/revisions"}],"predecessor-version":[{"id":34154,"href":"https:\/\/wp.ufpel.edu.br\/progep\/wp-json\/wp\/v2\/pages\/26039\/revisions\/34154"}],"wp:attachment":[{"href":"https:\/\/wp.ufpel.edu.br\/progep\/wp-json\/wp\/v2\/media?parent=26039"}],"curies":[{"name":"wp","href":"https:\/\/api.w.org\/{rel}","templated":true}]}}