{"id":25802,"date":"2024-07-05T21:36:20","date_gmt":"2024-07-06T00:36:20","guid":{"rendered":"https:\/\/wp.ufpel.edu.br\/progep\/?page_id=25802"},"modified":"2025-05-16T11:05:27","modified_gmt":"2025-05-16T14:05:27","slug":"consciencia-da-resiliencia-um-desafio-demasiadamente-humano","status":"publish","type":"page","link":"https:\/\/wp.ufpel.edu.br\/progep\/consciencia-da-resiliencia-um-desafio-demasiadamente-humano\/","title":{"rendered":"Capacita\u00e7\u00e3o: ConsCI\u00caNCIA da resili\u00eancia: um desafio demasiadamente humano"},"content":{"rendered":"<p><strong>Facilitadora: <\/strong>Lisandra Berni Osorio (Psic\u00f3loga da Pr\u00f3-Reitoria de Assuntos Estudantis\/ UFPel)<\/p>\n<p><strong>Data:<\/strong> 19\/08\/2024 (Segunda-feira)<\/p>\n<p><strong>Hor\u00e1rio: <\/strong>das 14h \u00e0s 16h<\/p>\n<p><strong>Modalidade:\u00a0<\/strong>Online<\/p>\n<p><strong>Local:\u00a0<\/strong>Webconf UFPel<\/p>\n<p><strong>Ementa:<br \/>\n<\/strong>1. Abordar aspectos te\u00f3ricos e pr\u00e1ticos sobre resili\u00eancia humana;<\/p>\n<p>2. Exposi\u00e7\u00e3o oral com \u00a0elementos dos campos da psicologia, da filosofia e da arte;<\/p>\n<p>3. Atividade de experimenta\u00e7\u00e3o no final (para quem quiser), com discuss\u00e3o e trocas entre os participantes.<strong><br \/>\n<\/strong><\/p>\n<p><strong>P\u00fablico Alvo<\/strong>: Servidores(as) docentes, TAE\u2019s e trabalhadores(as) terceirizados(as) ativos(as) da UFPel**<\/p>\n<p><strong>Per\u00edodo de inscri\u00e7\u00e3o<\/strong>: 10\/07 a 15\/08\/2024<\/p>\n<p><strong>Divulga\u00e7\u00e3o das inscri\u00e7\u00f5es homologadas<\/strong>: 16\/08**, nesta p\u00e1gina.<\/p>\n<p style=\"text-align: justify\">*Vagas destinadas \u00e0 servidores pertencentes ao Quadro Efetivo da UFPel, preferencialmente. Considerando a Pol\u00edtica Nacional de Desenvolvimento de Pessoas, conforme Decreto n\u00ba 9.991\/19, somente ser\u00e3o certificados os servidores p\u00fablicos pertencentes ao Quadro Efetivo da UFPel;<br \/>\n** Quando homologadas as inscri\u00e7\u00f5es, os selecionados receber\u00e3o e-mail de confirma\u00e7\u00e3o com instru\u00e7\u00f5es.<\/p>\n<p style=\"text-align: justify\">Observa\u00e7\u00e3o: A homologa\u00e7\u00e3o das inscri\u00e7\u00f5es dos(as) trabalhadores(as) terceirizados ficar\u00e1 condicionada \u00e0 an\u00e1lise pr\u00e9via e manifesta\u00e7\u00e3o por parte do NUGEST\/PRA.<\/p>\n<p><strong><span style=\"color: #ff6600\"><a style=\"color: #ff6600\" href=\"https:\/\/wp.ufpel.edu.br\/progep\/files\/2024\/08\/HOMOLOGACAO-ConsCIENCIA-da-resiliencia-um-desafio-demasiadamente-humanof.pdf\">INSCRI\u00c7\u00d5ES HOMOLOGADAS<\/a><\/span><\/strong><\/p>\n","protected":false},"excerpt":{"rendered":"<p>Facilitadora: Lisandra Berni Osorio (Psic\u00f3loga da Pr\u00f3-Reitoria de Assuntos Estudantis\/ UFPel) Data: 19\/08\/2024 (Segunda-feira) Hor\u00e1rio: das 14h \u00e0s 16h Modalidade:\u00a0Online Local:\u00a0Webconf UFPel Ementa: 1. Abordar aspectos te\u00f3ricos e pr\u00e1ticos sobre resili\u00eancia humana; 2. Exposi\u00e7\u00e3o oral com \u00a0elementos dos campos da psicologia, da filosofia e da arte; 3. Atividade de experimenta\u00e7\u00e3o no final (para quem quiser), [&hellip;]<\/p>\n","protected":false},"author":21,"featured_media":0,"parent":0,"menu_order":0,"comment_status":"closed","ping_status":"closed","template":"","meta":{"footnotes":""},"class_list":["post-25802","page","type-page","status-publish","hentry"],"_links":{"self":[{"href":"https:\/\/wp.ufpel.edu.br\/progep\/wp-json\/wp\/v2\/pages\/25802","targetHints":{"allow":["GET"]}}],"collection":[{"href":"https:\/\/wp.ufpel.edu.br\/progep\/wp-json\/wp\/v2\/pages"}],"about":[{"href":"https:\/\/wp.ufpel.edu.br\/progep\/wp-json\/wp\/v2\/types\/page"}],"author":[{"embeddable":true,"href":"https:\/\/wp.ufpel.edu.br\/progep\/wp-json\/wp\/v2\/users\/21"}],"replies":[{"embeddable":true,"href":"https:\/\/wp.ufpel.edu.br\/progep\/wp-json\/wp\/v2\/comments?post=25802"}],"version-history":[{"count":11,"href":"https:\/\/wp.ufpel.edu.br\/progep\/wp-json\/wp\/v2\/pages\/25802\/revisions"}],"predecessor-version":[{"id":32618,"href":"https:\/\/wp.ufpel.edu.br\/progep\/wp-json\/wp\/v2\/pages\/25802\/revisions\/32618"}],"wp:attachment":[{"href":"https:\/\/wp.ufpel.edu.br\/progep\/wp-json\/wp\/v2\/media?parent=25802"}],"curies":[{"name":"wp","href":"https:\/\/api.w.org\/{rel}","templated":true}]}}