{"id":25585,"date":"2024-03-01T14:27:30","date_gmt":"2024-03-01T17:27:30","guid":{"rendered":"https:\/\/wp.ufpel.edu.br\/progep\/?page_id=25585"},"modified":"2025-06-30T14:55:49","modified_gmt":"2025-06-30T17:55:49","slug":"25585-2","status":"publish","type":"page","link":"https:\/\/wp.ufpel.edu.br\/progep\/25585-2\/","title":{"rendered":"Capacita\u00e7\u00e3o: Projeto Pr\u00e1ticas Integrativas e Complementares: Dan\u00e7a Circular"},"content":{"rendered":"<p>A Coordena\u00e7\u00e3o de Desenvolvimento de Pessoal, em parceria com a Coordena\u00e7\u00e3o de Sa\u00fade e Qualidade de Vida, est\u00e1 promovendo a atividade de Dan\u00e7a Circular. Esta pr\u00e1tica est\u00e1 inserida no \u00e2mbito do Projeto de Pr\u00e1ticas Integrativas e Complementares (PICS) da Faculdade de Enfermagem da Universidade Federal de Pelotas (UFPel), no contexto da Rede de Aten\u00e7\u00e3o em Sa\u00fade.<\/p>\n<p><strong>Facilitadora: <\/strong>Juliana Graciela Vestena Zillmer (Professora da Faculdade de Enfermagem\/ UFPel)<\/p>\n<p><strong>Data de realiza\u00e7\u00e3o:<\/strong> 08\/03\/2024 (sexta-feira)<\/p>\n<p><strong><span style=\"font-family: var(--fonte-corpo)\">Hor\u00e1rio<\/span><span style=\"font-family: var(--fonte-corpo);color: #0000ff\">:<\/span><\/strong><span style=\"color: var(--cor-texto);font-family: var(--fonte-corpo)\"> 10h<\/span><\/p>\n<p><strong>Carga Hor\u00e1ria:<\/strong> 1 hora<\/p>\n<p><strong>Local:<\/strong> Campus Anglo, sala 232<\/p>\n<p><strong>Ementa: <\/strong>Dan\u00e7a circular:\u00a0Pr\u00e1tica integrativa e complementar que pode trazer benef\u00edcios na sa\u00fade f\u00edsica e mental dos praticantes.<\/p>\n<p><strong>N\u00famero de vagas:<\/strong> <span style=\"color: #0000ff\"><span style=\"color: #000000\">10 vagas<\/span><\/span><\/p>\n<p><strong>P\u00fablico Alvo<\/strong>: Servidores(as) docentes, TAE\u2019s e trabalhadores(as) terceirizados(as) ativos(as) da UFPel**<\/p>\n<p><strong>Per\u00edodo de inscri\u00e7\u00e3o<\/strong>: 01\/03 a 06\/03\/2023<\/p>\n<p><strong>Divulga\u00e7\u00e3o das inscri\u00e7\u00f5es homologadas<\/strong>: 07\/03**, nesta p\u00e1gina.<\/p>\n<p><span style=\"background-color: #ffffff\">*Vagas destinadas \u00e0 servidores pertencentes ao Quadro Efetivo da UFPel, preferencialmente. Considerando a Pol\u00edtica Nacional de Desenvolvimento de Pessoas, conforme Decreto n\u00ba 9.991\/19, somente ser\u00e3o certificados(as) os(as) servidores(as) p\u00fablicos(as) pertencentes ao Quadro Efetivo da UFPel;<\/span><br \/>\n<span style=\"background-color: #ffffff\">** Quando homologadas as inscri\u00e7\u00f5es, os(as) selecionados(as) receber\u00e3o e-mail de confirma\u00e7\u00e3o.<\/span><\/p>\n<p><span style=\"text-decoration: underline\">Observa\u00e7\u00e3o<\/span>: A homologa\u00e7\u00e3o das inscri\u00e7\u00f5es dos(as) trabalhadores(as) terceirizados (as) ficar\u00e1 condicionada \u00e0 an\u00e1lise pr\u00e9via e manifesta\u00e7\u00e3o por parte do NUGEST\/PRA.<\/p>\n<p><strong><span style=\"color: #ff6600\"><a style=\"color: #ff6600\" href=\"https:\/\/wp.ufpel.edu.br\/progep\/files\/2024\/03\/Homologados-Danca-Circular.pdf\">INSCRI\u00c7\u00d5ES HOMOLOGADAS<\/a><\/span><\/strong><\/p>\n<p>&nbsp;<\/p>\n","protected":false},"excerpt":{"rendered":"<p>A Coordena\u00e7\u00e3o de Desenvolvimento de Pessoal, em parceria com a Coordena\u00e7\u00e3o de Sa\u00fade e Qualidade de Vida, est\u00e1 promovendo a atividade de Dan\u00e7a Circular. Esta pr\u00e1tica est\u00e1 inserida no \u00e2mbito do Projeto de Pr\u00e1ticas Integrativas e Complementares (PICS) da Faculdade de Enfermagem da Universidade Federal de Pelotas (UFPel), no contexto da Rede de Aten\u00e7\u00e3o em [&hellip;]<\/p>\n","protected":false},"author":21,"featured_media":0,"parent":0,"menu_order":0,"comment_status":"closed","ping_status":"closed","template":"","meta":{"footnotes":""},"class_list":["post-25585","page","type-page","status-publish","hentry"],"_links":{"self":[{"href":"https:\/\/wp.ufpel.edu.br\/progep\/wp-json\/wp\/v2\/pages\/25585","targetHints":{"allow":["GET"]}}],"collection":[{"href":"https:\/\/wp.ufpel.edu.br\/progep\/wp-json\/wp\/v2\/pages"}],"about":[{"href":"https:\/\/wp.ufpel.edu.br\/progep\/wp-json\/wp\/v2\/types\/page"}],"author":[{"embeddable":true,"href":"https:\/\/wp.ufpel.edu.br\/progep\/wp-json\/wp\/v2\/users\/21"}],"replies":[{"embeddable":true,"href":"https:\/\/wp.ufpel.edu.br\/progep\/wp-json\/wp\/v2\/comments?post=25585"}],"version-history":[{"count":16,"href":"https:\/\/wp.ufpel.edu.br\/progep\/wp-json\/wp\/v2\/pages\/25585\/revisions"}],"predecessor-version":[{"id":34145,"href":"https:\/\/wp.ufpel.edu.br\/progep\/wp-json\/wp\/v2\/pages\/25585\/revisions\/34145"}],"wp:attachment":[{"href":"https:\/\/wp.ufpel.edu.br\/progep\/wp-json\/wp\/v2\/media?parent=25585"}],"curies":[{"name":"wp","href":"https:\/\/api.w.org\/{rel}","templated":true}]}}