{"id":25569,"date":"2024-02-22T12:00:13","date_gmt":"2024-02-22T15:00:13","guid":{"rendered":"https:\/\/wp.ufpel.edu.br\/progep\/?page_id=25569"},"modified":"2024-02-28T22:03:13","modified_gmt":"2024-02-29T01:03:13","slug":"chamada-publica-01-2024","status":"publish","type":"page","link":"https:\/\/wp.ufpel.edu.br\/progep\/2024-2\/chamada-publica-01-2024\/","title":{"rendered":"CHAMADA P\u00daBLICA 01\/2024"},"content":{"rendered":"<p><a href=\"https:\/\/wp.ufpel.edu.br\/progep\/files\/2024\/02\/SEI_UFPel-2528159-Edital-PROGEP.pdf\">Chamada P\u00fablica de Remo\u00e7\u00e3o 01\/2024<\/a><\/p>\n<p>&nbsp;<\/p>\n<p><a href=\"https:\/\/wp.ufpel.edu.br\/progep\/files\/2024\/02\/SEI_UFPel-2533672-Edital-PROGEP.pdf\">Resultado Final<\/a><\/p>\n","protected":false},"excerpt":{"rendered":"<p>Chamada P\u00fablica de Remo\u00e7\u00e3o 01\/2024 &nbsp; Resultado Final<\/p>\n","protected":false},"author":52,"featured_media":0,"parent":25562,"menu_order":0,"comment_status":"closed","ping_status":"closed","template":"","meta":{"footnotes":""},"class_list":["post-25569","page","type-page","status-publish","hentry"],"_links":{"self":[{"href":"https:\/\/wp.ufpel.edu.br\/progep\/wp-json\/wp\/v2\/pages\/25569","targetHints":{"allow":["GET"]}}],"collection":[{"href":"https:\/\/wp.ufpel.edu.br\/progep\/wp-json\/wp\/v2\/pages"}],"about":[{"href":"https:\/\/wp.ufpel.edu.br\/progep\/wp-json\/wp\/v2\/types\/page"}],"author":[{"embeddable":true,"href":"https:\/\/wp.ufpel.edu.br\/progep\/wp-json\/wp\/v2\/users\/52"}],"replies":[{"embeddable":true,"href":"https:\/\/wp.ufpel.edu.br\/progep\/wp-json\/wp\/v2\/comments?post=25569"}],"version-history":[{"count":3,"href":"https:\/\/wp.ufpel.edu.br\/progep\/wp-json\/wp\/v2\/pages\/25569\/revisions"}],"predecessor-version":[{"id":25583,"href":"https:\/\/wp.ufpel.edu.br\/progep\/wp-json\/wp\/v2\/pages\/25569\/revisions\/25583"}],"up":[{"embeddable":true,"href":"https:\/\/wp.ufpel.edu.br\/progep\/wp-json\/wp\/v2\/pages\/25562"}],"wp:attachment":[{"href":"https:\/\/wp.ufpel.edu.br\/progep\/wp-json\/wp\/v2\/media?parent=25569"}],"curies":[{"name":"wp","href":"https:\/\/api.w.org\/{rel}","templated":true}]}}