{"id":25253,"date":"2023-11-27T17:36:41","date_gmt":"2023-11-27T20:36:41","guid":{"rendered":"https:\/\/wp.ufpel.edu.br\/progep\/?page_id=25253"},"modified":"2025-05-16T09:36:36","modified_gmt":"2025-05-16T12:36:36","slug":"aromaterapia-no-tratamento-dos-transtornos-de-ansiedade","status":"publish","type":"page","link":"https:\/\/wp.ufpel.edu.br\/progep\/aromaterapia-no-tratamento-dos-transtornos-de-ansiedade\/","title":{"rendered":"Capacita\u00e7\u00e3o: Aromaterapia no tratamento dos transtornos de ansiedade"},"content":{"rendered":"<p><strong>Facilitadora: <\/strong>Renata Cunha da Silva (Enfermeira &#8211; Ambulat\u00f3rio Central da Faculdade de Medicina\/ UFPel)<\/p>\n<p><strong>Data:<\/strong> 13\/12\/23 (Quarta-feira)<\/p>\n<p><strong>Hor\u00e1rio: <\/strong>das 14h \u00e0s 17h<\/p>\n<p><strong>Local de realiza\u00e7\u00e3o:<\/strong> Sala 440, 4\u00ba andar do Campus Anglo<\/p>\n<p><strong>Ementa:<br \/>\n<\/strong>1. Breve Hist\u00f3rico;<br \/>\n2. Subst\u00e2ncias Arom\u00e1ticas (\u00d3leos essenciais, \u00d3leos vegetais, Ess\u00eancias, Hidrolatos);<br \/>\n3. Formas de uso dos \u00f3leos essenciais;<br \/>\n4. \u00d3leos essenciais que atuam nos transtornos de ansiedade (Lavanda, Laranja doce, Vetiver, Bergamota, Camomila Romana).<\/p>\n<p><strong>P\u00fablico Alvo<\/strong>: Servidores docentes e TAE\u2019s ativos*<\/p>\n<p><strong>Per\u00edodo de inscri\u00e7\u00e3o<\/strong>: 27\/11 a 10\/12\/2023<\/p>\n<p><strong>Divulga\u00e7\u00e3o das inscri\u00e7\u00f5es homologadas<\/strong>: 11\/12**, nesta p\u00e1gina.<\/p>\n<p><span style=\"background-color: #ffffff\">*Vagas destinadas \u00e0 servidores pertencentes ao Quadro Efetivo da UFPel, preferencialmente. Considerando a Pol\u00edtica Nacional de Desenvolvimento de Pessoas, conforme Decreto n\u00ba 9.991\/19, somente ser\u00e3o certificados os servidores p\u00fablicos pertencentes ao Quadro Efetivo da UFPel;<\/span><br \/>\n<span style=\"background-color: #ffffff\">** Quando homologadas as inscri\u00e7\u00f5es, os selecionados receber\u00e3o e-mail de confirma\u00e7\u00e3o com instru\u00e7\u00f5es.<\/span><\/p>\n<p><span style=\"color: #ff6600\"><strong><a style=\"color: #ff6600\" href=\"https:\/\/wp.ufpel.edu.br\/progep\/files\/2023\/12\/Homologados-Aromaterapia-no-tratamento-dos-transtornos-de-ansiedade-13-12-2023.pdf\" target=\"_blank\" rel=\"noopener\">INSCRI\u00c7\u00d5ES HOMOLOGADAS<\/a><\/strong><\/span><\/p>\n","protected":false},"excerpt":{"rendered":"<p>Facilitadora: Renata Cunha da Silva (Enfermeira &#8211; Ambulat\u00f3rio Central da Faculdade de Medicina\/ UFPel) Data: 13\/12\/23 (Quarta-feira) Hor\u00e1rio: das 14h \u00e0s 17h Local de realiza\u00e7\u00e3o: Sala 440, 4\u00ba andar do Campus Anglo Ementa: 1. Breve Hist\u00f3rico; 2. Subst\u00e2ncias Arom\u00e1ticas (\u00d3leos essenciais, \u00d3leos vegetais, Ess\u00eancias, Hidrolatos); 3. Formas de uso dos \u00f3leos essenciais; 4. \u00d3leos essenciais [&hellip;]<\/p>\n","protected":false},"author":21,"featured_media":0,"parent":0,"menu_order":0,"comment_status":"closed","ping_status":"closed","template":"","meta":{"footnotes":""},"class_list":["post-25253","page","type-page","status-publish","hentry"],"yoast_head":"<!-- This site is optimized with the Yoast SEO plugin v28.1 - https:\/\/yoast.com\/product\/yoast-seo-wordpress\/ -->\n<title>Capacita\u00e7\u00e3o: Aromaterapia no tratamento dos transtornos de ansiedade - Pr\u00f3-Reitoria de Gest\u00e3o com Pessoas - PROGEP<\/title>\n<meta name=\"robots\" content=\"index, follow, max-snippet:-1, max-image-preview:large, max-video-preview:-1\" \/>\n<link rel=\"canonical\" href=\"https:\/\/wp.ufpel.edu.br\/progep\/aromaterapia-no-tratamento-dos-transtornos-de-ansiedade\/\" \/>\n<meta property=\"og:locale\" content=\"pt_BR\" \/>\n<meta property=\"og:type\" content=\"article\" \/>\n<meta property=\"og:title\" content=\"Capacita\u00e7\u00e3o: Aromaterapia no tratamento dos transtornos de ansiedade - Pr\u00f3-Reitoria de Gest\u00e3o com Pessoas - PROGEP\" \/>\n<meta property=\"og:description\" content=\"Facilitadora: Renata Cunha da Silva (Enfermeira &#8211; Ambulat\u00f3rio Central da Faculdade de Medicina\/ UFPel) Data: 13\/12\/23 (Quarta-feira) Hor\u00e1rio: das 14h \u00e0s 17h Local de realiza\u00e7\u00e3o: Sala 440, 4\u00ba andar do Campus Anglo Ementa: 1. Breve Hist\u00f3rico; 2. Subst\u00e2ncias Arom\u00e1ticas (\u00d3leos essenciais, \u00d3leos vegetais, Ess\u00eancias, Hidrolatos); 3. Formas de uso dos \u00f3leos essenciais; 4. \u00d3leos essenciais [&hellip;]\" \/>\n<meta property=\"og:url\" content=\"https:\/\/wp.ufpel.edu.br\/progep\/aromaterapia-no-tratamento-dos-transtornos-de-ansiedade\/\" \/>\n<meta property=\"og:site_name\" content=\"Pr\u00f3-Reitoria de Gest\u00e3o com Pessoas - PROGEP\" \/>\n<meta property=\"article:modified_time\" content=\"2025-05-16T12:36:36+00:00\" \/>\n<meta name=\"twitter:card\" content=\"summary_large_image\" \/>\n<meta name=\"twitter:label1\" content=\"Est. tempo de leitura\" \/>\n\t<meta name=\"twitter:data1\" content=\"1 minuto\" \/>\n<script type=\"application\/ld+json\" class=\"yoast-schema-graph\">{\"@context\":\"https:\\\/\\\/schema.org\",\"@graph\":[{\"@type\":\"WebPage\",\"@id\":\"https:\\\/\\\/wp.ufpel.edu.br\\\/progep\\\/aromaterapia-no-tratamento-dos-transtornos-de-ansiedade\\\/\",\"url\":\"https:\\\/\\\/wp.ufpel.edu.br\\\/progep\\\/aromaterapia-no-tratamento-dos-transtornos-de-ansiedade\\\/\",\"name\":\"Capacita\u00e7\u00e3o: Aromaterapia no tratamento dos transtornos de ansiedade - Pr\u00f3-Reitoria de Gest\u00e3o com Pessoas - PROGEP\",\"isPartOf\":{\"@id\":\"https:\\\/\\\/wp.ufpel.edu.br\\\/progep\\\/#website\"},\"datePublished\":\"2023-11-27T20:36:41+00:00\",\"dateModified\":\"2025-05-16T12:36:36+00:00\",\"breadcrumb\":{\"@id\":\"https:\\\/\\\/wp.ufpel.edu.br\\\/progep\\\/aromaterapia-no-tratamento-dos-transtornos-de-ansiedade\\\/#breadcrumb\"},\"inLanguage\":\"pt-BR\",\"potentialAction\":[{\"@type\":\"ReadAction\",\"target\":[\"https:\\\/\\\/wp.ufpel.edu.br\\\/progep\\\/aromaterapia-no-tratamento-dos-transtornos-de-ansiedade\\\/\"]}]},{\"@type\":\"BreadcrumbList\",\"@id\":\"https:\\\/\\\/wp.ufpel.edu.br\\\/progep\\\/aromaterapia-no-tratamento-dos-transtornos-de-ansiedade\\\/#breadcrumb\",\"itemListElement\":[{\"@type\":\"ListItem\",\"position\":1,\"name\":\"In\u00edcio\",\"item\":\"https:\\\/\\\/wp.ufpel.edu.br\\\/progep\\\/\"},{\"@type\":\"ListItem\",\"position\":2,\"name\":\"Capacita\u00e7\u00e3o: Aromaterapia no tratamento dos transtornos de ansiedade\"}]},{\"@type\":\"WebSite\",\"@id\":\"https:\\\/\\\/wp.ufpel.edu.br\\\/progep\\\/#website\",\"url\":\"https:\\\/\\\/wp.ufpel.edu.br\\\/progep\\\/\",\"name\":\"Pr\u00f3-Reitoria de Gest\u00e3o com Pessoas - PROGEP\",\"description\":\"Pr\u00f3-Reitoria de Gest\u00e3o com Pessoas\",\"publisher\":{\"@id\":\"https:\\\/\\\/wp.ufpel.edu.br\\\/progep\\\/#organization\"},\"potentialAction\":[{\"@type\":\"SearchAction\",\"target\":{\"@type\":\"EntryPoint\",\"urlTemplate\":\"https:\\\/\\\/wp.ufpel.edu.br\\\/progep\\\/?s={search_term_string}\"},\"query-input\":{\"@type\":\"PropertyValueSpecification\",\"valueRequired\":true,\"valueName\":\"search_term_string\"}}],\"inLanguage\":\"pt-BR\"},{\"@type\":\"Organization\",\"@id\":\"https:\\\/\\\/wp.ufpel.edu.br\\\/progep\\\/#organization\",\"name\":\"Pr\u00f3-Reitoria de Gest\u00e3o com Pessoas - PROGEP\",\"url\":\"https:\\\/\\\/wp.ufpel.edu.br\\\/progep\\\/\",\"logo\":{\"@type\":\"ImageObject\",\"inLanguage\":\"pt-BR\",\"@id\":\"https:\\\/\\\/wp.ufpel.edu.br\\\/progep\\\/#\\\/schema\\\/logo\\\/image\\\/\",\"url\":\"https:\\\/\\\/wp.ufpel.edu.br\\\/progep\\\/files\\\/2025\\\/03\\\/logo-progep_atualizacao-nome_AZUL.png\",\"contentUrl\":\"https:\\\/\\\/wp.ufpel.edu.br\\\/progep\\\/files\\\/2025\\\/03\\\/logo-progep_atualizacao-nome_AZUL.png\",\"width\":1080,\"height\":391,\"caption\":\"Pr\u00f3-Reitoria de Gest\u00e3o com Pessoas - PROGEP\"},\"image\":{\"@id\":\"https:\\\/\\\/wp.ufpel.edu.br\\\/progep\\\/#\\\/schema\\\/logo\\\/image\\\/\"}}]}<\/script>\n<!-- \/ Yoast SEO plugin. -->","yoast_head_json":{"title":"Capacita\u00e7\u00e3o: Aromaterapia no tratamento dos transtornos de ansiedade - Pr\u00f3-Reitoria de Gest\u00e3o com Pessoas - PROGEP","robots":{"index":"index","follow":"follow","max-snippet":"max-snippet:-1","max-image-preview":"max-image-preview:large","max-video-preview":"max-video-preview:-1"},"canonical":"https:\/\/wp.ufpel.edu.br\/progep\/aromaterapia-no-tratamento-dos-transtornos-de-ansiedade\/","og_locale":"pt_BR","og_type":"article","og_title":"Capacita\u00e7\u00e3o: Aromaterapia no tratamento dos transtornos de ansiedade - Pr\u00f3-Reitoria de Gest\u00e3o com Pessoas - PROGEP","og_description":"Facilitadora: Renata Cunha da Silva (Enfermeira &#8211; Ambulat\u00f3rio Central da Faculdade de Medicina\/ UFPel) Data: 13\/12\/23 (Quarta-feira) Hor\u00e1rio: das 14h \u00e0s 17h Local de realiza\u00e7\u00e3o: Sala 440, 4\u00ba andar do Campus Anglo Ementa: 1. Breve Hist\u00f3rico; 2. Subst\u00e2ncias Arom\u00e1ticas (\u00d3leos essenciais, \u00d3leos vegetais, Ess\u00eancias, Hidrolatos); 3. Formas de uso dos \u00f3leos essenciais; 4. \u00d3leos essenciais [&hellip;]","og_url":"https:\/\/wp.ufpel.edu.br\/progep\/aromaterapia-no-tratamento-dos-transtornos-de-ansiedade\/","og_site_name":"Pr\u00f3-Reitoria de Gest\u00e3o com Pessoas - PROGEP","article_modified_time":"2025-05-16T12:36:36+00:00","twitter_card":"summary_large_image","twitter_misc":{"Est. tempo de leitura":"1 minuto"},"schema":{"@context":"https:\/\/schema.org","@graph":[{"@type":"WebPage","@id":"https:\/\/wp.ufpel.edu.br\/progep\/aromaterapia-no-tratamento-dos-transtornos-de-ansiedade\/","url":"https:\/\/wp.ufpel.edu.br\/progep\/aromaterapia-no-tratamento-dos-transtornos-de-ansiedade\/","name":"Capacita\u00e7\u00e3o: Aromaterapia no tratamento dos transtornos de ansiedade - Pr\u00f3-Reitoria de Gest\u00e3o com Pessoas - PROGEP","isPartOf":{"@id":"https:\/\/wp.ufpel.edu.br\/progep\/#website"},"datePublished":"2023-11-27T20:36:41+00:00","dateModified":"2025-05-16T12:36:36+00:00","breadcrumb":{"@id":"https:\/\/wp.ufpel.edu.br\/progep\/aromaterapia-no-tratamento-dos-transtornos-de-ansiedade\/#breadcrumb"},"inLanguage":"pt-BR","potentialAction":[{"@type":"ReadAction","target":["https:\/\/wp.ufpel.edu.br\/progep\/aromaterapia-no-tratamento-dos-transtornos-de-ansiedade\/"]}]},{"@type":"BreadcrumbList","@id":"https:\/\/wp.ufpel.edu.br\/progep\/aromaterapia-no-tratamento-dos-transtornos-de-ansiedade\/#breadcrumb","itemListElement":[{"@type":"ListItem","position":1,"name":"In\u00edcio","item":"https:\/\/wp.ufpel.edu.br\/progep\/"},{"@type":"ListItem","position":2,"name":"Capacita\u00e7\u00e3o: Aromaterapia no tratamento dos transtornos de ansiedade"}]},{"@type":"WebSite","@id":"https:\/\/wp.ufpel.edu.br\/progep\/#website","url":"https:\/\/wp.ufpel.edu.br\/progep\/","name":"Pr\u00f3-Reitoria de Gest\u00e3o com Pessoas - PROGEP","description":"Pr\u00f3-Reitoria de Gest\u00e3o com Pessoas","publisher":{"@id":"https:\/\/wp.ufpel.edu.br\/progep\/#organization"},"potentialAction":[{"@type":"SearchAction","target":{"@type":"EntryPoint","urlTemplate":"https:\/\/wp.ufpel.edu.br\/progep\/?s={search_term_string}"},"query-input":{"@type":"PropertyValueSpecification","valueRequired":true,"valueName":"search_term_string"}}],"inLanguage":"pt-BR"},{"@type":"Organization","@id":"https:\/\/wp.ufpel.edu.br\/progep\/#organization","name":"Pr\u00f3-Reitoria de Gest\u00e3o com Pessoas - PROGEP","url":"https:\/\/wp.ufpel.edu.br\/progep\/","logo":{"@type":"ImageObject","inLanguage":"pt-BR","@id":"https:\/\/wp.ufpel.edu.br\/progep\/#\/schema\/logo\/image\/","url":"https:\/\/wp.ufpel.edu.br\/progep\/files\/2025\/03\/logo-progep_atualizacao-nome_AZUL.png","contentUrl":"https:\/\/wp.ufpel.edu.br\/progep\/files\/2025\/03\/logo-progep_atualizacao-nome_AZUL.png","width":1080,"height":391,"caption":"Pr\u00f3-Reitoria de Gest\u00e3o com Pessoas - PROGEP"},"image":{"@id":"https:\/\/wp.ufpel.edu.br\/progep\/#\/schema\/logo\/image\/"}}]}},"_links":{"self":[{"href":"https:\/\/wp.ufpel.edu.br\/progep\/wp-json\/wp\/v2\/pages\/25253","targetHints":{"allow":["GET"]}}],"collection":[{"href":"https:\/\/wp.ufpel.edu.br\/progep\/wp-json\/wp\/v2\/pages"}],"about":[{"href":"https:\/\/wp.ufpel.edu.br\/progep\/wp-json\/wp\/v2\/types\/page"}],"author":[{"embeddable":true,"href":"https:\/\/wp.ufpel.edu.br\/progep\/wp-json\/wp\/v2\/users\/21"}],"replies":[{"embeddable":true,"href":"https:\/\/wp.ufpel.edu.br\/progep\/wp-json\/wp\/v2\/comments?post=25253"}],"version-history":[{"count":8,"href":"https:\/\/wp.ufpel.edu.br\/progep\/wp-json\/wp\/v2\/pages\/25253\/revisions"}],"predecessor-version":[{"id":32557,"href":"https:\/\/wp.ufpel.edu.br\/progep\/wp-json\/wp\/v2\/pages\/25253\/revisions\/32557"}],"wp:attachment":[{"href":"https:\/\/wp.ufpel.edu.br\/progep\/wp-json\/wp\/v2\/media?parent=25253"}],"curies":[{"name":"wp","href":"https:\/\/api.w.org\/{rel}","templated":true}]}}

Capacitação: Aromaterapia no tratamento dos transtornos de ansiedade

<p><strong>Facilitadora: </strong>Renata Cunha da Silva (Enfermeira &#8211; Ambulatório Central da Faculdade de Medicina/ UFPel)</p>
<p><strong>Data:</strong> 13/12/23 (Quarta-feira)</p>
<p><strong>Horário: </strong>das 14h às 17h</p>
<p><strong>Local de realização:</strong> Sala 440, 4º andar do Campus Anglo</p>
<p><strong>Ementa:<br />
</strong>1. Breve Histórico;<br />
2. Substâncias Aromáticas (Óleos essenciais, Óleos vegetais, Essências, Hidrolatos);<br />
3. Formas de uso dos óleos essenciais;<br />
4. Óleos essenciais que atuam nos transtornos de ansiedade (Lavanda, Laranja doce, Vetiver, Bergamota, Camomila Romana).</p>
<p><strong>Público Alvo</strong>: Servidores docentes e TAE’s ativos*</p>
<p><strong>Período de inscrição</strong>: 27/11 a 10/12/2023</p>
<p><strong>Divulgação das inscrições homologadas</strong>: 11/12**, nesta página.</p>
<p><span style="background-color: #ffffff">*Vagas destinadas à servidores pertencentes ao Quadro Efetivo da UFPel, preferencialmente. Considerando a Política Nacional de Desenvolvimento de Pessoas, conforme Decreto nº 9.991/19, somente serão certificados os servidores públicos pertencentes ao Quadro Efetivo da UFPel;</span><br />
<span style="background-color: #ffffff">** Quando homologadas as inscrições, os selecionados receberão e-mail de confirmação com instruções.</span></p>
<p><span style="color: #ff6600"><strong><a style="color: #ff6600" href="https://wp.ufpel.edu.br/progep/files/2023/12/Homologados-Aromaterapia-no-tratamento-dos-transtornos-de-ansiedade-13-12-2023.pdf" target="_blank" rel="noopener">INSCRIÇÕES HOMOLOGADAS</a></strong></span></p>

<p>Facilitadora: Renata Cunha da Silva (Enfermeira &#8211; Ambulatório Central da Faculdade de Medicina/ UFPel) Data: 13/12/23 (Quarta-feira) Horário: das 14h às 17h Local de realização: Sala 440, 4º andar do Campus Anglo Ementa: 1. Breve Histórico; 2. Substâncias Aromáticas (Óleos essenciais, Óleos vegetais, Essências, Hidrolatos); 3. Formas de uso dos óleos essenciais; 4. Óleos essenciais [&hellip;]</p>

<!-- This site is optimized with the Yoast SEO plugin v28.1 - https://yoast.com/product/yoast-seo-wordpress/ -->
<title>Capacitação: Aromaterapia no tratamento dos transtornos de ansiedade - Pró-Reitoria de Gestão com Pessoas - PROGEP</title>
<meta name="robots" content="index, follow, max-snippet:-1, max-image-preview:large, max-video-preview:-1" />
<link rel="canonical" href="https://wp.ufpel.edu.br/progep/aromaterapia-no-tratamento-dos-transtornos-de-ansiedade/" />
<meta property="og:locale" content="pt_BR" />
<meta property="og:type" content="article" />
<meta property="og:title" content="Capacitação: Aromaterapia no tratamento dos transtornos de ansiedade - Pró-Reitoria de Gestão com Pessoas - PROGEP" />
<meta property="og:description" content="Facilitadora: Renata Cunha da Silva (Enfermeira &#8211; Ambulatório Central da Faculdade de Medicina/ UFPel) Data: 13/12/23 (Quarta-feira) Horário: das 14h às 17h Local de realização: Sala 440, 4º andar do Campus Anglo Ementa: 1. Breve Histórico; 2. Substâncias Aromáticas (Óleos essenciais, Óleos vegetais, Essências, Hidrolatos); 3. Formas de uso dos óleos essenciais; 4. Óleos essenciais [&hellip;]" />
<meta property="og:url" content="https://wp.ufpel.edu.br/progep/aromaterapia-no-tratamento-dos-transtornos-de-ansiedade/" />
<meta property="og:site_name" content="Pró-Reitoria de Gestão com Pessoas - PROGEP" />
<meta property="article:modified_time" content="2025-05-16T12:36:36+00:00" />
<meta name="twitter:card" content="summary_large_image" />
<meta name="twitter:label1" content="Est. tempo de leitura" />
	<meta name="twitter:data1" content="1 minuto" />
<script type="application/ld+json" class="yoast-schema-graph">{"@context":"https:\/\/schema.org","@graph":[{"@type":"WebPage","@id":"https:\/\/wp.ufpel.edu.br\/progep\/aromaterapia-no-tratamento-dos-transtornos-de-ansiedade\/","url":"https:\/\/wp.ufpel.edu.br\/progep\/aromaterapia-no-tratamento-dos-transtornos-de-ansiedade\/","name":"Capacitação: Aromaterapia no tratamento dos transtornos de ansiedade - Pró-Reitoria de Gestão com Pessoas - PROGEP","isPartOf":{"@id":"https:\/\/wp.ufpel.edu.br\/progep\/#website"},"datePublished":"2023-11-27T20:36:41+00:00","dateModified":"2025-05-16T12:36:36+00:00","breadcrumb":{"@id":"https:\/\/wp.ufpel.edu.br\/progep\/aromaterapia-no-tratamento-dos-transtornos-de-ansiedade\/#breadcrumb"},"inLanguage":"pt-BR","potentialAction":[{"@type":"ReadAction","target":["https:\/\/wp.ufpel.edu.br\/progep\/aromaterapia-no-tratamento-dos-transtornos-de-ansiedade\/"]}]},{"@type":"BreadcrumbList","@id":"https:\/\/wp.ufpel.edu.br\/progep\/aromaterapia-no-tratamento-dos-transtornos-de-ansiedade\/#breadcrumb","itemListElement":[{"@type":"ListItem","position":1,"name":"Início","item":"https:\/\/wp.ufpel.edu.br\/progep\/"},{"@type":"ListItem","position":2,"name":"Capacitação: Aromaterapia no tratamento dos transtornos de ansiedade"}]},{"@type":"WebSite","@id":"https:\/\/wp.ufpel.edu.br\/progep\/#website","url":"https:\/\/wp.ufpel.edu.br\/progep\/","name":"Pró-Reitoria de Gestão com Pessoas - PROGEP","description":"Pró-Reitoria de Gestão com Pessoas","publisher":{"@id":"https:\/\/wp.ufpel.edu.br\/progep\/#organization"},"potentialAction":[{"@type":"SearchAction","target":{"@type":"EntryPoint","urlTemplate":"https:\/\/wp.ufpel.edu.br\/progep\/?s={search_term_string}"},"query-input":{"@type":"PropertyValueSpecification","valueRequired":true,"valueName":"search_term_string"}}],"inLanguage":"pt-BR"},{"@type":"Organization","@id":"https:\/\/wp.ufpel.edu.br\/progep\/#organization","name":"Pró-Reitoria de Gestão com Pessoas - PROGEP","url":"https:\/\/wp.ufpel.edu.br\/progep\/","logo":{"@type":"ImageObject","inLanguage":"pt-BR","@id":"https:\/\/wp.ufpel.edu.br\/progep\/#\/schema\/logo\/image\/","url":"https:\/\/wp.ufpel.edu.br\/progep\/files\/2025\/03\/logo-progep_atualizacao-nome_AZUL.png","contentUrl":"https:\/\/wp.ufpel.edu.br\/progep\/files\/2025\/03\/logo-progep_atualizacao-nome_AZUL.png","width":1080,"height":391,"caption":"Pró-Reitoria de Gestão com Pessoas - PROGEP"},"image":{"@id":"https:\/\/wp.ufpel.edu.br\/progep\/#\/schema\/logo\/image\/"}}]}</script>
<!-- / Yoast SEO plugin. -->

Capacitação: Aromaterapia no tratamento dos transtornos de ansiedade - Pró-Reitoria de Gestão com Pessoas - PROGEP

Facilitadora: Renata Cunha da Silva (Enfermeira &#8211; Ambulatório Central da Faculdade de Medicina/ UFPel) Data: 13/12/23 (Quarta-feira) Horário: das 14h às 17h Local de realização: Sala 440, 4º andar do Campus Anglo Ementa: 1. Breve Histórico; 2. Substâncias Aromáticas (Óleos essenciais, Óleos vegetais, Essências, Hidrolatos); 3. Formas de uso dos óleos essenciais; 4. Óleos essenciais [&hellip;]

Pró-Reitoria de Gestão com Pessoas - PROGEP

Início

Pró-Reitoria de Gestão com Pessoas
