{"id":25085,"date":"2023-12-01T16:25:36","date_gmt":"2023-12-01T19:25:36","guid":{"rendered":"https:\/\/wp.ufpel.edu.br\/progep\/?page_id=25085"},"modified":"2025-06-30T14:55:15","modified_gmt":"2025-06-30T17:55:15","slug":"roda-de-conversa-pensando-sobre-a-aposentadoria","status":"publish","type":"page","link":"https:\/\/wp.ufpel.edu.br\/progep\/roda-de-conversa-pensando-sobre-a-aposentadoria\/","title":{"rendered":"Capacita\u00e7\u00e3o: Roda de Conversa &#8211; Pensando sobre a aposentadoria"},"content":{"rendered":"<p style=\"text-align: center\"><span style=\"color: #ff6600\"><strong>Aten\u00e7\u00e3o: A capacita\u00e7\u00e3o foi cancelada, ser\u00e1 remarcada para uma nova data, ainda sem defini\u00e7\u00e3o.<\/strong><\/span><\/p>\n<p><strong>Data<\/strong>: 19 de dezembro de 2023 (ter\u00e7a-feira)<\/p>\n<p><strong>Modalidade<\/strong>: Presencial<\/p>\n<p><strong>Local<\/strong>: Audit\u00f3rio Acad\u00eamico (4\u00ba andar) Campus Anglo da UFPel<\/p>\n<p><strong>Hor\u00e1rio<\/strong>: das 9h \u00e0s 11h<\/p>\n<p><strong>Carga hor\u00e1ria<\/strong>: 2 horas<\/p>\n<p><span style=\"font-size: 12pt\"><strong>P\u00fablico Alvo<\/strong>: Servidores docentes e TAEs ativos da UFPel*<\/span><\/p>\n<table style=\"height: 615px;width: 99.9312%;border-collapse: collapse;border-color: #e8e8e8;background-color: #fcfcfc\" border=\"1\">\n<tbody>\n<tr style=\"height: 301px\">\n<td style=\"width: 1449.26px;border-style: solid;vertical-align: middle;border-color: #dedede;background-color: #f5f5f5;height: 301px\">\n<p><span style=\"color: #333399\"><strong>\u2022 <span style=\"text-decoration: underline\">Prepara\u00e7\u00e3o Para a Aposentadoria<\/span><\/strong><\/span><\/p>\n<p><strong>Facilitador<\/strong>: Rodrigo Hinz da Silva (Servidor T\u00e9c. Administrativo do N\u00facleo de Benef\u00edcios \u2013 NUB\/PROGEP \u2013 UFPel)<\/p>\n<p><strong>Ementa<\/strong>:<br \/>\n1. Em qual momento posso come\u00e7ar a planejar administrativamente minha aposentadoria?<br \/>\n2. Quais sugest\u00f5es de etapas para esse planejamento?<br \/>\n3. Procedimentos administrativos<br \/>\n4. Aposentadoria<br \/>\n4.1 Aspectos legais<br \/>\n4.2 Marco temporal<br \/>\n4.3 Aposentadoria volunt\u00e1ria<\/td>\n<\/tr>\n<tr style=\"height: 281px\">\n<td style=\"width: 1449.26px;border-style: solid;vertical-align: middle;border-color: #dedede;background-color: #f5f5f5;height: 281px\">\n<p><span style=\"color: #333399\"><strong>\u2022 <span style=\"text-decoration: underline\">Conversando sobre Trabalho e Aposentadoria<\/span><\/strong><\/span><\/p>\n<p><strong>Facilitadora<\/strong>: Maria Helena Concei\u00e7\u00e3o Silveira (Servidora T\u00e9c. Administrativa da Coordena\u00e7\u00e3o de Sa\u00fade e Qualidade de Vida \u2013 CSQV\/PROGEP \u2013 UFPel)<\/p>\n<p><strong>Ementa<\/strong>:<br \/>\n1. O que o trabalho representa para mim?<br \/>\n2. O que penso sobre a Aposentadoria?<br \/>\n3. Como me desligar do meu trabalho de tantos anos?<br \/>\n4. Transi\u00e7\u00e3o para a aposentadoria: ansiedade, d\u00favidas e receios<br \/>\n5. A transforma\u00e7\u00e3o fundamental: O tempo livre<\/td>\n<\/tr>\n<\/tbody>\n<\/table>\n<p><span style=\"font-size: 12pt\"><strong>Inscri\u00e7\u00f5es<\/strong>: at\u00e9 14\/12\/2023<\/span><\/p>\n<p><strong>Divulga\u00e7\u00e3o das inscri\u00e7\u00f5es homologadas<\/strong>: 15\/12\/2023, nesta p\u00e1gina***<\/p>\n<p>*Considerando a Pol\u00edtica Nacional de Desenvolvimento de Pessoas, conforme Decreto n\u00ba 9.991\/19, somente ser\u00e3o certificados os servidores p\u00fablicos pertencentes ao Quadro Efetivo da UFPel;<br \/>\n**Vagas destinadas \u00e0 servidores pertencentes ao Quadro Efetivo da UFPel, preferencialmente;<br \/>\n*** Quando homologadas as inscri\u00e7\u00f5es, os selecionados receber\u00e3o e-mail de confirma\u00e7\u00e3o com instru\u00e7\u00f5es.<\/p>\n<p>&nbsp;<\/p>\n","protected":false},"excerpt":{"rendered":"<p>Aten\u00e7\u00e3o: A capacita\u00e7\u00e3o foi cancelada, ser\u00e1 remarcada para uma nova data, ainda sem defini\u00e7\u00e3o. Data: 19 de dezembro de 2023 (ter\u00e7a-feira) Modalidade: Presencial Local: Audit\u00f3rio Acad\u00eamico (4\u00ba andar) Campus Anglo da UFPel Hor\u00e1rio: das 9h \u00e0s 11h Carga hor\u00e1ria: 2 horas P\u00fablico Alvo: Servidores docentes e TAEs ativos da UFPel* \u2022 Prepara\u00e7\u00e3o Para a Aposentadoria [&hellip;]<\/p>\n","protected":false},"author":21,"featured_media":0,"parent":0,"menu_order":0,"comment_status":"closed","ping_status":"closed","template":"","meta":{"footnotes":""},"class_list":["post-25085","page","type-page","status-publish","hentry"],"_links":{"self":[{"href":"https:\/\/wp.ufpel.edu.br\/progep\/wp-json\/wp\/v2\/pages\/25085","targetHints":{"allow":["GET"]}}],"collection":[{"href":"https:\/\/wp.ufpel.edu.br\/progep\/wp-json\/wp\/v2\/pages"}],"about":[{"href":"https:\/\/wp.ufpel.edu.br\/progep\/wp-json\/wp\/v2\/types\/page"}],"author":[{"embeddable":true,"href":"https:\/\/wp.ufpel.edu.br\/progep\/wp-json\/wp\/v2\/users\/21"}],"replies":[{"embeddable":true,"href":"https:\/\/wp.ufpel.edu.br\/progep\/wp-json\/wp\/v2\/comments?post=25085"}],"version-history":[{"count":14,"href":"https:\/\/wp.ufpel.edu.br\/progep\/wp-json\/wp\/v2\/pages\/25085\/revisions"}],"predecessor-version":[{"id":34139,"href":"https:\/\/wp.ufpel.edu.br\/progep\/wp-json\/wp\/v2\/pages\/25085\/revisions\/34139"}],"wp:attachment":[{"href":"https:\/\/wp.ufpel.edu.br\/progep\/wp-json\/wp\/v2\/media?parent=25085"}],"curies":[{"name":"wp","href":"https:\/\/api.w.org\/{rel}","templated":true}]}}