{"id":24790,"date":"2023-10-11T11:49:04","date_gmt":"2023-10-11T14:49:04","guid":{"rendered":"https:\/\/wp.ufpel.edu.br\/progep\/?page_id=24790"},"modified":"2025-06-30T14:51:55","modified_gmt":"2025-06-30T17:51:55","slug":"formacao-para-gestores-3a-edicao-modulo-8-conversa-com-a-prae","status":"publish","type":"page","link":"https:\/\/wp.ufpel.edu.br\/progep\/formacao-para-gestores-3a-edicao-modulo-8-conversa-com-a-prae\/","title":{"rendered":"Capacita\u00e7\u00e3o: Forma\u00e7\u00e3o para Gestores 3\u00aa Edi\u00e7\u00e3o \u2013 M\u00f3dulo 8: Conversa com a PRAE"},"content":{"rendered":"<p><strong>Ministrantes<\/strong>:<br \/>\n&#8211; Rosane Maria dos Santos Brand\u00e3o &#8211; Pr\u00f3-Reitora de Assuntos Estudantis &#8211; PRAE\/UFPel<br \/>\n&#8211; Josy Dias Anacleto &#8211; Assessora da Pr\u00f3-Reitoria\/Pedagoga do N\u00facleo Psicopedag\u00f3gico de Apoio ao Discente &#8211; PRAE\/UFPel<br \/>\n&#8211; Angelica Teixeira da Silva Leitzke &#8211; Coordenadora de Pol\u00edticas Estudantis &#8211; PRAE\/UFPel<br \/>\n&#8211; Morgana Riva &#8211; Coordenadora de Perman\u00eancia &#8211; PRAE\/UFPel<br \/>\n&#8211; Rosendo Caetano &#8211; Coordenador de Ingresso e Benef\u00edcio &#8211; PRAE\/UFPel<\/p>\n<p><strong>Data de realiza\u00e7\u00e3o:<\/strong> 24\/10\/2023 (ter\u00e7a-feira)<\/p>\n<p><strong>Hor\u00e1rio: <\/strong>das <span style=\"color: var(--cor-texto);font-family: var(--fonte-corpo)\">16h \u00e0s 18h<\/span><\/p>\n<p><strong>Modalidade: <\/strong>Presencial<\/p>\n<p><strong>Realiza\u00e7\u00e3o<\/strong>: Audit\u00f3rio Acad\u00eamico, Campus Anglo &#8211; UFPel<\/p>\n<p><strong>Ementa:<\/strong><br \/>\n1. O Plano Nacional de Assist\u00eancia Estudantil (PNAES);<br \/>\n2. A pol\u00edtica de assist\u00eancia estudantil da UFPel;<br \/>\n3. Os programas de Aux\u00edlio da PRAE: concep\u00e7\u00e3o e financiamento;<br \/>\n4. O acompanhamento pedag\u00f3gico no combate \u00e0 reten\u00e7\u00e3o e \u00e0 evas\u00e3o;<br \/>\n5. Bolsas de Desenvolvimento Institucional (BDI) e Bolsas de Desenvolvimento das Unidades (BDU).<\/p>\n<p><strong>P\u00fablico Alvo<\/strong>: Chefes de N\u00facleo das Unidades Administrativas da UFPel*<\/p>\n<p><strong>Inscri\u00e7\u00f5es<\/strong>: at\u00e9 22\/10\/2023<\/p>\n<p><strong>Divulga\u00e7\u00e3o das inscri\u00e7\u00f5es homologadas<\/strong>: 23\/10**, nesta p\u00e1gina.<\/p>\n<p>*Considerando a Pol\u00edtica Nacional de Desenvolvimento de Pessoas, conforme Decreto n\u00ba 9.991\/19, somente ser\u00e3o certificados os servidores p\u00fablicos pertencentes ao Quadro Efetivo da UFPel.<\/p>\n<p>**Quando homologadas as inscri\u00e7\u00f5es, os selecionados receber\u00e3o e-mail de confirma\u00e7\u00e3o com instru\u00e7\u00f5es.<\/p>\n<p><span style=\"color: #ff6600\"><strong><a style=\"color: #ff6600\" href=\"https:\/\/wp.ufpel.edu.br\/progep\/files\/2023\/10\/Homologados-Formacao-para-Gestores-3a-Edicao-Modulo-8-Conversa-com-a-PRAE-24-10-2023.pdf\" target=\"_blank\" rel=\"noopener\">INSCRI\u00c7\u00d5ES HOMOLOGADAS<\/a><\/strong><\/span><\/p>\n","protected":false},"excerpt":{"rendered":"<p>Ministrantes: &#8211; Rosane Maria dos Santos Brand\u00e3o &#8211; Pr\u00f3-Reitora de Assuntos Estudantis &#8211; PRAE\/UFPel &#8211; Josy Dias Anacleto &#8211; Assessora da Pr\u00f3-Reitoria\/Pedagoga do N\u00facleo Psicopedag\u00f3gico de Apoio ao Discente &#8211; PRAE\/UFPel &#8211; Angelica Teixeira da Silva Leitzke &#8211; Coordenadora de Pol\u00edticas Estudantis &#8211; PRAE\/UFPel &#8211; Morgana Riva &#8211; Coordenadora de Perman\u00eancia &#8211; PRAE\/UFPel &#8211; Rosendo [&hellip;]<\/p>\n","protected":false},"author":21,"featured_media":0,"parent":0,"menu_order":0,"comment_status":"closed","ping_status":"closed","template":"","meta":{"footnotes":""},"class_list":["post-24790","page","type-page","status-publish","hentry"],"_links":{"self":[{"href":"https:\/\/wp.ufpel.edu.br\/progep\/wp-json\/wp\/v2\/pages\/24790","targetHints":{"allow":["GET"]}}],"collection":[{"href":"https:\/\/wp.ufpel.edu.br\/progep\/wp-json\/wp\/v2\/pages"}],"about":[{"href":"https:\/\/wp.ufpel.edu.br\/progep\/wp-json\/wp\/v2\/types\/page"}],"author":[{"embeddable":true,"href":"https:\/\/wp.ufpel.edu.br\/progep\/wp-json\/wp\/v2\/users\/21"}],"replies":[{"embeddable":true,"href":"https:\/\/wp.ufpel.edu.br\/progep\/wp-json\/wp\/v2\/comments?post=24790"}],"version-history":[{"count":9,"href":"https:\/\/wp.ufpel.edu.br\/progep\/wp-json\/wp\/v2\/pages\/24790\/revisions"}],"predecessor-version":[{"id":34129,"href":"https:\/\/wp.ufpel.edu.br\/progep\/wp-json\/wp\/v2\/pages\/24790\/revisions\/34129"}],"wp:attachment":[{"href":"https:\/\/wp.ufpel.edu.br\/progep\/wp-json\/wp\/v2\/media?parent=24790"}],"curies":[{"name":"wp","href":"https:\/\/api.w.org\/{rel}","templated":true}]}}