{"id":24592,"date":"2023-09-25T10:23:31","date_gmt":"2023-09-25T13:23:31","guid":{"rendered":"https:\/\/wp.ufpel.edu.br\/progep\/?page_id=24592"},"modified":"2025-05-16T09:38:30","modified_gmt":"2025-05-16T12:38:30","slug":"aula-show-cafe-do-grao-a-bebida-conhecendo-cafes-e-seus-metodos-de-preparo","status":"publish","type":"page","link":"https:\/\/wp.ufpel.edu.br\/progep\/aula-show-cafe-do-grao-a-bebida-conhecendo-cafes-e-seus-metodos-de-preparo\/","title":{"rendered":"Capacita\u00e7\u00e3o: Aula Show Caf\u00e9: Do gr\u00e3o \u00e0 bebida: conhecendo caf\u00e9s e seus m\u00e9todos de preparo"},"content":{"rendered":"<p><strong>Facilitadora: <\/strong>\u00c2ngela Galvan de Lima (Docente da Faculdade de Nutri\u00e7\u00e3o &#8211; UFPEL)<\/p>\n<p><b>Modalidade: <\/b>Presencial<\/p>\n<p><b>Data:<\/b> 04\/10\/2023<\/p>\n<p><strong>Hor\u00e1rio:<\/strong> 14h \u00e0s 17h<\/p>\n<p><strong>Local: <\/strong>Sala 232E (Laborat\u00f3rio de Aula Show) &#8211; campus Anglo (Laborat\u00f3rio u<span style=\"color: var(--cor-texto);font-family: var(--fonte-corpo)\">tilizado para aulas dos Cursos de Gastronomia e Nutri\u00e7\u00e3o)<\/span><\/p>\n<p><strong>Ementa<\/strong>:<br \/>\n&#8211; Aprenda sobre a diferen\u00e7a entre caf\u00e9s especiais e tradicionais;<br \/>\n&#8211; Graus de torra e os benef\u00edcios da bebida de caf\u00e9 \u00e0 sa\u00fade;<br \/>\n&#8211; T\u00e9cnicas para identificar aromas e sabores; diferentes m\u00e9todos de extra\u00e7\u00e3o.<\/p>\n<p><span class=\"v1ContentPasted3\" style=\"color: #808080\"><b>Lista de ingredientes (os inscritos homologados dever\u00e3o levar para a atividade):<\/b><\/span><br \/>\n<span style=\"color: #808080\"><del>&#8211; Caf\u00e9 tradicional 250g (Melita, Bom Jesus&#8230;);<\/del><\/span><br \/>\n<span style=\"color: #808080\"><del>&#8211; Caf\u00e9 extra forte 250g (Melita, Bom Jesus&#8230;);<\/del><\/span><br \/>\n<span style=\"color: #808080\"><del>&#8211; Filtro para caf\u00e9;<\/del><\/span><br \/>\n<span style=\"color: #808080\"><del>&#8211; 150g de caf\u00e9 em gr\u00e3o torra clara;<\/del><\/span><br \/>\n<span style=\"color: #808080\"><del>&#8211; 150g de caf\u00e9 em gr\u00e3o torra m\u00e9dia (Guanabara Caf\u00e9 35)<\/del>.<\/span><\/p>\n<table style=\"border-collapse: collapse;width: 100%\" border=\"1\">\n<tbody>\n<tr>\n<td style=\"width: 100%;border-style: solid;border-color: #4f4f4f;background-color: #f0f0f0;text-align: justify\"><strong><span style=\"text-decoration: underline\">Atualiza\u00e7\u00e3o<\/span>: <\/strong>Por orienta\u00e7\u00e3o da palestrante informamos que os caf\u00e9s ser\u00e3o disponibilizados pela pr\u00f3pria palestrante, mas caso algu\u00e9m queira trazer o seu caf\u00e9 (que costuma consumir em casa) poder\u00e1 levar para a atividade, por\u00e9m a palestrante far\u00e1 uma avalia\u00e7\u00e3o do mesmo.<strong><br \/>\n<\/strong><strong><span style=\"text-decoration: underline\">Outras orienta\u00e7\u00f5es<\/span><\/strong>:<br \/>\n\u2022 A oficina de caf\u00e9s ser\u00e1 te\u00f3rica e pr\u00e1tica expositiva;<br \/>\n\u2022 Os participantes n\u00e3o precisam estar de uniforme.<\/td>\n<\/tr>\n<\/tbody>\n<\/table>\n<p style=\"text-align: justify\"><strong>P\u00fablico Alvo<\/strong>: Servidores docentes e TAE\u2019s ativos*<\/p>\n<p><strong>N\u00famero de vagas:<\/strong> 25 (limitadas por ordem de inscri\u00e7\u00e3o)**<\/p>\n<p><strong>Per\u00edodo de inscri\u00e7\u00e3o<\/strong>: 25\/09 a 02\/10\/2023<\/p>\n<p><strong>Divulga\u00e7\u00e3o das inscri\u00e7\u00f5es homologadas<\/strong>: 03\/10***, nesta p\u00e1gina.<\/p>\n<p>*Considerando a Pol\u00edtica Nacional de Desenvolvimento de Pessoas, conforme Decreto n\u00ba 9.991\/19, somente ser\u00e3o certificados os servidores p\u00fablicos pertencentes ao Quadro Efetivo da UFPel.<\/p>\n<p>**Vagas destinadas \u00e0 servidores pertencentes ao Quadro Efetivo da UFPel, preferencialmente.<\/p>\n<p>***Quando homologadas as inscri\u00e7\u00f5es, os selecionados receber\u00e3o e-mail de confirma\u00e7\u00e3o com instru\u00e7\u00f5es.<\/p>\n<p><span style=\"color: #ff6600\"><strong><a style=\"color: #ff6600\" href=\"https:\/\/wp.ufpel.edu.br\/progep\/files\/2023\/10\/Homologados-Aula-Show-Cafe-Do-grao-a-bebida-conhecendo-cafes-e-seus-metodos-de-preparo-04-10-2023.pdf\" target=\"_blank\" rel=\"noopener\">INSCRI\u00c7\u00d5ES HOMOLOGADAS<\/a><\/strong><\/span><\/p>\n","protected":false},"excerpt":{"rendered":"<p>Facilitadora: \u00c2ngela Galvan de Lima (Docente da Faculdade de Nutri\u00e7\u00e3o &#8211; UFPEL) Modalidade: Presencial Data: 04\/10\/2023 Hor\u00e1rio: 14h \u00e0s 17h Local: Sala 232E (Laborat\u00f3rio de Aula Show) &#8211; campus Anglo (Laborat\u00f3rio utilizado para aulas dos Cursos de Gastronomia e Nutri\u00e7\u00e3o) Ementa: &#8211; Aprenda sobre a diferen\u00e7a entre caf\u00e9s especiais e tradicionais; &#8211; Graus de torra [&hellip;]<\/p>\n","protected":false},"author":21,"featured_media":0,"parent":0,"menu_order":0,"comment_status":"closed","ping_status":"closed","template":"","meta":{"footnotes":""},"class_list":["post-24592","page","type-page","status-publish","hentry"],"_links":{"self":[{"href":"https:\/\/wp.ufpel.edu.br\/progep\/wp-json\/wp\/v2\/pages\/24592","targetHints":{"allow":["GET"]}}],"collection":[{"href":"https:\/\/wp.ufpel.edu.br\/progep\/wp-json\/wp\/v2\/pages"}],"about":[{"href":"https:\/\/wp.ufpel.edu.br\/progep\/wp-json\/wp\/v2\/types\/page"}],"author":[{"embeddable":true,"href":"https:\/\/wp.ufpel.edu.br\/progep\/wp-json\/wp\/v2\/users\/21"}],"replies":[{"embeddable":true,"href":"https:\/\/wp.ufpel.edu.br\/progep\/wp-json\/wp\/v2\/comments?post=24592"}],"version-history":[{"count":12,"href":"https:\/\/wp.ufpel.edu.br\/progep\/wp-json\/wp\/v2\/pages\/24592\/revisions"}],"predecessor-version":[{"id":32570,"href":"https:\/\/wp.ufpel.edu.br\/progep\/wp-json\/wp\/v2\/pages\/24592\/revisions\/32570"}],"wp:attachment":[{"href":"https:\/\/wp.ufpel.edu.br\/progep\/wp-json\/wp\/v2\/media?parent=24592"}],"curies":[{"name":"wp","href":"https:\/\/api.w.org\/{rel}","templated":true}]}}