{"id":24579,"date":"2023-09-25T09:52:11","date_gmt":"2023-09-25T12:52:11","guid":{"rendered":"https:\/\/wp.ufpel.edu.br\/progep\/?page_id=24579"},"modified":"2025-06-30T14:50:03","modified_gmt":"2025-06-30T17:50:03","slug":"o-caminho-do-meio-atraves-do-yoga","status":"publish","type":"page","link":"https:\/\/wp.ufpel.edu.br\/progep\/o-caminho-do-meio-atraves-do-yoga\/","title":{"rendered":"Capacita\u00e7\u00e3o: O Caminho do Meio atrav\u00e9s do Yoga"},"content":{"rendered":"<p><strong>Facilitadora: <\/strong><span style=\"color: var(--cor-texto);font-family: var(--fonte-corpo)\">Ani\u00ea Coutinho de Oliveira (Docente da Escola Superior de Educa\u00e7\u00e3o F\u00edsica &#8211; ESEF\/UFPEL)<\/span><\/p>\n<p><b>Modalidade: <\/b>Presencial<\/p>\n<p><strong>Turmas dispon\u00edveis:<\/strong><\/p>\n<p>\u2022 <span style=\"color: #ff6600\"><strong><span style=\"text-decoration: underline\">Turma Campus Anglo<\/span><\/strong><\/span> &#8211; <strong>03\/10\/2023<\/strong> (ter\u00e7a-feira), das <strong>10h \u00e0s 11h<\/strong><br \/>\n&#8211; Local: Deck \u00e0s margens do Canal S\u00e3o Gon\u00e7alo &#8211; Campus Anglo<\/p>\n<p>\u2022 <del><span style=\"color: #ff6600\"><strong><span style=\"text-decoration: underline\">Turma ESEF<\/span><\/strong><\/span> &#8211; <strong>09\/10\/2023<\/strong> <\/del>(segunda-feira), das <strong>15h \u00e0s 16h <span style=\"color: #ff0000\">(Turma ESEF cancelada)<\/span><\/strong><br \/>\n&#8211; Local: Sala de dan\u00e7a da Escola Superior de Educa\u00e7\u00e3o F\u00edsica \u2013 ESEF<\/p>\n<p>\u2022 <span style=\"color: #ff6600\"><strong><span style=\"text-decoration: underline\">Turma Campus Cap\u00e3o do Le\u00e3o<\/span><\/strong><\/span> &#8211; <strong>11\/10\/2023<\/strong> (quarta-feira), das <strong>10h \u00e0s 11h<\/strong><br \/>\n&#8211; Local: Espa\u00e7o Viva Bem (localizado no Centro de Conviv\u00eancia do Campus, ao lado do restaurante)<\/p>\n<p><strong style=\"color: var(--cor-texto);font-family: var(--fonte-corpo)\">Ementa<\/strong><span style=\"color: var(--cor-texto);font-family: var(--fonte-corpo)\">:<\/span><\/p>\n<p>&#8211; A busca do equil\u00edbrio da sa\u00fade integral atrav\u00e9s da pr\u00e1tica do Yoga;<br \/>\n&#8211; Aula pr\u00e1tica com enfoque em \u00e1sanas, t\u00e9cnicas respirat\u00f3rias e medita\u00e7\u00e3o.<\/p>\n<p><strong>P\u00fablico Alvo<\/strong>: Servidores docentes e TAE\u2019s ativos*<\/p>\n<p><strong>N\u00famero de vagas:<\/strong> 20 vagas por turma (limitadas por ordem de inscri\u00e7\u00e3o)**<\/p>\n<p><strong>Per\u00edodo de inscri\u00e7\u00f5es e data de homologa\u00e7\u00e3o<\/strong>:<\/p>\n<table style=\"border-collapse: collapse;width: 98.4821%;height: 220px\" border=\"1\">\n<tbody>\n<tr>\n<td style=\"width: 18.7085%;text-align: center;vertical-align: middle\"><strong>\u00a0Turma Campus Anglo<\/strong><\/td>\n<td style=\"width: 69.1271%;text-align: left;vertical-align: middle\">\n<div>\u00a0&#8211; Per\u00edodo de inscri\u00e7\u00e3o: 25\/09 a 01\/10<\/div>\n<div>\u00a0&#8211; Divulga\u00e7\u00e3o das inscri\u00e7\u00f5es homologadas: <strong>02\/10<\/strong>***, nesta p\u00e1gina.<\/div>\n<\/td>\n<\/tr>\n<tr>\n<td style=\"width: 18.7085%;text-align: center;vertical-align: middle\">\n<div style=\"text-align: center\"><strong>\u00a0<del>Turma ESEF<\/del> <\/strong><strong><span style=\"color: #ff0000\">(cancelada)<\/span><\/strong><\/div>\n<\/td>\n<td style=\"width: 69.1271%;text-align: left;vertical-align: middle\">\n<div><del>\u00a0&#8211; Per\u00edodo de inscri\u00e7\u00e3o: 25\/09 a 05\/10<\/del><\/div>\n<div><del>\u00a0&#8211; Divulga\u00e7\u00e3o das inscri\u00e7\u00f5es homologadas: <strong>06\/10<\/strong>***, nesta p\u00e1gina.<\/del><\/div>\n<\/td>\n<\/tr>\n<tr>\n<td style=\"width: 18.7085%;text-align: center;vertical-align: middle\"><strong>\u00a0Turma Campus Cap\u00e3o do Le\u00e3o<\/strong><\/td>\n<td style=\"width: 69.1271%;text-align: left;vertical-align: middle\">\n<div>\u00a0&#8211; Per\u00edodo de inscri\u00e7\u00e3o: 25\/09 a 09\/10<\/div>\n<div>\u00a0&#8211; Divulga\u00e7\u00e3o das inscri\u00e7\u00f5es homologadas: <strong>10\/10<\/strong>***, nesta p\u00e1gina.<\/div>\n<\/td>\n<\/tr>\n<\/tbody>\n<\/table>\n<div><\/div>\n<p>*Considerando a Pol\u00edtica Nacional de Desenvolvimento de Pessoas, conforme Decreto n\u00ba 9.991\/19, somente ser\u00e3o certificados os servidores p\u00fablicos pertencentes ao Quadro Efetivo da UFPel.<\/p>\n<p>**Vagas destinadas \u00e0 servidores pertencentes ao Quadro Efetivo da UFPel, preferencialmente.<\/p>\n<p>***Quando homologadas as inscri\u00e7\u00f5es, os selecionados receber\u00e3o e-mail de confirma\u00e7\u00e3o com instru\u00e7\u00f5es.<\/p>\n<p><span style=\"color: #ff6600\"><strong><a style=\"color: #ff6600\" href=\"https:\/\/wp.ufpel.edu.br\/progep\/files\/2023\/10\/Homologados-O-Caminho-do-Meio-atraves-do-Yoga-ANGLO-03-10-20231151.pdf\" target=\"_blank\" rel=\"noopener\">INSCRI\u00c7\u00d5ES HOMOLOGADAS<\/a> &#8211; Turma Anglo (03\/10)<\/strong><\/span><\/p>\n<p><span style=\"color: #ff6600\"><strong><a style=\"color: #ff6600\" href=\"https:\/\/wp.ufpel.edu.br\/progep\/files\/2023\/10\/Homologados-O-Caminho-do-Meio-atraves-do-Yoga-Capao-do-Leao-11-10-2023.pdf\" target=\"_blank\" rel=\"noopener\">INSCRI\u00c7\u00d5ES HOMOLOGADAS<\/a> &#8211; Turma Cap\u00e3o do Le\u00e3o (11\/10)<\/strong><\/span><\/p>\n","protected":false},"excerpt":{"rendered":"<p>Facilitadora: Ani\u00ea Coutinho de Oliveira (Docente da Escola Superior de Educa\u00e7\u00e3o F\u00edsica &#8211; ESEF\/UFPEL) Modalidade: Presencial Turmas dispon\u00edveis: \u2022 Turma Campus Anglo &#8211; 03\/10\/2023 (ter\u00e7a-feira), das 10h \u00e0s 11h &#8211; Local: Deck \u00e0s margens do Canal S\u00e3o Gon\u00e7alo &#8211; Campus Anglo \u2022 Turma ESEF &#8211; 09\/10\/2023 (segunda-feira), das 15h \u00e0s 16h (Turma ESEF cancelada) &#8211; [&hellip;]<\/p>\n","protected":false},"author":21,"featured_media":0,"parent":0,"menu_order":0,"comment_status":"closed","ping_status":"closed","template":"","meta":{"footnotes":""},"class_list":["post-24579","page","type-page","status-publish","hentry"],"_links":{"self":[{"href":"https:\/\/wp.ufpel.edu.br\/progep\/wp-json\/wp\/v2\/pages\/24579","targetHints":{"allow":["GET"]}}],"collection":[{"href":"https:\/\/wp.ufpel.edu.br\/progep\/wp-json\/wp\/v2\/pages"}],"about":[{"href":"https:\/\/wp.ufpel.edu.br\/progep\/wp-json\/wp\/v2\/types\/page"}],"author":[{"embeddable":true,"href":"https:\/\/wp.ufpel.edu.br\/progep\/wp-json\/wp\/v2\/users\/21"}],"replies":[{"embeddable":true,"href":"https:\/\/wp.ufpel.edu.br\/progep\/wp-json\/wp\/v2\/comments?post=24579"}],"version-history":[{"count":36,"href":"https:\/\/wp.ufpel.edu.br\/progep\/wp-json\/wp\/v2\/pages\/24579\/revisions"}],"predecessor-version":[{"id":34118,"href":"https:\/\/wp.ufpel.edu.br\/progep\/wp-json\/wp\/v2\/pages\/24579\/revisions\/34118"}],"wp:attachment":[{"href":"https:\/\/wp.ufpel.edu.br\/progep\/wp-json\/wp\/v2\/media?parent=24579"}],"curies":[{"name":"wp","href":"https:\/\/api.w.org\/{rel}","templated":true}]}}