{"id":23082,"date":"2023-04-27T10:07:26","date_gmt":"2023-04-27T13:07:26","guid":{"rendered":"https:\/\/wp.ufpel.edu.br\/progep\/?page_id=23082"},"modified":"2025-10-24T17:52:28","modified_gmt":"2025-10-24T20:52:28","slug":"ingresso-e-movimentacao-de-pessoal","status":"publish","type":"page","link":"https:\/\/wp.ufpel.edu.br\/progep\/ingresso-e-movimentacao-de-pessoal\/","title":{"rendered":"Ingresso e Movimenta\u00e7\u00e3o de Pessoal"},"content":{"rendered":"\n<div class=\"wp-block-group\"><div class=\"wp-block-group__inner-container is-layout-constrained wp-block-group-is-layout-constrained\">\n<div class=\"logoTituloModelStyle\"><img class=\"size-medium wp-image-27184 alignleft\" src=\"https:\/\/wp.ufpel.edu.br\/progep\/files\/2025\/03\/logo-progep_atualizacao-nome_AZUL.png\" alt=\"\" \/><\/p>\n<div><strong>Ingresso e Movimenta\u00e7\u00e3o<\/strong><\/div>\n<\/div>\n<hr class=\"hrModelStyle\" \/>\n<div class=\"descriptionModelStyle\">Neste local, encontram-se os assuntos relacionados a <em>Ingresso e Movimenta\u00e7\u00e3o<\/em>.<\/div>\n<\/div><\/div>\n\n\n<div class=\"quadradosSimplesStyle\"><a href=\"https:\/\/wp.ufpel.edu.br\/progep\/aproveitamento-de-concurso\/\" rel=\"noopener\"> Aproveitamento de Concursos <\/a>\n<a href=\"https:\/\/wp.ufpel.edu.br\/progep\/?page_id=23176&amp;preview=true\" rel=\"noopener\"> Ced\u00eancia e Requisi\u00e7\u00e3o <\/a>\n<a href=\"https:\/\/wp.ufpel.edu.br\/progep\/controle-de-lotacoes-de-exercicio\/\" rel=\"noopener\"> Controle de Lota\u00e7\u00f5es de Exerc\u00edcio <\/a>\n<a href=\"https:\/\/wp.ufpel.edu.br\/progep\/?page_id=22200&amp;preview=true\" rel=\"noopener\"> Colabora\u00e7\u00e3o T\u00e9cnica <\/a>\n<a href=\"https:\/\/wp.ufpel.edu.br\/progep\/?page_id=23099&amp;preview=true\" rel=\"noopener\"> Designa\u00e7\u00e3o e Dispensa de Chefia <\/a>\n<a href=\"https:\/\/wp.ufpel.edu.br\/progep\/?page_id=23179&amp;preview=true\" rel=\"noopener\"> Exerc\u00edcio Provis\u00f3rio <\/a>\n<a href=\"https:\/\/wp.ufpel.edu.br\/progep\/procedimentos-para-ingresso-cont-temporaria\/\" rel=\"noopener\"> Ingresso &#8211; Contrata\u00e7\u00e3o Tempor\u00e1ria<\/a>\n<a href=\"https:\/\/wp.ufpel.edu.br\/progep\/procedimentos-para-ingresso\/\" rel=\"noopener\"> Ingresso &#8211; Servidores Efetivos <\/a>\n<a href=\"https:\/\/wp.ufpel.edu.br\/progep\/?page_id=23186&amp;preview=true\" rel=\"noopener\"> M\u00e9dicos Residentes <\/a>\n<a href=\"https:\/\/wp.ufpel.edu.br\/progep\/?page_id=23103&amp;preview=true\" rel=\"noopener\"> Nomea\u00e7\u00e3o e Exonera\u00e7\u00e3o de Cargos de Dire\u00e7\u00e3o <\/a>\n<a href=\"https:\/\/wp.ufpel.edu.br\/progep\/?page_id=23182&amp;preview=true\" rel=\"noopener\"> Professor Volunt\u00e1rio <\/a>\n<a href=\"https:\/\/wp.ufpel.edu.br\/progep\/?page_id=22180&amp;preview=true\" rel=\"noopener\"> Recondu\u00e7\u00e3o<\/a>\n<a href=\"https:\/\/wp.ufpel.edu.br\/progep\/administracao-de-pessoal\/manual-do-servidor\/redistribuicao\/\" rel=\"noopener\"> Redistribui\u00e7\u00e3o <\/a>\n<a href=\"https:\/\/wp.ufpel.edu.br\/progep\/?page_id=22184&amp;preview=true\" rel=\"noopener\"> Reintegra\u00e7\u00e3o <\/a>\n<a href=\"https:\/\/wp.ufpel.edu.br\/progep\/administracao-de-pessoal\/manual-do-servidor\/remocao-de-servidor-tecnico-administrativo\/\" rel=\"noopener\"> Remo\u00e7\u00e3o<\/a>\n<a href=\"https:\/\/wp.ufpel.edu.br\/progep\/?page_id=22187&amp;preview=true\" rel=\"noopener\"> Revers\u00e3o <\/a>\n<a href=\"https:\/\/wp.ufpel.edu.br\/progep\/?page_id=23106&amp;preview=true\" rel=\"noopener\"> Vac\u00e2ncias <\/a>\n<\/div>","protected":false},"excerpt":{"rendered":"<p>Ingresso e Movimenta\u00e7\u00e3o Neste local, encontram-se os assuntos relacionados a Ingresso e Movimenta\u00e7\u00e3o. Aproveitamento de Concursos Ced\u00eancia e Requisi\u00e7\u00e3o Controle de Lota\u00e7\u00f5es de Exerc\u00edcio Colabora\u00e7\u00e3o T\u00e9cnica Designa\u00e7\u00e3o e Dispensa de Chefia Exerc\u00edcio Provis\u00f3rio Ingresso &#8211; Contrata\u00e7\u00e3o Tempor\u00e1ria Ingresso &#8211; Servidores Efetivos M\u00e9dicos Residentes Nomea\u00e7\u00e3o e Exonera\u00e7\u00e3o de Cargos de Dire\u00e7\u00e3o Professor Volunt\u00e1rio Recondu\u00e7\u00e3o Redistribui\u00e7\u00e3o Reintegra\u00e7\u00e3o [&hellip;]<\/p>\n","protected":false},"author":52,"featured_media":0,"parent":0,"menu_order":0,"comment_status":"closed","ping_status":"closed","template":"","meta":{"footnotes":""},"class_list":["post-23082","page","type-page","status-publish","hentry"],"_links":{"self":[{"href":"https:\/\/wp.ufpel.edu.br\/progep\/wp-json\/wp\/v2\/pages\/23082","targetHints":{"allow":["GET"]}}],"collection":[{"href":"https:\/\/wp.ufpel.edu.br\/progep\/wp-json\/wp\/v2\/pages"}],"about":[{"href":"https:\/\/wp.ufpel.edu.br\/progep\/wp-json\/wp\/v2\/types\/page"}],"author":[{"embeddable":true,"href":"https:\/\/wp.ufpel.edu.br\/progep\/wp-json\/wp\/v2\/users\/52"}],"replies":[{"embeddable":true,"href":"https:\/\/wp.ufpel.edu.br\/progep\/wp-json\/wp\/v2\/comments?post=23082"}],"version-history":[{"count":2,"href":"https:\/\/wp.ufpel.edu.br\/progep\/wp-json\/wp\/v2\/pages\/23082\/revisions"}],"predecessor-version":[{"id":38497,"href":"https:\/\/wp.ufpel.edu.br\/progep\/wp-json\/wp\/v2\/pages\/23082\/revisions\/38497"}],"wp:attachment":[{"href":"https:\/\/wp.ufpel.edu.br\/progep\/wp-json\/wp\/v2\/media?parent=23082"}],"curies":[{"name":"wp","href":"https:\/\/api.w.org\/{rel}","templated":true}]}}

Ingresso e Movimentação de Pessoal

<div class="wp-block-group"><div class="wp-block-group__inner-container is-layout-constrained wp-block-group-is-layout-constrained">
<div class="logoTituloModelStyle"><img class="size-medium wp-image-27184 alignleft" src="https://wp.ufpel.edu.br/progep/files/2025/03/logo-progep_atualizacao-nome_AZUL.png" alt="" /></p>
<div><strong>Ingresso e Movimentação</strong></div>
</div>
<hr class="hrModelStyle" />
<div class="descriptionModelStyle">Neste local, encontram-se os assuntos relacionados a <em>Ingresso e Movimentação</em>.</div>
</div></div>


<div class="quadradosSimplesStyle"><a href="https://wp.ufpel.edu.br/progep/aproveitamento-de-concurso/" rel="noopener"> Aproveitamento de Concursos </a>
<a href="https://wp.ufpel.edu.br/progep/?page_id=23176&amp;preview=true" rel="noopener"> Cedência e Requisição </a>
<a href="https://wp.ufpel.edu.br/progep/controle-de-lotacoes-de-exercicio/" rel="noopener"> Controle de Lotações de Exercício </a>
<a href="https://wp.ufpel.edu.br/progep/?page_id=22200&amp;preview=true" rel="noopener"> Colaboração Técnica </a>
<a href="https://wp.ufpel.edu.br/progep/?page_id=23099&amp;preview=true" rel="noopener"> Designação e Dispensa de Chefia </a>
<a href="https://wp.ufpel.edu.br/progep/?page_id=23179&amp;preview=true" rel="noopener"> Exercício Provisório </a>
<a href="https://wp.ufpel.edu.br/progep/procedimentos-para-ingresso-cont-temporaria/" rel="noopener"> Ingresso &#8211; Contratação Temporária</a>
<a href="https://wp.ufpel.edu.br/progep/procedimentos-para-ingresso/" rel="noopener"> Ingresso &#8211; Servidores Efetivos </a>
<a href="https://wp.ufpel.edu.br/progep/?page_id=23186&amp;preview=true" rel="noopener"> Médicos Residentes </a>
<a href="https://wp.ufpel.edu.br/progep/?page_id=23103&amp;preview=true" rel="noopener"> Nomeação e Exoneração de Cargos de Direção </a>
<a href="https://wp.ufpel.edu.br/progep/?page_id=23182&amp;preview=true" rel="noopener"> Professor Voluntário </a>
<a href="https://wp.ufpel.edu.br/progep/?page_id=22180&amp;preview=true" rel="noopener"> Recondução</a>
<a href="https://wp.ufpel.edu.br/progep/administracao-de-pessoal/manual-do-servidor/redistribuicao/" rel="noopener"> Redistribuição </a>
<a href="https://wp.ufpel.edu.br/progep/?page_id=22184&amp;preview=true" rel="noopener"> Reintegração </a>
<a href="https://wp.ufpel.edu.br/progep/administracao-de-pessoal/manual-do-servidor/remocao-de-servidor-tecnico-administrativo/" rel="noopener"> Remoção</a>
<a href="https://wp.ufpel.edu.br/progep/?page_id=22187&amp;preview=true" rel="noopener"> Reversão </a>
<a href="https://wp.ufpel.edu.br/progep/?page_id=23106&amp;preview=true" rel="noopener"> Vacâncias </a>
</div>

<p>Ingresso e Movimentação Neste local, encontram-se os assuntos relacionados a Ingresso e Movimentação. Aproveitamento de Concursos Cedência e Requisição Controle de Lotações de Exercício Colaboração Técnica Designação e Dispensa de Chefia Exercício Provisório Ingresso &#8211; Contratação Temporária Ingresso &#8211; Servidores Efetivos Médicos Residentes Nomeação e Exoneração de Cargos de Direção Professor Voluntário Recondução Redistribuição Reintegração [&hellip;]</p>
