{"id":22937,"date":"2023-04-19T12:58:50","date_gmt":"2023-04-19T15:58:50","guid":{"rendered":"https:\/\/wp.ufpel.edu.br\/progep\/?page_id=22937"},"modified":"2023-07-28T17:25:10","modified_gmt":"2023-07-28T20:25:10","slug":"roda-de-conversa-comunicacao-publica-na-universidade","status":"publish","type":"page","link":"https:\/\/wp.ufpel.edu.br\/progep\/roda-de-conversa-comunicacao-publica-na-universidade\/","title":{"rendered":"Capacita\u00e7\u00e3o: Comunica\u00e7\u00e3o P\u00fablica na Universidade"},"content":{"rendered":"<p><span style=\"font-size: 12pt\"><strong>Facilitadores:\u00a0<\/strong>Caroline Casali (Docente e Coordenadora do Curso de Gest\u00e3o P\u00fablica, no Centro de Ci\u00eancias S\u00f3cio-Organizacionais &#8211; CCSO\/UFPel)<\/span><\/p>\n<p><span style=\"font-size: 12pt\"><strong>Data:<\/strong> 02\/03\/2023 (quinta-feira)<\/span><\/p>\n<p><span style=\"font-size: 12pt\"><strong>Hor\u00e1rio: <\/strong>das 15h \u00e0s 17h<\/span><\/p>\n<p><span style=\"font-size: 12pt\"><strong>Realiza\u00e7\u00e3o:<\/strong> presencial, Gabinete da Reitoria.<\/span><\/p>\n<p><span style=\"font-size: 12pt\"><strong>Ementa:\u00a0<\/strong><\/span><br \/>\n<span style=\"font-size: 12pt\">\u2022\u00a0Organiza\u00e7\u00e3o dos fluxos de comunica\u00e7\u00e3o na UFPel;<\/span><br \/>\n<span style=\"font-size: 12pt\">\u2022\u00a0Rela\u00e7\u00f5es da Universidade com as m\u00eddias;<\/span><br \/>\n<span style=\"font-size: 12pt\">\u2022\u00a0Gest\u00e3o da comunica\u00e7\u00e3o em site e sites de redes sociais;<\/span><br \/>\n<span style=\"font-size: 12pt\">\u2022\u00a0A\u00e7\u00f5es poss\u00edveis em comunica\u00e7\u00e3o na UFPel.<\/span><\/p>\n<hr \/>\n<p>&nbsp;<\/p>\n","protected":false},"excerpt":{"rendered":"<p>Facilitadores:\u00a0Caroline Casali (Docente e Coordenadora do Curso de Gest\u00e3o P\u00fablica, no Centro de Ci\u00eancias S\u00f3cio-Organizacionais &#8211; CCSO\/UFPel) Data: 02\/03\/2023 (quinta-feira) Hor\u00e1rio: das 15h \u00e0s 17h Realiza\u00e7\u00e3o: presencial, Gabinete da Reitoria. Ementa:\u00a0 \u2022\u00a0Organiza\u00e7\u00e3o dos fluxos de comunica\u00e7\u00e3o na UFPel; \u2022\u00a0Rela\u00e7\u00f5es da Universidade com as m\u00eddias; \u2022\u00a0Gest\u00e3o da comunica\u00e7\u00e3o em site e sites de redes sociais; \u2022\u00a0A\u00e7\u00f5es [&hellip;]<\/p>\n","protected":false},"author":21,"featured_media":0,"parent":0,"menu_order":0,"comment_status":"closed","ping_status":"closed","template":"","meta":{"footnotes":""},"class_list":["post-22937","page","type-page","status-publish","hentry"],"yoast_head":"<!-- This site is optimized with the Yoast SEO plugin v28.1 - https:\/\/yoast.com\/product\/yoast-seo-wordpress\/ -->\n<title>Capacita\u00e7\u00e3o: Comunica\u00e7\u00e3o P\u00fablica na Universidade - Pr\u00f3-Reitoria de Gest\u00e3o com Pessoas - PROGEP<\/title>\n<meta name=\"robots\" content=\"index, follow, max-snippet:-1, max-image-preview:large, max-video-preview:-1\" \/>\n<link rel=\"canonical\" href=\"https:\/\/wp.ufpel.edu.br\/progep\/roda-de-conversa-comunicacao-publica-na-universidade\/\" \/>\n<meta property=\"og:locale\" content=\"pt_BR\" \/>\n<meta property=\"og:type\" content=\"article\" \/>\n<meta property=\"og:title\" content=\"Capacita\u00e7\u00e3o: Comunica\u00e7\u00e3o P\u00fablica na Universidade - Pr\u00f3-Reitoria de Gest\u00e3o com Pessoas - PROGEP\" \/>\n<meta property=\"og:description\" content=\"Facilitadores:\u00a0Caroline Casali (Docente e Coordenadora do Curso de Gest\u00e3o P\u00fablica, no Centro de Ci\u00eancias S\u00f3cio-Organizacionais &#8211; CCSO\/UFPel) Data: 02\/03\/2023 (quinta-feira) Hor\u00e1rio: das 15h \u00e0s 17h Realiza\u00e7\u00e3o: presencial, Gabinete da Reitoria. Ementa:\u00a0 \u2022\u00a0Organiza\u00e7\u00e3o dos fluxos de comunica\u00e7\u00e3o na UFPel; \u2022\u00a0Rela\u00e7\u00f5es da Universidade com as m\u00eddias; \u2022\u00a0Gest\u00e3o da comunica\u00e7\u00e3o em site e sites de redes sociais; \u2022\u00a0A\u00e7\u00f5es [&hellip;]\" \/>\n<meta property=\"og:url\" content=\"https:\/\/wp.ufpel.edu.br\/progep\/roda-de-conversa-comunicacao-publica-na-universidade\/\" \/>\n<meta property=\"og:site_name\" content=\"Pr\u00f3-Reitoria de Gest\u00e3o com Pessoas - PROGEP\" \/>\n<meta property=\"article:modified_time\" content=\"2023-07-28T20:25:10+00:00\" \/>\n<meta name=\"twitter:card\" content=\"summary_large_image\" \/>\n<script type=\"application\/ld+json\" class=\"yoast-schema-graph\">{\"@context\":\"https:\\\/\\\/schema.org\",\"@graph\":[{\"@type\":\"WebPage\",\"@id\":\"https:\\\/\\\/wp.ufpel.edu.br\\\/progep\\\/roda-de-conversa-comunicacao-publica-na-universidade\\\/\",\"url\":\"https:\\\/\\\/wp.ufpel.edu.br\\\/progep\\\/roda-de-conversa-comunicacao-publica-na-universidade\\\/\",\"name\":\"Capacita\u00e7\u00e3o: Comunica\u00e7\u00e3o P\u00fablica na Universidade - Pr\u00f3-Reitoria de Gest\u00e3o com Pessoas - PROGEP\",\"isPartOf\":{\"@id\":\"https:\\\/\\\/wp.ufpel.edu.br\\\/progep\\\/#website\"},\"datePublished\":\"2023-04-19T15:58:50+00:00\",\"dateModified\":\"2023-07-28T20:25:10+00:00\",\"breadcrumb\":{\"@id\":\"https:\\\/\\\/wp.ufpel.edu.br\\\/progep\\\/roda-de-conversa-comunicacao-publica-na-universidade\\\/#breadcrumb\"},\"inLanguage\":\"pt-BR\",\"potentialAction\":[{\"@type\":\"ReadAction\",\"target\":[\"https:\\\/\\\/wp.ufpel.edu.br\\\/progep\\\/roda-de-conversa-comunicacao-publica-na-universidade\\\/\"]}]},{\"@type\":\"BreadcrumbList\",\"@id\":\"https:\\\/\\\/wp.ufpel.edu.br\\\/progep\\\/roda-de-conversa-comunicacao-publica-na-universidade\\\/#breadcrumb\",\"itemListElement\":[{\"@type\":\"ListItem\",\"position\":1,\"name\":\"In\u00edcio\",\"item\":\"https:\\\/\\\/wp.ufpel.edu.br\\\/progep\\\/\"},{\"@type\":\"ListItem\",\"position\":2,\"name\":\"Capacita\u00e7\u00e3o: Comunica\u00e7\u00e3o P\u00fablica na Universidade\"}]},{\"@type\":\"WebSite\",\"@id\":\"https:\\\/\\\/wp.ufpel.edu.br\\\/progep\\\/#website\",\"url\":\"https:\\\/\\\/wp.ufpel.edu.br\\\/progep\\\/\",\"name\":\"Pr\u00f3-Reitoria de Gest\u00e3o com Pessoas - PROGEP\",\"description\":\"Pr\u00f3-Reitoria de Gest\u00e3o com Pessoas\",\"publisher\":{\"@id\":\"https:\\\/\\\/wp.ufpel.edu.br\\\/progep\\\/#organization\"},\"potentialAction\":[{\"@type\":\"SearchAction\",\"target\":{\"@type\":\"EntryPoint\",\"urlTemplate\":\"https:\\\/\\\/wp.ufpel.edu.br\\\/progep\\\/?s={search_term_string}\"},\"query-input\":{\"@type\":\"PropertyValueSpecification\",\"valueRequired\":true,\"valueName\":\"search_term_string\"}}],\"inLanguage\":\"pt-BR\"},{\"@type\":\"Organization\",\"@id\":\"https:\\\/\\\/wp.ufpel.edu.br\\\/progep\\\/#organization\",\"name\":\"Pr\u00f3-Reitoria de Gest\u00e3o com Pessoas - PROGEP\",\"url\":\"https:\\\/\\\/wp.ufpel.edu.br\\\/progep\\\/\",\"logo\":{\"@type\":\"ImageObject\",\"inLanguage\":\"pt-BR\",\"@id\":\"https:\\\/\\\/wp.ufpel.edu.br\\\/progep\\\/#\\\/schema\\\/logo\\\/image\\\/\",\"url\":\"https:\\\/\\\/wp.ufpel.edu.br\\\/progep\\\/files\\\/2025\\\/03\\\/logo-progep_atualizacao-nome_AZUL.png\",\"contentUrl\":\"https:\\\/\\\/wp.ufpel.edu.br\\\/progep\\\/files\\\/2025\\\/03\\\/logo-progep_atualizacao-nome_AZUL.png\",\"width\":1080,\"height\":391,\"caption\":\"Pr\u00f3-Reitoria de Gest\u00e3o com Pessoas - PROGEP\"},\"image\":{\"@id\":\"https:\\\/\\\/wp.ufpel.edu.br\\\/progep\\\/#\\\/schema\\\/logo\\\/image\\\/\"}}]}<\/script>\n<!-- \/ Yoast SEO plugin. -->","yoast_head_json":{"title":"Capacita\u00e7\u00e3o: Comunica\u00e7\u00e3o P\u00fablica na Universidade - Pr\u00f3-Reitoria de Gest\u00e3o com Pessoas - PROGEP","robots":{"index":"index","follow":"follow","max-snippet":"max-snippet:-1","max-image-preview":"max-image-preview:large","max-video-preview":"max-video-preview:-1"},"canonical":"https:\/\/wp.ufpel.edu.br\/progep\/roda-de-conversa-comunicacao-publica-na-universidade\/","og_locale":"pt_BR","og_type":"article","og_title":"Capacita\u00e7\u00e3o: Comunica\u00e7\u00e3o P\u00fablica na Universidade - Pr\u00f3-Reitoria de Gest\u00e3o com Pessoas - PROGEP","og_description":"Facilitadores:\u00a0Caroline Casali (Docente e Coordenadora do Curso de Gest\u00e3o P\u00fablica, no Centro de Ci\u00eancias S\u00f3cio-Organizacionais &#8211; CCSO\/UFPel) Data: 02\/03\/2023 (quinta-feira) Hor\u00e1rio: das 15h \u00e0s 17h Realiza\u00e7\u00e3o: presencial, Gabinete da Reitoria. Ementa:\u00a0 \u2022\u00a0Organiza\u00e7\u00e3o dos fluxos de comunica\u00e7\u00e3o na UFPel; \u2022\u00a0Rela\u00e7\u00f5es da Universidade com as m\u00eddias; \u2022\u00a0Gest\u00e3o da comunica\u00e7\u00e3o em site e sites de redes sociais; \u2022\u00a0A\u00e7\u00f5es [&hellip;]","og_url":"https:\/\/wp.ufpel.edu.br\/progep\/roda-de-conversa-comunicacao-publica-na-universidade\/","og_site_name":"Pr\u00f3-Reitoria de Gest\u00e3o com Pessoas - PROGEP","article_modified_time":"2023-07-28T20:25:10+00:00","twitter_card":"summary_large_image","schema":{"@context":"https:\/\/schema.org","@graph":[{"@type":"WebPage","@id":"https:\/\/wp.ufpel.edu.br\/progep\/roda-de-conversa-comunicacao-publica-na-universidade\/","url":"https:\/\/wp.ufpel.edu.br\/progep\/roda-de-conversa-comunicacao-publica-na-universidade\/","name":"Capacita\u00e7\u00e3o: Comunica\u00e7\u00e3o P\u00fablica na Universidade - Pr\u00f3-Reitoria de Gest\u00e3o com Pessoas - PROGEP","isPartOf":{"@id":"https:\/\/wp.ufpel.edu.br\/progep\/#website"},"datePublished":"2023-04-19T15:58:50+00:00","dateModified":"2023-07-28T20:25:10+00:00","breadcrumb":{"@id":"https:\/\/wp.ufpel.edu.br\/progep\/roda-de-conversa-comunicacao-publica-na-universidade\/#breadcrumb"},"inLanguage":"pt-BR","potentialAction":[{"@type":"ReadAction","target":["https:\/\/wp.ufpel.edu.br\/progep\/roda-de-conversa-comunicacao-publica-na-universidade\/"]}]},{"@type":"BreadcrumbList","@id":"https:\/\/wp.ufpel.edu.br\/progep\/roda-de-conversa-comunicacao-publica-na-universidade\/#breadcrumb","itemListElement":[{"@type":"ListItem","position":1,"name":"In\u00edcio","item":"https:\/\/wp.ufpel.edu.br\/progep\/"},{"@type":"ListItem","position":2,"name":"Capacita\u00e7\u00e3o: Comunica\u00e7\u00e3o P\u00fablica na Universidade"}]},{"@type":"WebSite","@id":"https:\/\/wp.ufpel.edu.br\/progep\/#website","url":"https:\/\/wp.ufpel.edu.br\/progep\/","name":"Pr\u00f3-Reitoria de Gest\u00e3o com Pessoas - PROGEP","description":"Pr\u00f3-Reitoria de Gest\u00e3o com Pessoas","publisher":{"@id":"https:\/\/wp.ufpel.edu.br\/progep\/#organization"},"potentialAction":[{"@type":"SearchAction","target":{"@type":"EntryPoint","urlTemplate":"https:\/\/wp.ufpel.edu.br\/progep\/?s={search_term_string}"},"query-input":{"@type":"PropertyValueSpecification","valueRequired":true,"valueName":"search_term_string"}}],"inLanguage":"pt-BR"},{"@type":"Organization","@id":"https:\/\/wp.ufpel.edu.br\/progep\/#organization","name":"Pr\u00f3-Reitoria de Gest\u00e3o com Pessoas - PROGEP","url":"https:\/\/wp.ufpel.edu.br\/progep\/","logo":{"@type":"ImageObject","inLanguage":"pt-BR","@id":"https:\/\/wp.ufpel.edu.br\/progep\/#\/schema\/logo\/image\/","url":"https:\/\/wp.ufpel.edu.br\/progep\/files\/2025\/03\/logo-progep_atualizacao-nome_AZUL.png","contentUrl":"https:\/\/wp.ufpel.edu.br\/progep\/files\/2025\/03\/logo-progep_atualizacao-nome_AZUL.png","width":1080,"height":391,"caption":"Pr\u00f3-Reitoria de Gest\u00e3o com Pessoas - PROGEP"},"image":{"@id":"https:\/\/wp.ufpel.edu.br\/progep\/#\/schema\/logo\/image\/"}}]}},"_links":{"self":[{"href":"https:\/\/wp.ufpel.edu.br\/progep\/wp-json\/wp\/v2\/pages\/22937","targetHints":{"allow":["GET"]}}],"collection":[{"href":"https:\/\/wp.ufpel.edu.br\/progep\/wp-json\/wp\/v2\/pages"}],"about":[{"href":"https:\/\/wp.ufpel.edu.br\/progep\/wp-json\/wp\/v2\/types\/page"}],"author":[{"embeddable":true,"href":"https:\/\/wp.ufpel.edu.br\/progep\/wp-json\/wp\/v2\/users\/21"}],"replies":[{"embeddable":true,"href":"https:\/\/wp.ufpel.edu.br\/progep\/wp-json\/wp\/v2\/comments?post=22937"}],"version-history":[{"count":5,"href":"https:\/\/wp.ufpel.edu.br\/progep\/wp-json\/wp\/v2\/pages\/22937\/revisions"}],"predecessor-version":[{"id":24230,"href":"https:\/\/wp.ufpel.edu.br\/progep\/wp-json\/wp\/v2\/pages\/22937\/revisions\/24230"}],"wp:attachment":[{"href":"https:\/\/wp.ufpel.edu.br\/progep\/wp-json\/wp\/v2\/media?parent=22937"}],"curies":[{"name":"wp","href":"https:\/\/api.w.org\/{rel}","templated":true}]}}

Capacitação: Comunicação Pública na Universidade

<p><span style="font-size: 12pt"><strong>Facilitadores: </strong>Caroline Casali (Docente e Coordenadora do Curso de Gestão Pública, no Centro de Ciências Sócio-Organizacionais &#8211; CCSO/UFPel)</span></p>
<p><span style="font-size: 12pt"><strong>Data:</strong> 02/03/2023 (quinta-feira)</span></p>
<p><span style="font-size: 12pt"><strong>Horário: </strong>das 15h às 17h</span></p>
<p><span style="font-size: 12pt"><strong>Realização:</strong> presencial, Gabinete da Reitoria.</span></p>
<p><span style="font-size: 12pt"><strong>Ementa: </strong></span><br />
<span style="font-size: 12pt">• Organização dos fluxos de comunicação na UFPel;</span><br />
<span style="font-size: 12pt">• Relações da Universidade com as mídias;</span><br />
<span style="font-size: 12pt">• Gestão da comunicação em site e sites de redes sociais;</span><br />
<span style="font-size: 12pt">• Ações possíveis em comunicação na UFPel.</span></p>
<hr />
<p>&nbsp;</p>

<p>Facilitadores: Caroline Casali (Docente e Coordenadora do Curso de Gestão Pública, no Centro de Ciências Sócio-Organizacionais &#8211; CCSO/UFPel) Data: 02/03/2023 (quinta-feira) Horário: das 15h às 17h Realização: presencial, Gabinete da Reitoria. Ementa:  • Organização dos fluxos de comunicação na UFPel; • Relações da Universidade com as mídias; • Gestão da comunicação em site e sites de redes sociais; • Ações [&hellip;]</p>

<!-- This site is optimized with the Yoast SEO plugin v28.1 - https://yoast.com/product/yoast-seo-wordpress/ -->
<title>Capacitação: Comunicação Pública na Universidade - Pró-Reitoria de Gestão com Pessoas - PROGEP</title>
<meta name="robots" content="index, follow, max-snippet:-1, max-image-preview:large, max-video-preview:-1" />
<link rel="canonical" href="https://wp.ufpel.edu.br/progep/roda-de-conversa-comunicacao-publica-na-universidade/" />
<meta property="og:locale" content="pt_BR" />
<meta property="og:type" content="article" />
<meta property="og:title" content="Capacitação: Comunicação Pública na Universidade - Pró-Reitoria de Gestão com Pessoas - PROGEP" />
<meta property="og:description" content="Facilitadores: Caroline Casali (Docente e Coordenadora do Curso de Gestão Pública, no Centro de Ciências Sócio-Organizacionais &#8211; CCSO/UFPel) Data: 02/03/2023 (quinta-feira) Horário: das 15h às 17h Realização: presencial, Gabinete da Reitoria. Ementa:  • Organização dos fluxos de comunicação na UFPel; • Relações da Universidade com as mídias; • Gestão da comunicação em site e sites de redes sociais; • Ações [&hellip;]" />
<meta property="og:url" content="https://wp.ufpel.edu.br/progep/roda-de-conversa-comunicacao-publica-na-universidade/" />
<meta property="og:site_name" content="Pró-Reitoria de Gestão com Pessoas - PROGEP" />
<meta property="article:modified_time" content="2023-07-28T20:25:10+00:00" />
<meta name="twitter:card" content="summary_large_image" />
<script type="application/ld+json" class="yoast-schema-graph">{"@context":"https:\/\/schema.org","@graph":[{"@type":"WebPage","@id":"https:\/\/wp.ufpel.edu.br\/progep\/roda-de-conversa-comunicacao-publica-na-universidade\/","url":"https:\/\/wp.ufpel.edu.br\/progep\/roda-de-conversa-comunicacao-publica-na-universidade\/","name":"Capacitação: Comunicação Pública na Universidade - Pró-Reitoria de Gestão com Pessoas - PROGEP","isPartOf":{"@id":"https:\/\/wp.ufpel.edu.br\/progep\/#website"},"datePublished":"2023-04-19T15:58:50+00:00","dateModified":"2023-07-28T20:25:10+00:00","breadcrumb":{"@id":"https:\/\/wp.ufpel.edu.br\/progep\/roda-de-conversa-comunicacao-publica-na-universidade\/#breadcrumb"},"inLanguage":"pt-BR","potentialAction":[{"@type":"ReadAction","target":["https:\/\/wp.ufpel.edu.br\/progep\/roda-de-conversa-comunicacao-publica-na-universidade\/"]}]},{"@type":"BreadcrumbList","@id":"https:\/\/wp.ufpel.edu.br\/progep\/roda-de-conversa-comunicacao-publica-na-universidade\/#breadcrumb","itemListElement":[{"@type":"ListItem","position":1,"name":"Início","item":"https:\/\/wp.ufpel.edu.br\/progep\/"},{"@type":"ListItem","position":2,"name":"Capacitação: Comunicação Pública na Universidade"}]},{"@type":"WebSite","@id":"https:\/\/wp.ufpel.edu.br\/progep\/#website","url":"https:\/\/wp.ufpel.edu.br\/progep\/","name":"Pró-Reitoria de Gestão com Pessoas - PROGEP","description":"Pró-Reitoria de Gestão com Pessoas","publisher":{"@id":"https:\/\/wp.ufpel.edu.br\/progep\/#organization"},"potentialAction":[{"@type":"SearchAction","target":{"@type":"EntryPoint","urlTemplate":"https:\/\/wp.ufpel.edu.br\/progep\/?s={search_term_string}"},"query-input":{"@type":"PropertyValueSpecification","valueRequired":true,"valueName":"search_term_string"}}],"inLanguage":"pt-BR"},{"@type":"Organization","@id":"https:\/\/wp.ufpel.edu.br\/progep\/#organization","name":"Pró-Reitoria de Gestão com Pessoas - PROGEP","url":"https:\/\/wp.ufpel.edu.br\/progep\/","logo":{"@type":"ImageObject","inLanguage":"pt-BR","@id":"https:\/\/wp.ufpel.edu.br\/progep\/#\/schema\/logo\/image\/","url":"https:\/\/wp.ufpel.edu.br\/progep\/files\/2025\/03\/logo-progep_atualizacao-nome_AZUL.png","contentUrl":"https:\/\/wp.ufpel.edu.br\/progep\/files\/2025\/03\/logo-progep_atualizacao-nome_AZUL.png","width":1080,"height":391,"caption":"Pró-Reitoria de Gestão com Pessoas - PROGEP"},"image":{"@id":"https:\/\/wp.ufpel.edu.br\/progep\/#\/schema\/logo\/image\/"}}]}</script>
<!-- / Yoast SEO plugin. -->

Capacitação: Comunicação Pública na Universidade - Pró-Reitoria de Gestão com Pessoas - PROGEP

Facilitadores: Caroline Casali (Docente e Coordenadora do Curso de Gestão Pública, no Centro de Ciências Sócio-Organizacionais &#8211; CCSO/UFPel) Data: 02/03/2023 (quinta-feira) Horário: das 15h às 17h Realização: presencial, Gabinete da Reitoria. Ementa:  • Organização dos fluxos de comunicação na UFPel; • Relações da Universidade com as mídias; • Gestão da comunicação em site e sites de redes sociais; • Ações [&hellip;]

Pró-Reitoria de Gestão com Pessoas - PROGEP

Início

Pró-Reitoria de Gestão com Pessoas
