{"id":22260,"date":"2023-01-23T09:25:18","date_gmt":"2023-01-23T12:25:18","guid":{"rendered":"https:\/\/wp.ufpel.edu.br\/progep\/?page_id=22260"},"modified":"2023-04-27T08:42:37","modified_gmt":"2023-04-27T11:42:37","slug":"controle-de-lotacoes-de-exercicio","status":"publish","type":"page","link":"https:\/\/wp.ufpel.edu.br\/progep\/controle-de-lotacoes-de-exercicio\/","title":{"rendered":"Controle de Lota\u00e7\u00f5es de Exerc\u00edcio"},"content":{"rendered":"<p style=\"text-align: center\"><strong><span style=\"font-size: 36pt;color: #ff6600\">P\u00c1GINA EM CONSTRU\u00c7\u00c3O<\/span><\/strong><\/p>\n<p style=\"text-align: center\">Em breve disponibilizaremos as informa\u00e7\u00f5es.<\/p>\n","protected":false},"excerpt":{"rendered":"<p>P\u00c1GINA EM CONSTRU\u00c7\u00c3O Em breve disponibilizaremos as informa\u00e7\u00f5es.<\/p>\n","protected":false},"author":21,"featured_media":0,"parent":0,"menu_order":0,"comment_status":"closed","ping_status":"closed","template":"","meta":{"footnotes":""},"class_list":["post-22260","page","type-page","status-publish","hentry"],"_links":{"self":[{"href":"https:\/\/wp.ufpel.edu.br\/progep\/wp-json\/wp\/v2\/pages\/22260","targetHints":{"allow":["GET"]}}],"collection":[{"href":"https:\/\/wp.ufpel.edu.br\/progep\/wp-json\/wp\/v2\/pages"}],"about":[{"href":"https:\/\/wp.ufpel.edu.br\/progep\/wp-json\/wp\/v2\/types\/page"}],"author":[{"embeddable":true,"href":"https:\/\/wp.ufpel.edu.br\/progep\/wp-json\/wp\/v2\/users\/21"}],"replies":[{"embeddable":true,"href":"https:\/\/wp.ufpel.edu.br\/progep\/wp-json\/wp\/v2\/comments?post=22260"}],"version-history":[{"count":3,"href":"https:\/\/wp.ufpel.edu.br\/progep\/wp-json\/wp\/v2\/pages\/22260\/revisions"}],"predecessor-version":[{"id":23095,"href":"https:\/\/wp.ufpel.edu.br\/progep\/wp-json\/wp\/v2\/pages\/22260\/revisions\/23095"}],"wp:attachment":[{"href":"https:\/\/wp.ufpel.edu.br\/progep\/wp-json\/wp\/v2\/media?parent=22260"}],"curies":[{"name":"wp","href":"https:\/\/api.w.org\/{rel}","templated":true}]}}