{"id":22129,"date":"2023-01-10T11:40:25","date_gmt":"2023-01-10T14:40:25","guid":{"rendered":"https:\/\/wp.ufpel.edu.br\/progep\/?page_id=22129"},"modified":"2026-06-26T15:05:51","modified_gmt":"2026-06-26T18:05:51","slug":"autocuidado-emocional-um-compromisso-para-o-ano-todo","status":"publish","type":"page","link":"https:\/\/wp.ufpel.edu.br\/progep\/autocuidado-emocional-um-compromisso-para-o-ano-todo\/","title":{"rendered":"Capacita\u00e7\u00e3o: Autocuidado emocional: um compromisso para o ano todo"},"content":{"rendered":"<p><strong>Facilitadoras:<\/strong> Psic. Ang\u00e9lica Gon\u00e7alves Peter, Assist. Social J\u00e9ssica Silva de \u00c1vila e Psic. Maria Helena Concei\u00e7\u00e3o Silveira (Servidoras T\u00e9cnico-Administrativas da Coordena\u00e7\u00e3o de Sa\u00fade e Qualidade de Vida &#8211; CSQV\/PROGEP)<\/p>\n<p><strong>Data:<\/strong> 20\/01\/2023 (sexta-feira)<\/p>\n<p><strong>Hor\u00e1rio:<\/strong> das 9:30 \u00e0s 11:30<\/p>\n<p><strong>Realiza\u00e7\u00e3o:<\/strong> Presencial, no Audit\u00f3rio da Reitoria &#8211; Campus Anglo da UFPel<\/p>\n<p><strong>Ementa:\u00a0<\/strong><br \/>\n\u2022 Como cuidar da sa\u00fade mental ao longo do ano?<br \/>\n\u2022 Como reconhecer e gerir emo\u00e7\u00f5es?<br \/>\n\u2022 Qual a rela\u00e7\u00e3o entre flexibilidade cognitiva e sa\u00fade mental?<\/p>\n<p><strong>P\u00fablico Alvo<\/strong>: Servidores docentes e TAE\u2019s ativos*<\/p>\n<p><strong>Vagas<\/strong>: <strong><span style=\"color: #ff0000\">30 vagas<\/span><\/strong>\u00a0por ordem de inscri\u00e7\u00e3o.<\/p>\n<p><strong>Per\u00edodo de inscri\u00e7\u00e3o<\/strong>: 10\/01 a 18\/01\/2023<\/p>\n<p><strong>Divulga\u00e7\u00e3o das inscri\u00e7\u00f5es homologadas<\/strong>: 19\/01\/2023**, nesta p\u00e1gina.<\/p>\n<p>*Considerando a Pol\u00edtica Nacional de Desenvolvimento de Pessoas, conforme Decreto n\u00ba 9.991\/19, somente ser\u00e3o certificados os servidores p\u00fablicos pertencentes ao Quadro Efetivo da UFPel.<\/p>\n<p>**Quando homologadas as inscri\u00e7\u00f5es, os selecionados receber\u00e3o e-mail de confirma\u00e7\u00e3o.<\/p>\n<p><strong><span style=\"color: #ff6600\"><a style=\"color: #ff6600\" href=\"https:\/\/wp.ufpel.edu.br\/progep\/files\/2023\/01\/Homologacao-Autocuidado.pdf\">INSCRI\u00c7\u00d5ES HOMOLOGADAS<\/a><\/span><\/strong><\/p>\n","protected":false},"excerpt":{"rendered":"<p>Facilitadoras: Psic. Ang\u00e9lica Gon\u00e7alves Peter, Assist. Social J\u00e9ssica Silva de \u00c1vila e Psic. Maria Helena Concei\u00e7\u00e3o Silveira (Servidoras T\u00e9cnico-Administrativas da Coordena\u00e7\u00e3o de Sa\u00fade e Qualidade de Vida &#8211; CSQV\/PROGEP) Data: 20\/01\/2023 (sexta-feira) Hor\u00e1rio: das 9:30 \u00e0s 11:30 Realiza\u00e7\u00e3o: Presencial, no Audit\u00f3rio da Reitoria &#8211; Campus Anglo da UFPel Ementa:\u00a0 \u2022 Como cuidar da sa\u00fade mental [&hellip;]<\/p>\n","protected":false},"author":21,"featured_media":0,"parent":0,"menu_order":0,"comment_status":"closed","ping_status":"closed","template":"","meta":{"footnotes":""},"class_list":["post-22129","page","type-page","status-publish","hentry"],"yoast_head":"<!-- This site is optimized with the Yoast SEO plugin v28.1 - https:\/\/yoast.com\/product\/yoast-seo-wordpress\/ -->\n<title>Capacita\u00e7\u00e3o: Autocuidado emocional: um compromisso para o ano todo - Pr\u00f3-Reitoria de Gest\u00e3o com Pessoas - PROGEP<\/title>\n<meta name=\"robots\" content=\"index, follow, max-snippet:-1, max-image-preview:large, max-video-preview:-1\" \/>\n<link rel=\"canonical\" href=\"https:\/\/wp.ufpel.edu.br\/progep\/autocuidado-emocional-um-compromisso-para-o-ano-todo\/\" \/>\n<meta property=\"og:locale\" content=\"pt_BR\" \/>\n<meta property=\"og:type\" content=\"article\" \/>\n<meta property=\"og:title\" content=\"Capacita\u00e7\u00e3o: Autocuidado emocional: um compromisso para o ano todo - Pr\u00f3-Reitoria de Gest\u00e3o com Pessoas - PROGEP\" \/>\n<meta property=\"og:description\" content=\"Facilitadoras: Psic. Ang\u00e9lica Gon\u00e7alves Peter, Assist. Social J\u00e9ssica Silva de \u00c1vila e Psic. Maria Helena Concei\u00e7\u00e3o Silveira (Servidoras T\u00e9cnico-Administrativas da Coordena\u00e7\u00e3o de Sa\u00fade e Qualidade de Vida &#8211; CSQV\/PROGEP) Data: 20\/01\/2023 (sexta-feira) Hor\u00e1rio: das 9:30 \u00e0s 11:30 Realiza\u00e7\u00e3o: Presencial, no Audit\u00f3rio da Reitoria &#8211; Campus Anglo da UFPel Ementa:\u00a0 \u2022 Como cuidar da sa\u00fade mental [&hellip;]\" \/>\n<meta property=\"og:url\" content=\"https:\/\/wp.ufpel.edu.br\/progep\/autocuidado-emocional-um-compromisso-para-o-ano-todo\/\" \/>\n<meta property=\"og:site_name\" content=\"Pr\u00f3-Reitoria de Gest\u00e3o com Pessoas - PROGEP\" \/>\n<meta property=\"article:modified_time\" content=\"2026-06-26T18:05:51+00:00\" \/>\n<meta name=\"twitter:card\" content=\"summary_large_image\" \/>\n<meta name=\"twitter:label1\" content=\"Est. tempo de leitura\" \/>\n\t<meta name=\"twitter:data1\" content=\"1 minuto\" \/>\n<script type=\"application\/ld+json\" class=\"yoast-schema-graph\">{\"@context\":\"https:\\\/\\\/schema.org\",\"@graph\":[{\"@type\":\"WebPage\",\"@id\":\"https:\\\/\\\/wp.ufpel.edu.br\\\/progep\\\/autocuidado-emocional-um-compromisso-para-o-ano-todo\\\/\",\"url\":\"https:\\\/\\\/wp.ufpel.edu.br\\\/progep\\\/autocuidado-emocional-um-compromisso-para-o-ano-todo\\\/\",\"name\":\"Capacita\u00e7\u00e3o: Autocuidado emocional: um compromisso para o ano todo - Pr\u00f3-Reitoria de Gest\u00e3o com Pessoas - PROGEP\",\"isPartOf\":{\"@id\":\"https:\\\/\\\/wp.ufpel.edu.br\\\/progep\\\/#website\"},\"datePublished\":\"2023-01-10T14:40:25+00:00\",\"dateModified\":\"2026-06-26T18:05:51+00:00\",\"breadcrumb\":{\"@id\":\"https:\\\/\\\/wp.ufpel.edu.br\\\/progep\\\/autocuidado-emocional-um-compromisso-para-o-ano-todo\\\/#breadcrumb\"},\"inLanguage\":\"pt-BR\",\"potentialAction\":[{\"@type\":\"ReadAction\",\"target\":[\"https:\\\/\\\/wp.ufpel.edu.br\\\/progep\\\/autocuidado-emocional-um-compromisso-para-o-ano-todo\\\/\"]}]},{\"@type\":\"BreadcrumbList\",\"@id\":\"https:\\\/\\\/wp.ufpel.edu.br\\\/progep\\\/autocuidado-emocional-um-compromisso-para-o-ano-todo\\\/#breadcrumb\",\"itemListElement\":[{\"@type\":\"ListItem\",\"position\":1,\"name\":\"In\u00edcio\",\"item\":\"https:\\\/\\\/wp.ufpel.edu.br\\\/progep\\\/\"},{\"@type\":\"ListItem\",\"position\":2,\"name\":\"Capacita\u00e7\u00e3o: Autocuidado emocional: um compromisso para o ano todo\"}]},{\"@type\":\"WebSite\",\"@id\":\"https:\\\/\\\/wp.ufpel.edu.br\\\/progep\\\/#website\",\"url\":\"https:\\\/\\\/wp.ufpel.edu.br\\\/progep\\\/\",\"name\":\"Pr\u00f3-Reitoria de Gest\u00e3o com Pessoas - PROGEP\",\"description\":\"Pr\u00f3-Reitoria de Gest\u00e3o com Pessoas\",\"publisher\":{\"@id\":\"https:\\\/\\\/wp.ufpel.edu.br\\\/progep\\\/#organization\"},\"potentialAction\":[{\"@type\":\"SearchAction\",\"target\":{\"@type\":\"EntryPoint\",\"urlTemplate\":\"https:\\\/\\\/wp.ufpel.edu.br\\\/progep\\\/?s={search_term_string}\"},\"query-input\":{\"@type\":\"PropertyValueSpecification\",\"valueRequired\":true,\"valueName\":\"search_term_string\"}}],\"inLanguage\":\"pt-BR\"},{\"@type\":\"Organization\",\"@id\":\"https:\\\/\\\/wp.ufpel.edu.br\\\/progep\\\/#organization\",\"name\":\"Pr\u00f3-Reitoria de Gest\u00e3o com Pessoas - PROGEP\",\"url\":\"https:\\\/\\\/wp.ufpel.edu.br\\\/progep\\\/\",\"logo\":{\"@type\":\"ImageObject\",\"inLanguage\":\"pt-BR\",\"@id\":\"https:\\\/\\\/wp.ufpel.edu.br\\\/progep\\\/#\\\/schema\\\/logo\\\/image\\\/\",\"url\":\"https:\\\/\\\/wp.ufpel.edu.br\\\/progep\\\/files\\\/2025\\\/03\\\/logo-progep_atualizacao-nome_AZUL.png\",\"contentUrl\":\"https:\\\/\\\/wp.ufpel.edu.br\\\/progep\\\/files\\\/2025\\\/03\\\/logo-progep_atualizacao-nome_AZUL.png\",\"width\":1080,\"height\":391,\"caption\":\"Pr\u00f3-Reitoria de Gest\u00e3o com Pessoas - PROGEP\"},\"image\":{\"@id\":\"https:\\\/\\\/wp.ufpel.edu.br\\\/progep\\\/#\\\/schema\\\/logo\\\/image\\\/\"}}]}<\/script>\n<!-- \/ Yoast SEO plugin. -->","yoast_head_json":{"title":"Capacita\u00e7\u00e3o: Autocuidado emocional: um compromisso para o ano todo - Pr\u00f3-Reitoria de Gest\u00e3o com Pessoas - PROGEP","robots":{"index":"index","follow":"follow","max-snippet":"max-snippet:-1","max-image-preview":"max-image-preview:large","max-video-preview":"max-video-preview:-1"},"canonical":"https:\/\/wp.ufpel.edu.br\/progep\/autocuidado-emocional-um-compromisso-para-o-ano-todo\/","og_locale":"pt_BR","og_type":"article","og_title":"Capacita\u00e7\u00e3o: Autocuidado emocional: um compromisso para o ano todo - Pr\u00f3-Reitoria de Gest\u00e3o com Pessoas - PROGEP","og_description":"Facilitadoras: Psic. Ang\u00e9lica Gon\u00e7alves Peter, Assist. Social J\u00e9ssica Silva de \u00c1vila e Psic. Maria Helena Concei\u00e7\u00e3o Silveira (Servidoras T\u00e9cnico-Administrativas da Coordena\u00e7\u00e3o de Sa\u00fade e Qualidade de Vida &#8211; CSQV\/PROGEP) Data: 20\/01\/2023 (sexta-feira) Hor\u00e1rio: das 9:30 \u00e0s 11:30 Realiza\u00e7\u00e3o: Presencial, no Audit\u00f3rio da Reitoria &#8211; Campus Anglo da UFPel Ementa:\u00a0 \u2022 Como cuidar da sa\u00fade mental [&hellip;]","og_url":"https:\/\/wp.ufpel.edu.br\/progep\/autocuidado-emocional-um-compromisso-para-o-ano-todo\/","og_site_name":"Pr\u00f3-Reitoria de Gest\u00e3o com Pessoas - PROGEP","article_modified_time":"2026-06-26T18:05:51+00:00","twitter_card":"summary_large_image","twitter_misc":{"Est. tempo de leitura":"1 minuto"},"schema":{"@context":"https:\/\/schema.org","@graph":[{"@type":"WebPage","@id":"https:\/\/wp.ufpel.edu.br\/progep\/autocuidado-emocional-um-compromisso-para-o-ano-todo\/","url":"https:\/\/wp.ufpel.edu.br\/progep\/autocuidado-emocional-um-compromisso-para-o-ano-todo\/","name":"Capacita\u00e7\u00e3o: Autocuidado emocional: um compromisso para o ano todo - Pr\u00f3-Reitoria de Gest\u00e3o com Pessoas - PROGEP","isPartOf":{"@id":"https:\/\/wp.ufpel.edu.br\/progep\/#website"},"datePublished":"2023-01-10T14:40:25+00:00","dateModified":"2026-06-26T18:05:51+00:00","breadcrumb":{"@id":"https:\/\/wp.ufpel.edu.br\/progep\/autocuidado-emocional-um-compromisso-para-o-ano-todo\/#breadcrumb"},"inLanguage":"pt-BR","potentialAction":[{"@type":"ReadAction","target":["https:\/\/wp.ufpel.edu.br\/progep\/autocuidado-emocional-um-compromisso-para-o-ano-todo\/"]}]},{"@type":"BreadcrumbList","@id":"https:\/\/wp.ufpel.edu.br\/progep\/autocuidado-emocional-um-compromisso-para-o-ano-todo\/#breadcrumb","itemListElement":[{"@type":"ListItem","position":1,"name":"In\u00edcio","item":"https:\/\/wp.ufpel.edu.br\/progep\/"},{"@type":"ListItem","position":2,"name":"Capacita\u00e7\u00e3o: Autocuidado emocional: um compromisso para o ano todo"}]},{"@type":"WebSite","@id":"https:\/\/wp.ufpel.edu.br\/progep\/#website","url":"https:\/\/wp.ufpel.edu.br\/progep\/","name":"Pr\u00f3-Reitoria de Gest\u00e3o com Pessoas - PROGEP","description":"Pr\u00f3-Reitoria de Gest\u00e3o com Pessoas","publisher":{"@id":"https:\/\/wp.ufpel.edu.br\/progep\/#organization"},"potentialAction":[{"@type":"SearchAction","target":{"@type":"EntryPoint","urlTemplate":"https:\/\/wp.ufpel.edu.br\/progep\/?s={search_term_string}"},"query-input":{"@type":"PropertyValueSpecification","valueRequired":true,"valueName":"search_term_string"}}],"inLanguage":"pt-BR"},{"@type":"Organization","@id":"https:\/\/wp.ufpel.edu.br\/progep\/#organization","name":"Pr\u00f3-Reitoria de Gest\u00e3o com Pessoas - PROGEP","url":"https:\/\/wp.ufpel.edu.br\/progep\/","logo":{"@type":"ImageObject","inLanguage":"pt-BR","@id":"https:\/\/wp.ufpel.edu.br\/progep\/#\/schema\/logo\/image\/","url":"https:\/\/wp.ufpel.edu.br\/progep\/files\/2025\/03\/logo-progep_atualizacao-nome_AZUL.png","contentUrl":"https:\/\/wp.ufpel.edu.br\/progep\/files\/2025\/03\/logo-progep_atualizacao-nome_AZUL.png","width":1080,"height":391,"caption":"Pr\u00f3-Reitoria de Gest\u00e3o com Pessoas - PROGEP"},"image":{"@id":"https:\/\/wp.ufpel.edu.br\/progep\/#\/schema\/logo\/image\/"}}]}},"_links":{"self":[{"href":"https:\/\/wp.ufpel.edu.br\/progep\/wp-json\/wp\/v2\/pages\/22129","targetHints":{"allow":["GET"]}}],"collection":[{"href":"https:\/\/wp.ufpel.edu.br\/progep\/wp-json\/wp\/v2\/pages"}],"about":[{"href":"https:\/\/wp.ufpel.edu.br\/progep\/wp-json\/wp\/v2\/types\/page"}],"author":[{"embeddable":true,"href":"https:\/\/wp.ufpel.edu.br\/progep\/wp-json\/wp\/v2\/users\/21"}],"replies":[{"embeddable":true,"href":"https:\/\/wp.ufpel.edu.br\/progep\/wp-json\/wp\/v2\/comments?post=22129"}],"version-history":[{"count":7,"href":"https:\/\/wp.ufpel.edu.br\/progep\/wp-json\/wp\/v2\/pages\/22129\/revisions"}],"predecessor-version":[{"id":32572,"href":"https:\/\/wp.ufpel.edu.br\/progep\/wp-json\/wp\/v2\/pages\/22129\/revisions\/32572"}],"wp:attachment":[{"href":"https:\/\/wp.ufpel.edu.br\/progep\/wp-json\/wp\/v2\/media?parent=22129"}],"curies":[{"name":"wp","href":"https:\/\/api.w.org\/{rel}","templated":true}]}}

Capacitação: Autocuidado emocional: um compromisso para o ano todo

<p><strong>Facilitadoras:</strong> Psic. Angélica Gonçalves Peter, Assist. Social Jéssica Silva de Ávila e Psic. Maria Helena Conceição Silveira (Servidoras Técnico-Administrativas da Coordenação de Saúde e Qualidade de Vida &#8211; CSQV/PROGEP)</p>
<p><strong>Data:</strong> 20/01/2023 (sexta-feira)</p>
<p><strong>Horário:</strong> das 9:30 às 11:30</p>
<p><strong>Realização:</strong> Presencial, no Auditório da Reitoria &#8211; Campus Anglo da UFPel</p>
<p><strong>Ementa: </strong><br />
• Como cuidar da saúde mental ao longo do ano?<br />
• Como reconhecer e gerir emoções?<br />
• Qual a relação entre flexibilidade cognitiva e saúde mental?</p>
<p><strong>Público Alvo</strong>: Servidores docentes e TAE’s ativos*</p>
<p><strong>Vagas</strong>: <strong><span style="color: #ff0000">30 vagas</span></strong> por ordem de inscrição.</p>
<p><strong>Período de inscrição</strong>: 10/01 a 18/01/2023</p>
<p><strong>Divulgação das inscrições homologadas</strong>: 19/01/2023**, nesta página.</p>
<p>*Considerando a Política Nacional de Desenvolvimento de Pessoas, conforme Decreto nº 9.991/19, somente serão certificados os servidores públicos pertencentes ao Quadro Efetivo da UFPel.</p>
<p>**Quando homologadas as inscrições, os selecionados receberão e-mail de confirmação.</p>
<p><strong><span style="color: #ff6600"><a style="color: #ff6600" href="https://wp.ufpel.edu.br/progep/files/2023/01/Homologacao-Autocuidado.pdf">INSCRIÇÕES HOMOLOGADAS</a></span></strong></p>

<p>Facilitadoras: Psic. Angélica Gonçalves Peter, Assist. Social Jéssica Silva de Ávila e Psic. Maria Helena Conceição Silveira (Servidoras Técnico-Administrativas da Coordenação de Saúde e Qualidade de Vida &#8211; CSQV/PROGEP) Data: 20/01/2023 (sexta-feira) Horário: das 9:30 às 11:30 Realização: Presencial, no Auditório da Reitoria &#8211; Campus Anglo da UFPel Ementa:  • Como cuidar da saúde mental [&hellip;]</p>

<!-- This site is optimized with the Yoast SEO plugin v28.1 - https://yoast.com/product/yoast-seo-wordpress/ -->
<title>Capacitação: Autocuidado emocional: um compromisso para o ano todo - Pró-Reitoria de Gestão com Pessoas - PROGEP</title>
<meta name="robots" content="index, follow, max-snippet:-1, max-image-preview:large, max-video-preview:-1" />
<link rel="canonical" href="https://wp.ufpel.edu.br/progep/autocuidado-emocional-um-compromisso-para-o-ano-todo/" />
<meta property="og:locale" content="pt_BR" />
<meta property="og:type" content="article" />
<meta property="og:title" content="Capacitação: Autocuidado emocional: um compromisso para o ano todo - Pró-Reitoria de Gestão com Pessoas - PROGEP" />
<meta property="og:description" content="Facilitadoras: Psic. Angélica Gonçalves Peter, Assist. Social Jéssica Silva de Ávila e Psic. Maria Helena Conceição Silveira (Servidoras Técnico-Administrativas da Coordenação de Saúde e Qualidade de Vida &#8211; CSQV/PROGEP) Data: 20/01/2023 (sexta-feira) Horário: das 9:30 às 11:30 Realização: Presencial, no Auditório da Reitoria &#8211; Campus Anglo da UFPel Ementa:  • Como cuidar da saúde mental [&hellip;]" />
<meta property="og:url" content="https://wp.ufpel.edu.br/progep/autocuidado-emocional-um-compromisso-para-o-ano-todo/" />
<meta property="og:site_name" content="Pró-Reitoria de Gestão com Pessoas - PROGEP" />
<meta property="article:modified_time" content="2026-06-26T18:05:51+00:00" />
<meta name="twitter:card" content="summary_large_image" />
<meta name="twitter:label1" content="Est. tempo de leitura" />
	<meta name="twitter:data1" content="1 minuto" />
<script type="application/ld+json" class="yoast-schema-graph">{"@context":"https:\/\/schema.org","@graph":[{"@type":"WebPage","@id":"https:\/\/wp.ufpel.edu.br\/progep\/autocuidado-emocional-um-compromisso-para-o-ano-todo\/","url":"https:\/\/wp.ufpel.edu.br\/progep\/autocuidado-emocional-um-compromisso-para-o-ano-todo\/","name":"Capacitação: Autocuidado emocional: um compromisso para o ano todo - Pró-Reitoria de Gestão com Pessoas - PROGEP","isPartOf":{"@id":"https:\/\/wp.ufpel.edu.br\/progep\/#website"},"datePublished":"2023-01-10T14:40:25+00:00","dateModified":"2026-06-26T18:05:51+00:00","breadcrumb":{"@id":"https:\/\/wp.ufpel.edu.br\/progep\/autocuidado-emocional-um-compromisso-para-o-ano-todo\/#breadcrumb"},"inLanguage":"pt-BR","potentialAction":[{"@type":"ReadAction","target":["https:\/\/wp.ufpel.edu.br\/progep\/autocuidado-emocional-um-compromisso-para-o-ano-todo\/"]}]},{"@type":"BreadcrumbList","@id":"https:\/\/wp.ufpel.edu.br\/progep\/autocuidado-emocional-um-compromisso-para-o-ano-todo\/#breadcrumb","itemListElement":[{"@type":"ListItem","position":1,"name":"Início","item":"https:\/\/wp.ufpel.edu.br\/progep\/"},{"@type":"ListItem","position":2,"name":"Capacitação: Autocuidado emocional: um compromisso para o ano todo"}]},{"@type":"WebSite","@id":"https:\/\/wp.ufpel.edu.br\/progep\/#website","url":"https:\/\/wp.ufpel.edu.br\/progep\/","name":"Pró-Reitoria de Gestão com Pessoas - PROGEP","description":"Pró-Reitoria de Gestão com Pessoas","publisher":{"@id":"https:\/\/wp.ufpel.edu.br\/progep\/#organization"},"potentialAction":[{"@type":"SearchAction","target":{"@type":"EntryPoint","urlTemplate":"https:\/\/wp.ufpel.edu.br\/progep\/?s={search_term_string}"},"query-input":{"@type":"PropertyValueSpecification","valueRequired":true,"valueName":"search_term_string"}}],"inLanguage":"pt-BR"},{"@type":"Organization","@id":"https:\/\/wp.ufpel.edu.br\/progep\/#organization","name":"Pró-Reitoria de Gestão com Pessoas - PROGEP","url":"https:\/\/wp.ufpel.edu.br\/progep\/","logo":{"@type":"ImageObject","inLanguage":"pt-BR","@id":"https:\/\/wp.ufpel.edu.br\/progep\/#\/schema\/logo\/image\/","url":"https:\/\/wp.ufpel.edu.br\/progep\/files\/2025\/03\/logo-progep_atualizacao-nome_AZUL.png","contentUrl":"https:\/\/wp.ufpel.edu.br\/progep\/files\/2025\/03\/logo-progep_atualizacao-nome_AZUL.png","width":1080,"height":391,"caption":"Pró-Reitoria de Gestão com Pessoas - PROGEP"},"image":{"@id":"https:\/\/wp.ufpel.edu.br\/progep\/#\/schema\/logo\/image\/"}}]}</script>
<!-- / Yoast SEO plugin. -->

Capacitação: Autocuidado emocional: um compromisso para o ano todo - Pró-Reitoria de Gestão com Pessoas - PROGEP

Facilitadoras: Psic. Angélica Gonçalves Peter, Assist. Social Jéssica Silva de Ávila e Psic. Maria Helena Conceição Silveira (Servidoras Técnico-Administrativas da Coordenação de Saúde e Qualidade de Vida &#8211; CSQV/PROGEP) Data: 20/01/2023 (sexta-feira) Horário: das 9:30 às 11:30 Realização: Presencial, no Auditório da Reitoria &#8211; Campus Anglo da UFPel Ementa:  • Como cuidar da saúde mental [&hellip;]

Pró-Reitoria de Gestão com Pessoas - PROGEP

Início

Pró-Reitoria de Gestão com Pessoas
