{"id":21855,"date":"2023-04-28T10:05:17","date_gmt":"2023-04-28T13:05:17","guid":{"rendered":"https:\/\/wp.ufpel.edu.br\/progep\/?page_id=21855"},"modified":"2025-07-04T14:12:31","modified_gmt":"2025-07-04T17:12:31","slug":"aposentados-e-pensionistas_nova","status":"publish","type":"page","link":"https:\/\/wp.ufpel.edu.br\/progep\/aposentados-e-pensionistas_nova\/","title":{"rendered":"Aposentados e Pensionistas"},"content":{"rendered":"\n<div class=\"wp-block-group\"><div class=\"wp-block-group__inner-container is-layout-constrained wp-block-group-is-layout-constrained\">\n<div class=\"logoTituloModelStyle\"><img class=\"size-medium wp-image-27184 alignleft\" src=\"https:\/\/wp.ufpel.edu.br\/progep\/files\/2025\/03\/logo-progep_atualizacao-nome_AZUL.png\" alt=\"\" \/>\n<div><strong>Aposentados e Pensionistas<\/strong><\/div>\n<\/div>\n<hr class=\"hrModelStyle\" \/>\n<div class=\"descriptionModelStyle\">Est\u00e1 p\u00e1gina \u00e9 voltada para servi\u00e7os e informa\u00e7\u00f5es quanto aos Aposentados e Pensionistas.<\/div>\n<\/div><\/div>\n\n\n<div class=\"aposentadosEpensionistasStyle\">\n<div class=\"aposentadosButton botaoStyle\">\n<a href=\"https:\/\/wp.ufpel.edu.br\/progep\/administracao-de-pessoal\/manual-do-servidor\/atualizacao-cadastral\/\">Atualiza\u00e7\u00e3o Cadastral (demais dados)<\/a>\n<a href=\"https:\/\/wp.ufpel.edu.br\/progep\/?page_id=23164&amp;preview=true\">Altera\u00e7\u00e3o de Dados Banc\u00e1rios<\/a>\n<a href=\"https:\/\/wp.ufpel.edu.br\/progep\/?page_id=23168&amp;preview=true\">Altera\u00e7\u00e3o de Endere\u00e7o<\/a>\n<a href=\"https:\/\/wp.ufpel.edu.br\/progep\/?page_id=22220&amp;preview=true\">Aposentadorias<\/a>\n<a href=\"https:\/\/wp.ufpel.edu.br\/progep\/?page_id=22217&amp;preview=true\">Isen\u00e7\u00e3o de Imposto de Renda<\/a>\n<a href=\"https:\/\/wp.ufpel.edu.br\/progep\/?page_id=22214&amp;preview=true\">Recadastramento<\/a>\n<\/div>\n<div><a class=\"sou-gov\" href=\"https:\/\/sougov.sigepe.gov.br\/sougov\/\" target=\"_blank\"><img src=\"https:\/\/wp.ufpel.edu.br\/progep\/files\/2024\/12\/logo-souGov.png\" alt=\"\" width=\"100\" height=\"100\" \/><br \/>\n<strong>Acesso ao SouGov<\/strong><br \/>\n<\/a><\/div>\n<div \/>","protected":false},"excerpt":{"rendered":"<p>Aposentados e Pensionistas Est\u00e1 p\u00e1gina \u00e9 voltada para servi\u00e7os e informa\u00e7\u00f5es quanto aos Aposentados e Pensionistas. Atualiza\u00e7\u00e3o Cadastral (demais dados) Altera\u00e7\u00e3o de Dados Banc\u00e1rios Altera\u00e7\u00e3o de Endere\u00e7o Aposentadorias Isen\u00e7\u00e3o de Imposto de Renda Recadastramento Acesso ao SouGov<\/p>\n","protected":false},"author":21,"featured_media":0,"parent":0,"menu_order":0,"comment_status":"closed","ping_status":"closed","template":"","meta":{"footnotes":""},"class_list":["post-21855","page","type-page","status-publish","hentry"],"yoast_head":"<!-- This site is optimized with the Yoast SEO plugin v28.1 - https:\/\/yoast.com\/product\/yoast-seo-wordpress\/ -->\n<title>Aposentados e Pensionistas - Pr\u00f3-Reitoria de Gest\u00e3o com Pessoas - PROGEP<\/title>\n<meta name=\"robots\" content=\"index, follow, max-snippet:-1, max-image-preview:large, max-video-preview:-1\" \/>\n<link rel=\"canonical\" href=\"https:\/\/wp.ufpel.edu.br\/progep\/aposentados-e-pensionistas_nova\/\" \/>\n<meta property=\"og:locale\" content=\"pt_BR\" \/>\n<meta property=\"og:type\" content=\"article\" \/>\n<meta property=\"og:title\" content=\"Aposentados e Pensionistas - Pr\u00f3-Reitoria de Gest\u00e3o com Pessoas - PROGEP\" \/>\n<meta property=\"og:description\" content=\"Aposentados e Pensionistas Est\u00e1 p\u00e1gina \u00e9 voltada para servi\u00e7os e informa\u00e7\u00f5es quanto aos Aposentados e Pensionistas. Atualiza\u00e7\u00e3o Cadastral (demais dados) Altera\u00e7\u00e3o de Dados Banc\u00e1rios Altera\u00e7\u00e3o de Endere\u00e7o Aposentadorias Isen\u00e7\u00e3o de Imposto de Renda Recadastramento Acesso ao SouGov\" \/>\n<meta property=\"og:url\" content=\"https:\/\/wp.ufpel.edu.br\/progep\/aposentados-e-pensionistas_nova\/\" \/>\n<meta property=\"og:site_name\" content=\"Pr\u00f3-Reitoria de Gest\u00e3o com Pessoas - PROGEP\" \/>\n<meta property=\"article:modified_time\" content=\"2025-07-04T17:12:31+00:00\" \/>\n<meta property=\"og:image\" content=\"https:\/\/wp.ufpel.edu.br\/progep\/files\/2025\/03\/logo-progep_atualizacao-nome_AZUL.png\" \/>\n<meta name=\"twitter:card\" content=\"summary_large_image\" \/>\n<script type=\"application\/ld+json\" class=\"yoast-schema-graph\">{\"@context\":\"https:\\\/\\\/schema.org\",\"@graph\":[{\"@type\":\"WebPage\",\"@id\":\"https:\\\/\\\/wp.ufpel.edu.br\\\/progep\\\/aposentados-e-pensionistas_nova\\\/\",\"url\":\"https:\\\/\\\/wp.ufpel.edu.br\\\/progep\\\/aposentados-e-pensionistas_nova\\\/\",\"name\":\"Aposentados e Pensionistas - Pr\u00f3-Reitoria de Gest\u00e3o com Pessoas - PROGEP\",\"isPartOf\":{\"@id\":\"https:\\\/\\\/wp.ufpel.edu.br\\\/progep\\\/#website\"},\"primaryImageOfPage\":{\"@id\":\"https:\\\/\\\/wp.ufpel.edu.br\\\/progep\\\/aposentados-e-pensionistas_nova\\\/#primaryimage\"},\"image\":{\"@id\":\"https:\\\/\\\/wp.ufpel.edu.br\\\/progep\\\/aposentados-e-pensionistas_nova\\\/#primaryimage\"},\"thumbnailUrl\":\"https:\\\/\\\/wp.ufpel.edu.br\\\/progep\\\/files\\\/2025\\\/03\\\/logo-progep_atualizacao-nome_AZUL.png\",\"datePublished\":\"2023-04-28T13:05:17+00:00\",\"dateModified\":\"2025-07-04T17:12:31+00:00\",\"breadcrumb\":{\"@id\":\"https:\\\/\\\/wp.ufpel.edu.br\\\/progep\\\/aposentados-e-pensionistas_nova\\\/#breadcrumb\"},\"inLanguage\":\"pt-BR\",\"potentialAction\":[{\"@type\":\"ReadAction\",\"target\":[\"https:\\\/\\\/wp.ufpel.edu.br\\\/progep\\\/aposentados-e-pensionistas_nova\\\/\"]}]},{\"@type\":\"ImageObject\",\"inLanguage\":\"pt-BR\",\"@id\":\"https:\\\/\\\/wp.ufpel.edu.br\\\/progep\\\/aposentados-e-pensionistas_nova\\\/#primaryimage\",\"url\":\"\",\"contentUrl\":\"\"},{\"@type\":\"BreadcrumbList\",\"@id\":\"https:\\\/\\\/wp.ufpel.edu.br\\\/progep\\\/aposentados-e-pensionistas_nova\\\/#breadcrumb\",\"itemListElement\":[{\"@type\":\"ListItem\",\"position\":1,\"name\":\"In\u00edcio\",\"item\":\"https:\\\/\\\/wp.ufpel.edu.br\\\/progep\\\/\"},{\"@type\":\"ListItem\",\"position\":2,\"name\":\"Aposentados e Pensionistas\"}]},{\"@type\":\"WebSite\",\"@id\":\"https:\\\/\\\/wp.ufpel.edu.br\\\/progep\\\/#website\",\"url\":\"https:\\\/\\\/wp.ufpel.edu.br\\\/progep\\\/\",\"name\":\"Pr\u00f3-Reitoria de Gest\u00e3o com Pessoas - PROGEP\",\"description\":\"Pr\u00f3-Reitoria de Gest\u00e3o com Pessoas\",\"publisher\":{\"@id\":\"https:\\\/\\\/wp.ufpel.edu.br\\\/progep\\\/#organization\"},\"potentialAction\":[{\"@type\":\"SearchAction\",\"target\":{\"@type\":\"EntryPoint\",\"urlTemplate\":\"https:\\\/\\\/wp.ufpel.edu.br\\\/progep\\\/?s={search_term_string}\"},\"query-input\":{\"@type\":\"PropertyValueSpecification\",\"valueRequired\":true,\"valueName\":\"search_term_string\"}}],\"inLanguage\":\"pt-BR\"},{\"@type\":\"Organization\",\"@id\":\"https:\\\/\\\/wp.ufpel.edu.br\\\/progep\\\/#organization\",\"name\":\"Pr\u00f3-Reitoria de Gest\u00e3o com Pessoas - PROGEP\",\"url\":\"https:\\\/\\\/wp.ufpel.edu.br\\\/progep\\\/\",\"logo\":{\"@type\":\"ImageObject\",\"inLanguage\":\"pt-BR\",\"@id\":\"https:\\\/\\\/wp.ufpel.edu.br\\\/progep\\\/#\\\/schema\\\/logo\\\/image\\\/\",\"url\":\"https:\\\/\\\/wp.ufpel.edu.br\\\/progep\\\/files\\\/2025\\\/03\\\/logo-progep_atualizacao-nome_AZUL.png\",\"contentUrl\":\"https:\\\/\\\/wp.ufpel.edu.br\\\/progep\\\/files\\\/2025\\\/03\\\/logo-progep_atualizacao-nome_AZUL.png\",\"width\":1080,\"height\":391,\"caption\":\"Pr\u00f3-Reitoria de Gest\u00e3o com Pessoas - PROGEP\"},\"image\":{\"@id\":\"https:\\\/\\\/wp.ufpel.edu.br\\\/progep\\\/#\\\/schema\\\/logo\\\/image\\\/\"}}]}<\/script>\n<!-- \/ Yoast SEO plugin. -->","yoast_head_json":{"title":"Aposentados e Pensionistas - Pr\u00f3-Reitoria de Gest\u00e3o com Pessoas - PROGEP","robots":{"index":"index","follow":"follow","max-snippet":"max-snippet:-1","max-image-preview":"max-image-preview:large","max-video-preview":"max-video-preview:-1"},"canonical":"https:\/\/wp.ufpel.edu.br\/progep\/aposentados-e-pensionistas_nova\/","og_locale":"pt_BR","og_type":"article","og_title":"Aposentados e Pensionistas - Pr\u00f3-Reitoria de Gest\u00e3o com Pessoas - PROGEP","og_description":"Aposentados e Pensionistas Est\u00e1 p\u00e1gina \u00e9 voltada para servi\u00e7os e informa\u00e7\u00f5es quanto aos Aposentados e Pensionistas. Atualiza\u00e7\u00e3o Cadastral (demais dados) Altera\u00e7\u00e3o de Dados Banc\u00e1rios Altera\u00e7\u00e3o de Endere\u00e7o Aposentadorias Isen\u00e7\u00e3o de Imposto de Renda Recadastramento Acesso ao SouGov","og_url":"https:\/\/wp.ufpel.edu.br\/progep\/aposentados-e-pensionistas_nova\/","og_site_name":"Pr\u00f3-Reitoria de Gest\u00e3o com Pessoas - PROGEP","article_modified_time":"2025-07-04T17:12:31+00:00","og_image":[{"url":"https:\/\/wp.ufpel.edu.br\/progep\/files\/2025\/03\/logo-progep_atualizacao-nome_AZUL.png","type":"","width":"","height":""}],"twitter_card":"summary_large_image","schema":{"@context":"https:\/\/schema.org","@graph":[{"@type":"WebPage","@id":"https:\/\/wp.ufpel.edu.br\/progep\/aposentados-e-pensionistas_nova\/","url":"https:\/\/wp.ufpel.edu.br\/progep\/aposentados-e-pensionistas_nova\/","name":"Aposentados e Pensionistas - Pr\u00f3-Reitoria de Gest\u00e3o com Pessoas - PROGEP","isPartOf":{"@id":"https:\/\/wp.ufpel.edu.br\/progep\/#website"},"primaryImageOfPage":{"@id":"https:\/\/wp.ufpel.edu.br\/progep\/aposentados-e-pensionistas_nova\/#primaryimage"},"image":{"@id":"https:\/\/wp.ufpel.edu.br\/progep\/aposentados-e-pensionistas_nova\/#primaryimage"},"thumbnailUrl":"https:\/\/wp.ufpel.edu.br\/progep\/files\/2025\/03\/logo-progep_atualizacao-nome_AZUL.png","datePublished":"2023-04-28T13:05:17+00:00","dateModified":"2025-07-04T17:12:31+00:00","breadcrumb":{"@id":"https:\/\/wp.ufpel.edu.br\/progep\/aposentados-e-pensionistas_nova\/#breadcrumb"},"inLanguage":"pt-BR","potentialAction":[{"@type":"ReadAction","target":["https:\/\/wp.ufpel.edu.br\/progep\/aposentados-e-pensionistas_nova\/"]}]},{"@type":"ImageObject","inLanguage":"pt-BR","@id":"https:\/\/wp.ufpel.edu.br\/progep\/aposentados-e-pensionistas_nova\/#primaryimage","url":"","contentUrl":""},{"@type":"BreadcrumbList","@id":"https:\/\/wp.ufpel.edu.br\/progep\/aposentados-e-pensionistas_nova\/#breadcrumb","itemListElement":[{"@type":"ListItem","position":1,"name":"In\u00edcio","item":"https:\/\/wp.ufpel.edu.br\/progep\/"},{"@type":"ListItem","position":2,"name":"Aposentados e Pensionistas"}]},{"@type":"WebSite","@id":"https:\/\/wp.ufpel.edu.br\/progep\/#website","url":"https:\/\/wp.ufpel.edu.br\/progep\/","name":"Pr\u00f3-Reitoria de Gest\u00e3o com Pessoas - PROGEP","description":"Pr\u00f3-Reitoria de Gest\u00e3o com Pessoas","publisher":{"@id":"https:\/\/wp.ufpel.edu.br\/progep\/#organization"},"potentialAction":[{"@type":"SearchAction","target":{"@type":"EntryPoint","urlTemplate":"https:\/\/wp.ufpel.edu.br\/progep\/?s={search_term_string}"},"query-input":{"@type":"PropertyValueSpecification","valueRequired":true,"valueName":"search_term_string"}}],"inLanguage":"pt-BR"},{"@type":"Organization","@id":"https:\/\/wp.ufpel.edu.br\/progep\/#organization","name":"Pr\u00f3-Reitoria de Gest\u00e3o com Pessoas - PROGEP","url":"https:\/\/wp.ufpel.edu.br\/progep\/","logo":{"@type":"ImageObject","inLanguage":"pt-BR","@id":"https:\/\/wp.ufpel.edu.br\/progep\/#\/schema\/logo\/image\/","url":"https:\/\/wp.ufpel.edu.br\/progep\/files\/2025\/03\/logo-progep_atualizacao-nome_AZUL.png","contentUrl":"https:\/\/wp.ufpel.edu.br\/progep\/files\/2025\/03\/logo-progep_atualizacao-nome_AZUL.png","width":1080,"height":391,"caption":"Pr\u00f3-Reitoria de Gest\u00e3o com Pessoas - PROGEP"},"image":{"@id":"https:\/\/wp.ufpel.edu.br\/progep\/#\/schema\/logo\/image\/"}}]}},"_links":{"self":[{"href":"https:\/\/wp.ufpel.edu.br\/progep\/wp-json\/wp\/v2\/pages\/21855","targetHints":{"allow":["GET"]}}],"collection":[{"href":"https:\/\/wp.ufpel.edu.br\/progep\/wp-json\/wp\/v2\/pages"}],"about":[{"href":"https:\/\/wp.ufpel.edu.br\/progep\/wp-json\/wp\/v2\/types\/page"}],"author":[{"embeddable":true,"href":"https:\/\/wp.ufpel.edu.br\/progep\/wp-json\/wp\/v2\/users\/21"}],"replies":[{"embeddable":true,"href":"https:\/\/wp.ufpel.edu.br\/progep\/wp-json\/wp\/v2\/comments?post=21855"}],"version-history":[{"count":20,"href":"https:\/\/wp.ufpel.edu.br\/progep\/wp-json\/wp\/v2\/pages\/21855\/revisions"}],"predecessor-version":[{"id":38491,"href":"https:\/\/wp.ufpel.edu.br\/progep\/wp-json\/wp\/v2\/pages\/21855\/revisions\/38491"}],"wp:attachment":[{"href":"https:\/\/wp.ufpel.edu.br\/progep\/wp-json\/wp\/v2\/media?parent=21855"}],"curies":[{"name":"wp","href":"https:\/\/api.w.org\/{rel}","templated":true}]}}

<div class="wp-block-group"><div class="wp-block-group__inner-container is-layout-constrained wp-block-group-is-layout-constrained">
<div class="logoTituloModelStyle"><img class="size-medium wp-image-27184 alignleft" src="https://wp.ufpel.edu.br/progep/files/2025/03/logo-progep_atualizacao-nome_AZUL.png" alt="" />
<div><strong>Aposentados e Pensionistas</strong></div>
</div>
<hr class="hrModelStyle" />
<div class="descriptionModelStyle">Está página é voltada para serviços e informações quanto aos Aposentados e Pensionistas.</div>
</div></div>


<div class="aposentadosEpensionistasStyle">
<div class="aposentadosButton botaoStyle">
<a href="https://wp.ufpel.edu.br/progep/administracao-de-pessoal/manual-do-servidor/atualizacao-cadastral/">Atualização Cadastral (demais dados)</a>
<a href="https://wp.ufpel.edu.br/progep/?page_id=23164&amp;preview=true">Alteração de Dados Bancários</a>
<a href="https://wp.ufpel.edu.br/progep/?page_id=23168&amp;preview=true">Alteração de Endereço</a>
<a href="https://wp.ufpel.edu.br/progep/?page_id=22220&amp;preview=true">Aposentadorias</a>
<a href="https://wp.ufpel.edu.br/progep/?page_id=22217&amp;preview=true">Isenção de Imposto de Renda</a>
<a href="https://wp.ufpel.edu.br/progep/?page_id=22214&amp;preview=true">Recadastramento</a>
</div>
<div><a class="sou-gov" href="https://sougov.sigepe.gov.br/sougov/" target="_blank"><img src="https://wp.ufpel.edu.br/progep/files/2024/12/logo-souGov.png" alt="" width="100" height="100" /><br />
<strong>Acesso ao SouGov</strong><br />
</a></div>
<div />

<p>Aposentados e Pensionistas Está página é voltada para serviços e informações quanto aos Aposentados e Pensionistas. Atualização Cadastral (demais dados) Alteração de Dados Bancários Alteração de Endereço Aposentadorias Isenção de Imposto de Renda Recadastramento Acesso ao SouGov</p>

<!-- This site is optimized with the Yoast SEO plugin v28.1 - https://yoast.com/product/yoast-seo-wordpress/ -->
<title>Aposentados e Pensionistas - Pró-Reitoria de Gestão com Pessoas - PROGEP</title>
<meta name="robots" content="index, follow, max-snippet:-1, max-image-preview:large, max-video-preview:-1" />
<link rel="canonical" href="https://wp.ufpel.edu.br/progep/aposentados-e-pensionistas_nova/" />
<meta property="og:locale" content="pt_BR" />
<meta property="og:type" content="article" />
<meta property="og:title" content="Aposentados e Pensionistas - Pró-Reitoria de Gestão com Pessoas - PROGEP" />
<meta property="og:description" content="Aposentados e Pensionistas Está página é voltada para serviços e informações quanto aos Aposentados e Pensionistas. Atualização Cadastral (demais dados) Alteração de Dados Bancários Alteração de Endereço Aposentadorias Isenção de Imposto de Renda Recadastramento Acesso ao SouGov" />
<meta property="og:url" content="https://wp.ufpel.edu.br/progep/aposentados-e-pensionistas_nova/" />
<meta property="og:site_name" content="Pró-Reitoria de Gestão com Pessoas - PROGEP" />
<meta property="article:modified_time" content="2025-07-04T17:12:31+00:00" />
<meta property="og:image" content="https://wp.ufpel.edu.br/progep/files/2025/03/logo-progep_atualizacao-nome_AZUL.png" />
<meta name="twitter:card" content="summary_large_image" />
<script type="application/ld+json" class="yoast-schema-graph">{"@context":"https:\/\/schema.org","@graph":[{"@type":"WebPage","@id":"https:\/\/wp.ufpel.edu.br\/progep\/aposentados-e-pensionistas_nova\/","url":"https:\/\/wp.ufpel.edu.br\/progep\/aposentados-e-pensionistas_nova\/","name":"Aposentados e Pensionistas - Pró-Reitoria de Gestão com Pessoas - PROGEP","isPartOf":{"@id":"https:\/\/wp.ufpel.edu.br\/progep\/#website"},"primaryImageOfPage":{"@id":"https:\/\/wp.ufpel.edu.br\/progep\/aposentados-e-pensionistas_nova\/#primaryimage"},"image":{"@id":"https:\/\/wp.ufpel.edu.br\/progep\/aposentados-e-pensionistas_nova\/#primaryimage"},"thumbnailUrl":"https:\/\/wp.ufpel.edu.br\/progep\/files\/2025\/03\/logo-progep_atualizacao-nome_AZUL.png","datePublished":"2023-04-28T13:05:17+00:00","dateModified":"2025-07-04T17:12:31+00:00","breadcrumb":{"@id":"https:\/\/wp.ufpel.edu.br\/progep\/aposentados-e-pensionistas_nova\/#breadcrumb"},"inLanguage":"pt-BR","potentialAction":[{"@type":"ReadAction","target":["https:\/\/wp.ufpel.edu.br\/progep\/aposentados-e-pensionistas_nova\/"]}]},{"@type":"ImageObject","inLanguage":"pt-BR","@id":"https:\/\/wp.ufpel.edu.br\/progep\/aposentados-e-pensionistas_nova\/#primaryimage","url":"","contentUrl":""},{"@type":"BreadcrumbList","@id":"https:\/\/wp.ufpel.edu.br\/progep\/aposentados-e-pensionistas_nova\/#breadcrumb","itemListElement":[{"@type":"ListItem","position":1,"name":"Início","item":"https:\/\/wp.ufpel.edu.br\/progep\/"},{"@type":"ListItem","position":2,"name":"Aposentados e Pensionistas"}]},{"@type":"WebSite","@id":"https:\/\/wp.ufpel.edu.br\/progep\/#website","url":"https:\/\/wp.ufpel.edu.br\/progep\/","name":"Pró-Reitoria de Gestão com Pessoas - PROGEP","description":"Pró-Reitoria de Gestão com Pessoas","publisher":{"@id":"https:\/\/wp.ufpel.edu.br\/progep\/#organization"},"potentialAction":[{"@type":"SearchAction","target":{"@type":"EntryPoint","urlTemplate":"https:\/\/wp.ufpel.edu.br\/progep\/?s={search_term_string}"},"query-input":{"@type":"PropertyValueSpecification","valueRequired":true,"valueName":"search_term_string"}}],"inLanguage":"pt-BR"},{"@type":"Organization","@id":"https:\/\/wp.ufpel.edu.br\/progep\/#organization","name":"Pró-Reitoria de Gestão com Pessoas - PROGEP","url":"https:\/\/wp.ufpel.edu.br\/progep\/","logo":{"@type":"ImageObject","inLanguage":"pt-BR","@id":"https:\/\/wp.ufpel.edu.br\/progep\/#\/schema\/logo\/image\/","url":"https:\/\/wp.ufpel.edu.br\/progep\/files\/2025\/03\/logo-progep_atualizacao-nome_AZUL.png","contentUrl":"https:\/\/wp.ufpel.edu.br\/progep\/files\/2025\/03\/logo-progep_atualizacao-nome_AZUL.png","width":1080,"height":391,"caption":"Pró-Reitoria de Gestão com Pessoas - PROGEP"},"image":{"@id":"https:\/\/wp.ufpel.edu.br\/progep\/#\/schema\/logo\/image\/"}}]}</script>
<!-- / Yoast SEO plugin. -->

Aposentados e Pensionistas - Pró-Reitoria de Gestão com Pessoas - PROGEP

Aposentados e Pensionistas Está página é voltada para serviços e informações quanto aos Aposentados e Pensionistas. Atualização Cadastral (demais dados) Alteração de Dados Bancários Alteração de Endereço Aposentadorias Isenção de Imposto de Renda Recadastramento Acesso ao SouGov

Pró-Reitoria de Gestão com Pessoas - PROGEP

Início

Pró-Reitoria de Gestão com Pessoas
