{"id":21855,"date":"2023-04-28T10:05:17","date_gmt":"2023-04-28T13:05:17","guid":{"rendered":"https:\/\/wp.ufpel.edu.br\/progep\/?page_id=21855"},"modified":"2025-07-04T14:12:31","modified_gmt":"2025-07-04T17:12:31","slug":"aposentados-e-pensionistas_nova","status":"publish","type":"page","link":"https:\/\/wp.ufpel.edu.br\/progep\/aposentados-e-pensionistas_nova\/","title":{"rendered":"Aposentados e Pensionistas"},"content":{"rendered":"\n<div class=\"wp-block-group\"><div class=\"wp-block-group__inner-container is-layout-constrained wp-block-group-is-layout-constrained\">\n<div class=\"logoTituloModelStyle\"><img class=\"size-medium wp-image-27184 alignleft\" src=\"https:\/\/wp.ufpel.edu.br\/progep\/files\/2025\/03\/logo-progep_atualizacao-nome_AZUL.png\" alt=\"\" \/>\n<div><strong>Aposentados e Pensionistas<\/strong><\/div>\n<\/div>\n<hr class=\"hrModelStyle\" \/>\n<div class=\"descriptionModelStyle\">Est\u00e1 p\u00e1gina \u00e9 voltada para servi\u00e7os e informa\u00e7\u00f5es quanto aos Aposentados e Pensionistas.<\/div>\n<\/div><\/div>\n\n\n<div class=\"aposentadosEpensionistasStyle\">\n<div class=\"aposentadosButton botaoStyle\">\n<a href=\"https:\/\/wp.ufpel.edu.br\/progep\/administracao-de-pessoal\/manual-do-servidor\/atualizacao-cadastral\/\">Atualiza\u00e7\u00e3o Cadastral (demais dados)<\/a>\n<a href=\"https:\/\/wp.ufpel.edu.br\/progep\/?page_id=23164&amp;preview=true\">Altera\u00e7\u00e3o de Dados Banc\u00e1rios<\/a>\n<a href=\"https:\/\/wp.ufpel.edu.br\/progep\/?page_id=23168&amp;preview=true\">Altera\u00e7\u00e3o de Endere\u00e7o<\/a>\n<a href=\"https:\/\/wp.ufpel.edu.br\/progep\/?page_id=22220&amp;preview=true\">Aposentadorias<\/a>\n<a href=\"https:\/\/wp.ufpel.edu.br\/progep\/?page_id=22217&amp;preview=true\">Isen\u00e7\u00e3o de Imposto de Renda<\/a>\n<a href=\"https:\/\/wp.ufpel.edu.br\/progep\/?page_id=22214&amp;preview=true\">Recadastramento<\/a>\n<\/div>\n<div><a class=\"sou-gov\" href=\"https:\/\/sougov.sigepe.gov.br\/sougov\/\" target=\"_blank\"><img src=\"https:\/\/wp.ufpel.edu.br\/progep\/files\/2024\/12\/logo-souGov.png\" alt=\"\" width=\"100\" height=\"100\" \/><br \/>\n<strong>Acesso ao SouGov<\/strong><br \/>\n<\/a><\/div>\n<div \/>","protected":false},"excerpt":{"rendered":"<p>Aposentados e Pensionistas Est\u00e1 p\u00e1gina \u00e9 voltada para servi\u00e7os e informa\u00e7\u00f5es quanto aos Aposentados e Pensionistas. Atualiza\u00e7\u00e3o Cadastral (demais dados) Altera\u00e7\u00e3o de Dados Banc\u00e1rios Altera\u00e7\u00e3o de Endere\u00e7o Aposentadorias Isen\u00e7\u00e3o de Imposto de Renda Recadastramento Acesso ao SouGov<\/p>\n","protected":false},"author":21,"featured_media":0,"parent":0,"menu_order":0,"comment_status":"closed","ping_status":"closed","template":"","meta":{"footnotes":""},"class_list":["post-21855","page","type-page","status-publish","hentry"],"_links":{"self":[{"href":"https:\/\/wp.ufpel.edu.br\/progep\/wp-json\/wp\/v2\/pages\/21855","targetHints":{"allow":["GET"]}}],"collection":[{"href":"https:\/\/wp.ufpel.edu.br\/progep\/wp-json\/wp\/v2\/pages"}],"about":[{"href":"https:\/\/wp.ufpel.edu.br\/progep\/wp-json\/wp\/v2\/types\/page"}],"author":[{"embeddable":true,"href":"https:\/\/wp.ufpel.edu.br\/progep\/wp-json\/wp\/v2\/users\/21"}],"replies":[{"embeddable":true,"href":"https:\/\/wp.ufpel.edu.br\/progep\/wp-json\/wp\/v2\/comments?post=21855"}],"version-history":[{"count":20,"href":"https:\/\/wp.ufpel.edu.br\/progep\/wp-json\/wp\/v2\/pages\/21855\/revisions"}],"predecessor-version":[{"id":38491,"href":"https:\/\/wp.ufpel.edu.br\/progep\/wp-json\/wp\/v2\/pages\/21855\/revisions\/38491"}],"wp:attachment":[{"href":"https:\/\/wp.ufpel.edu.br\/progep\/wp-json\/wp\/v2\/media?parent=21855"}],"curies":[{"name":"wp","href":"https:\/\/api.w.org\/{rel}","templated":true}]}}