{"id":21853,"date":"2023-04-28T10:05:36","date_gmt":"2023-04-28T13:05:36","guid":{"rendered":"https:\/\/wp.ufpel.edu.br\/progep\/?page_id=21853"},"modified":"2025-07-04T14:13:31","modified_gmt":"2025-07-04T17:13:31","slug":"concursos_publicos_processos_seletivos_nova","status":"publish","type":"page","link":"https:\/\/wp.ufpel.edu.br\/progep\/concursos_publicos_processos_seletivos_nova\/","title":{"rendered":"Concursos P\u00fablicos e Processos Seletivos"},"content":{"rendered":"\n<div class=\"wp-block-group\"><div class=\"wp-block-group__inner-container is-layout-constrained wp-block-group-is-layout-constrained\">\n<div class=\"logoTituloModelStyle\"><img class=\"size-medium wp-image-27184 alignleft\" src=\"https:\/\/wp.ufpel.edu.br\/progep\/files\/2025\/03\/logo-progep_atualizacao-nome_AZUL.png\" alt=\"\" \/>\n<div style=\"padding: 2rem 0\"><strong>Concursos P\u00fablicos e Processos Seletivos<\/strong><\/div>\n<\/div>\n<hr class=\"hrModelStyle\" \/>\n<div class=\"descriptionModelStyle\">Abaixo encontra-se o <em>link\u00a0<\/em>para a p\u00e1gina de <strong>Concursos P\u00fablicos e Processos Seletivos da UFPEL<\/strong>, onde voc\u00ea poder\u00e1 encontrar informa\u00e7\u00f5es a respeito, seja editais, documentos de mesma natureza, sele\u00e7\u00e3o de fiscais, etc.<\/div>\n<\/div><\/div>\n\n\n<p class=\"concursosStyle botaoStyle botaoGrandeStyle\"><a href=\"https:\/\/concursos.ufpel.edu.br\/wp\/\" target=\"_blank\" rel=\"noopener\">Concursos P\u00fablicos e Processos Seletivos<\/a><\/p>","protected":false},"excerpt":{"rendered":"<p>Concursos P\u00fablicos e Processos Seletivos Abaixo encontra-se o link\u00a0para a p\u00e1gina de Concursos P\u00fablicos e Processos Seletivos da UFPEL, onde voc\u00ea poder\u00e1 encontrar informa\u00e7\u00f5es a respeito, seja editais, documentos de mesma natureza, sele\u00e7\u00e3o de fiscais, etc. Concursos P\u00fablicos e Processos Seletivos<\/p>\n","protected":false},"author":21,"featured_media":0,"parent":0,"menu_order":0,"comment_status":"closed","ping_status":"closed","template":"","meta":{"footnotes":""},"class_list":["post-21853","page","type-page","status-publish","hentry"],"_links":{"self":[{"href":"https:\/\/wp.ufpel.edu.br\/progep\/wp-json\/wp\/v2\/pages\/21853","targetHints":{"allow":["GET"]}}],"collection":[{"href":"https:\/\/wp.ufpel.edu.br\/progep\/wp-json\/wp\/v2\/pages"}],"about":[{"href":"https:\/\/wp.ufpel.edu.br\/progep\/wp-json\/wp\/v2\/types\/page"}],"author":[{"embeddable":true,"href":"https:\/\/wp.ufpel.edu.br\/progep\/wp-json\/wp\/v2\/users\/21"}],"replies":[{"embeddable":true,"href":"https:\/\/wp.ufpel.edu.br\/progep\/wp-json\/wp\/v2\/comments?post=21853"}],"version-history":[{"count":11,"href":"https:\/\/wp.ufpel.edu.br\/progep\/wp-json\/wp\/v2\/pages\/21853\/revisions"}],"predecessor-version":[{"id":34729,"href":"https:\/\/wp.ufpel.edu.br\/progep\/wp-json\/wp\/v2\/pages\/21853\/revisions\/34729"}],"wp:attachment":[{"href":"https:\/\/wp.ufpel.edu.br\/progep\/wp-json\/wp\/v2\/media?parent=21853"}],"curies":[{"name":"wp","href":"https:\/\/api.w.org\/{rel}","templated":true}]}}