{"id":21845,"date":"2022-11-25T14:51:10","date_gmt":"2022-11-25T17:51:10","guid":{"rendered":"https:\/\/wp.ufpel.edu.br\/progep\/?page_id=21845"},"modified":"2025-12-12T16:15:12","modified_gmt":"2025-12-12T19:15:12","slug":"saude-e-qualidade-de-vida_nova","status":"publish","type":"page","link":"https:\/\/wp.ufpel.edu.br\/progep\/saude-e-qualidade-de-vida_nova\/","title":{"rendered":"Sa\u00fade e Qualidade de Vida"},"content":{"rendered":"\n<div class=\"wp-block-group\"><div class=\"wp-block-group__inner-container is-layout-constrained wp-block-group-is-layout-constrained\">\n<div class=\"logoTituloModelStyle\"><img class=\"size-medium wp-image-27184 alignleft\" src=\"https:\/\/wp.ufpel.edu.br\/progep\/files\/2025\/03\/logo-progep_atualizacao-nome_AZUL.png\" alt=\"\" \/><\/p>\n<div style=\"padding: 2rem 0\"><strong>Sa\u00fade, Qualidade de Vida e Seguran\u00e7a no Trabalho<\/strong><\/div>\n<\/div>\n<hr class=\"hrModelStyle\" \/>\n<div class=\"descriptionModelStyle\">Na <strong>Coordena\u00e7\u00e3o de Sa\u00fade e Qualidade de Vida<\/strong>, vinculada a <strong>PROGEP<\/strong>, ocorrem a\u00e7\u00f5es de promo\u00e7\u00e3o de sa\u00fade e preven\u00e7\u00e3o de doen\u00e7as, concess\u00f5es de licen\u00e7as por meio de avalia\u00e7\u00f5es periciais e atividades referentes a sa\u00fade e seguran\u00e7a do trabalho. Acesse <em>abaixo<\/em> e saiba mais.<\/div>\n<\/div><\/div>\n\n\n<div class=\"saudeStyle botaoStyle\">\n<a class=\"per-hover\" href=\"https:\/\/wp.ufpel.edu.br\/progep\/pericia-medica-oficial\/\" rel=\"noopener\"> Per\u00edcia M\u00e9dica Oficial<\/a>\n<a class=\"pro-hover\" href=\"https:\/\/wp.ufpel.edu.br\/progep\/atencao-a-saude\/\" rel=\"noopener\"> Preven\u00e7\u00e3o e Promo\u00e7\u00e3o \u00e0 Sa\u00fade <\/a>\n<a class=\"sau-hover\" href=\"https:\/\/wp.ufpel.edu.br\/progep\/?page_id=28641&amp;preview=true\" rel=\"noopener\"> Sa\u00fade e Seguran\u00e7a do Trabalho <\/a>\n<\/div>\n\n\n<div class=\"contatosCSQV\">\n<div class=\"contentCSQV\">\n<p><span style=\"font-family: verdana, geneva, sans-serif\">Contatos da <span><strong>Coordena\u00e7\u00e3o de Sa\u00fade e Qualidade de Vida<\/strong><\/span>:<\/span><\/p>\n<div><span style=\"font-family: verdana, geneva, sans-serif\"><strong>Telefone <\/strong><em>CSQV<\/em>: (53) 32843981<\/span><\/div>\n<div><span style=\"font-family: verdana, geneva, sans-serif\"><strong>E-mail <\/strong><em>CSQV<\/em>: csqv@ufpel.com.br<\/span><\/div>\n<div><span style=\"font-family: verdana, geneva, sans-serif\"><strong>E-mail <\/strong><em>Equipe de Enfermagem<\/em>: enfermagem.csqv@ufpel.edu.br<\/span><\/div>\n<div><span style=\"font-family: verdana, geneva, sans-serif\"><strong>E-mail <\/strong><em>Equipe Psicossocial<\/em><strong>:<\/strong> saude.servidor@ufpel.edu.br<\/span><\/div>\n<div><span style=\"font-family: verdana, geneva, sans-serif\"><strong>E-mail <\/strong><em>Per\u00edcia M\u00e9dica<\/em>: pericia.medica@ufpel.edu.br<\/span><\/div>\n<div><span style=\"font-family: verdana, geneva, sans-serif\"><strong>Telefone <\/strong><em>Per\u00edcia M\u00e9dica<\/em>: (53) 3284-3985<\/span><\/div>\n<\/div>\n<\/div>","protected":false},"excerpt":{"rendered":"<p>Sa\u00fade, Qualidade de Vida e Seguran\u00e7a no Trabalho Na Coordena\u00e7\u00e3o de Sa\u00fade e Qualidade de Vida, vinculada a PROGEP, ocorrem a\u00e7\u00f5es de promo\u00e7\u00e3o de sa\u00fade e preven\u00e7\u00e3o de doen\u00e7as, concess\u00f5es de licen\u00e7as por meio de avalia\u00e7\u00f5es periciais e atividades referentes a sa\u00fade e seguran\u00e7a do trabalho. Acesse abaixo e saiba mais. Per\u00edcia M\u00e9dica Oficial Preven\u00e7\u00e3o [&hellip;]<\/p>\n","protected":false},"author":21,"featured_media":0,"parent":0,"menu_order":0,"comment_status":"closed","ping_status":"closed","template":"","meta":{"footnotes":""},"class_list":["post-21845","page","type-page","status-publish","hentry"],"_links":{"self":[{"href":"https:\/\/wp.ufpel.edu.br\/progep\/wp-json\/wp\/v2\/pages\/21845","targetHints":{"allow":["GET"]}}],"collection":[{"href":"https:\/\/wp.ufpel.edu.br\/progep\/wp-json\/wp\/v2\/pages"}],"about":[{"href":"https:\/\/wp.ufpel.edu.br\/progep\/wp-json\/wp\/v2\/types\/page"}],"author":[{"embeddable":true,"href":"https:\/\/wp.ufpel.edu.br\/progep\/wp-json\/wp\/v2\/users\/21"}],"replies":[{"embeddable":true,"href":"https:\/\/wp.ufpel.edu.br\/progep\/wp-json\/wp\/v2\/comments?post=21845"}],"version-history":[{"count":3,"href":"https:\/\/wp.ufpel.edu.br\/progep\/wp-json\/wp\/v2\/pages\/21845\/revisions"}],"predecessor-version":[{"id":39208,"href":"https:\/\/wp.ufpel.edu.br\/progep\/wp-json\/wp\/v2\/pages\/21845\/revisions\/39208"}],"wp:attachment":[{"href":"https:\/\/wp.ufpel.edu.br\/progep\/wp-json\/wp\/v2\/media?parent=21845"}],"curies":[{"name":"wp","href":"https:\/\/api.w.org\/{rel}","templated":true}]}}