{"id":21812,"date":"2022-11-21T15:27:51","date_gmt":"2022-11-21T18:27:51","guid":{"rendered":"https:\/\/wp.ufpel.edu.br\/progep\/?page_id=21812"},"modified":"2025-06-30T14:27:55","modified_gmt":"2025-06-30T17:27:55","slug":"capacita-na-web-relacoes-interpessoais-desafios-e-dificuldades-em-novos-tempos","status":"publish","type":"page","link":"https:\/\/wp.ufpel.edu.br\/progep\/capacita-na-web-relacoes-interpessoais-desafios-e-dificuldades-em-novos-tempos\/","title":{"rendered":"Capacita\u00e7\u00e3o: Capacita na Web: Rela\u00e7\u00f5es Interpessoais: desafios e dificuldades em novos tempos"},"content":{"rendered":"<p><strong>Facilitadores:<\/strong><br \/>\n&#8211; M\u00e1rcio Luiz Bernardim (Professor da Universidade Estadual do Centro Oeste &#8211; UNICENTRO\/PR),<br \/>\n&#8211; Wanda Terezinha Pacheco Dos Santos (Professora da Universidade Estadual do Centro Oeste &#8211; UNICENTRO\/PR),<br \/>\n&#8211; Gabriel Tada Bertelli (Professor da Universidade Estadual de Londrina &#8211; UEL\/PR)<\/p>\n<p><strong>Data:<\/strong> 01\/12\/2022 (quinta-feira)<\/p>\n<p><strong>Hor\u00e1rio: <\/strong>das 14h \u00e0s 16h<\/p>\n<p><strong>Realiza\u00e7\u00e3o:<\/strong>\u00a0plataforma Webconf da UFPel (na modalidade\u00a0<em>on-line)<\/em><\/p>\n<p><strong>Ementa:<\/strong> Pensar as rela\u00e7\u00f5es interpessoais em seus diversos aspectos e dimens\u00f5es, tendo como objetivo a reflex\u00e3o e a possibilidade de aplica\u00e7\u00e3o desses novos aprendizados nos diversos contextos.<\/p>\n<p><strong>P\u00fablico Alvo<\/strong>: Servidores docentes e TAE\u2019s ativos*<\/p>\n<p><strong>Per\u00edodo de inscri\u00e7\u00e3o<\/strong>: 21\/11 a 28\/11\/2022<\/p>\n<p><strong>Divulga\u00e7\u00e3o das inscri\u00e7\u00f5es homologadas<\/strong>: 29\/11**, nesta p\u00e1gina.<\/p>\n<p>*Considerando a Pol\u00edtica Nacional de Desenvolvimento de Pessoas, conforme Decreto n\u00ba 9.991\/19, somente ser\u00e3o certificados os servidores p\u00fablicos pertencentes ao Quadro Efetivo da UFPel.<\/p>\n<p>**Quando homologadas as inscri\u00e7\u00f5es, os selecionados receber\u00e3o e-mail com instru\u00e7\u00f5es de acesso \u00e0 sala de Webconf da UFPel.<\/p>\n<p><span style=\"color: #ff6600\"><strong><a style=\"color: #ff6600\" href=\"https:\/\/wp.ufpel.edu.br\/progep\/files\/2022\/11\/Homologacao-Relacoes-Interpessoais-desafios.pdf\" target=\"_blank\" rel=\"noopener\">INSCRI\u00c7\u00d5ES HOMOLOGADAS<\/a><\/strong><\/span><\/p>\n","protected":false},"excerpt":{"rendered":"<p>Facilitadores: &#8211; M\u00e1rcio Luiz Bernardim (Professor da Universidade Estadual do Centro Oeste &#8211; UNICENTRO\/PR), &#8211; Wanda Terezinha Pacheco Dos Santos (Professora da Universidade Estadual do Centro Oeste &#8211; UNICENTRO\/PR), &#8211; Gabriel Tada Bertelli (Professor da Universidade Estadual de Londrina &#8211; UEL\/PR) Data: 01\/12\/2022 (quinta-feira) Hor\u00e1rio: das 14h \u00e0s 16h Realiza\u00e7\u00e3o:\u00a0plataforma Webconf da UFPel (na modalidade\u00a0on-line) [&hellip;]<\/p>\n","protected":false},"author":21,"featured_media":0,"parent":0,"menu_order":0,"comment_status":"closed","ping_status":"closed","template":"","meta":{"footnotes":""},"class_list":["post-21812","page","type-page","status-publish","hentry"],"_links":{"self":[{"href":"https:\/\/wp.ufpel.edu.br\/progep\/wp-json\/wp\/v2\/pages\/21812","targetHints":{"allow":["GET"]}}],"collection":[{"href":"https:\/\/wp.ufpel.edu.br\/progep\/wp-json\/wp\/v2\/pages"}],"about":[{"href":"https:\/\/wp.ufpel.edu.br\/progep\/wp-json\/wp\/v2\/types\/page"}],"author":[{"embeddable":true,"href":"https:\/\/wp.ufpel.edu.br\/progep\/wp-json\/wp\/v2\/users\/21"}],"replies":[{"embeddable":true,"href":"https:\/\/wp.ufpel.edu.br\/progep\/wp-json\/wp\/v2\/comments?post=21812"}],"version-history":[{"count":7,"href":"https:\/\/wp.ufpel.edu.br\/progep\/wp-json\/wp\/v2\/pages\/21812\/revisions"}],"predecessor-version":[{"id":34058,"href":"https:\/\/wp.ufpel.edu.br\/progep\/wp-json\/wp\/v2\/pages\/21812\/revisions\/34058"}],"wp:attachment":[{"href":"https:\/\/wp.ufpel.edu.br\/progep\/wp-json\/wp\/v2\/media?parent=21812"}],"curies":[{"name":"wp","href":"https:\/\/api.w.org\/{rel}","templated":true}]}}