{"id":21622,"date":"2022-10-19T20:14:58","date_gmt":"2022-10-19T23:14:58","guid":{"rendered":"https:\/\/wp.ufpel.edu.br\/progep\/?page_id=21622"},"modified":"2026-04-10T15:38:54","modified_gmt":"2026-04-10T18:38:54","slug":"matriz-de-referencia-adm-uacad","status":"publish","type":"page","link":"https:\/\/wp.ufpel.edu.br\/progep\/matriz-de-referencia-adm-uacad\/","title":{"rendered":"Matriz de Refer\u00eancia de Servidores Administrativos das Unidades Acad\u00eamicas"},"content":{"rendered":"\n<div class=\"wp-block-group\"><div class=\"wp-block-group__inner-container is-layout-constrained wp-block-group-is-layout-constrained\">\n<div class=\"logoTituloModelStyle\"><img class=\"size-medium wp-image-27184 alignleft\" src=\"https:\/\/wp.ufpel.edu.br\/progep\/files\/2025\/03\/logo-progep_atualizacao-nome_AZUL.png\" alt=\"\" \/><\/p>\n<div style=\"font-size: 16pt;padding: 1.5rem 0\"><strong>Matriz de Refer\u00eancia de Servidores\/as Administrativos\/as das Unidades Acad\u00eamicas<\/strong><\/div>\n<\/div>\n<hr class=\"hrModelStyle\" \/>\n<div class=\"descriptionModelStyle\">A <strong>Matriz de Refer\u00eancia de Servidores\/as Administrativos\/as das Unidades Acad\u00eamicas<\/strong>  \u00e9 uma ferramenta de gest\u00e3o a qual tem por objetivo a buscar a equidade da distribui\u00e7\u00e3o de pessoal administrativo nas unidades acad\u00eamicas. O instrumento inicial foi criado em 2022. A vers\u00e3o atual \u00e9 regulamentada pela <a href=\"https:\/\/wp.ufpel.edu.br\/progep\/files\/2025\/08\/Instrucao_Normativa_01_2025.pdf\" target=\"_blank\">Instru\u00e7\u00e3o Normativa 01\/2025<\/a>.<\/div>\n<\/div><\/div>\n\n\n<div class=\"paragrafoComumStyle\">Considerando que o servi\u00e7o das <strong>Unidades Acad\u00eamicas<\/strong> \u00e9 de natureza similar entre si, foram discutidos, elaborados e revisados crit\u00e9rios objetivos e mensur\u00e1veis para representar a demanda de <strong>For\u00e7a de Trabalho<\/strong> das respectivas <strong>Unidades<\/strong> . Essas discuss\u00f5es iniciais consolidaram-se na Vers\u00e3o 1 dessa ferramenta que pode ser visualizada na parte inferior dessa p\u00e1gina.<\/div>\n<div class=\"paragrafoComumStyle\">Nota-se que, apesar da Matriz ser utilizada para <strong>aloca\u00e7\u00e3o<\/strong> de servidores T\u00e9cnicos Administrativos em Educa\u00e7\u00e3o ocupantes de <strong>cargos administrativos<\/strong>, ela efetua c\u00e1lculos utilizando o conceito de <strong>For\u00e7a de Trabalho<\/strong> . Esse conceito foi operacionalizado da seguinte forma: um servidor trabalhando <strong>40 horas<\/strong> por semana equivale a <strong>0,87ft<\/strong> (<strong>1ft<\/strong> na vers\u00e3o 1 da Matriz).<\/div>\n<div class=\"paragrafoComumStyle\">Em 2024, foi institu\u00edda uma <strong>comiss\u00e3o<\/strong> para revisar a Matriz. Esse grupo contou com integrantes das Unidades Acad\u00eamicas ocupantes das posi\u00e7\u00f5es mais altas e baixas do ranqueamento da \u00e9poca (FAE, IFM, FAEM, FE, FN, CA) al\u00e9m de integrantes da Reitoria e da PROGEP.<\/div>\n<div class=\"paragrafoComumStyle\">O resultado desses esfor\u00e7os cont\u00ednuos da <strong>UFPEL<\/strong> \u00e9 uma ferramenta que permite observar a estrutura, complexidade e estado atual das <strong>Unidades Acad\u00eamicas<\/strong> de forma simplificada para facilitar e conferir maior transpar\u00eancia \u00e0 tomada de decis\u00e3o referente \u00e0 aloca\u00e7\u00e3o de <strong>For\u00e7a de Trabalho<\/strong>.<\/div>\n<div class=\"matriServidoresStyle\"><a href=\"https:\/\/docs.google.com\/spreadsheets\/d\/1m1HNoBpfbVXvRFjswzhXsSOFS4VyB64oPwSe2SN_1Hg\/edit?usp=sharing\" target=\"_blank\" rel=\"noopener\">A planilha da Matriz Vers\u00e3o 2 pode ser acessada aqui<\/a><\/div>\n<div class=\"paragrafoComumStyle\">A primeira vers\u00e3o da <strong>Matriz de Refer\u00eancia de Servidores\/as Administrativos\/as das Unidades Acad\u00eamicas<\/strong> foi implementada por meio da <a href=\"https:\/\/sei.ufpel.edu.br\/sei\/publicacoes\/controlador_publicacoes.php?acao=publicacao_visualizar&amp;id_documento=2138286&amp;id_orgao_publicacao=0\" target=\"_blank\" rel=\"noopener\">Portaria 2.135\/2022<\/a>. Ela foi utilizada em <strong>dezenove<\/strong> ciclos de redistribui\u00e7\u00f5es de vagas de T\u00e9cnicos Administrativos em Educa\u00e7\u00e3o ocupantes de <strong>cargos administrativos<\/strong> nas Unidades Acad\u00eamicas.<\/div>\n<div class=\"matriServidoresStyle\"><a href=\"https:\/\/lookerstudio.google.com\/reporting\/dd021214-d4af-4e48-a43c-a570cd0a94a3\" target=\"_blank\" rel=\"noopener\">Visualize as <strong>informa\u00e7\u00f5es<\/strong> da <strong>Matriz<\/strong> aqui<\/a><br \/><a href=\"https:\/\/docs.google.com\/spreadsheets\/d\/1BvwXyDhygBTq4_Jc34cBBMZfJzZ7eU5ahQftmk3mwCI\/edit#gid=1214799162\" target=\"_blank\" rel=\"noopener\">A <strong>planilha<\/strong> da <strong>Matriz<\/strong> pode ser acessada aqui<\/a>\n\n<table id=\"tablepress-15\" class=\"tablepress tablepress-id-15\">\n<thead>\n<tr class=\"row-1\">\n\t<th class=\"column-1\">Rodada<\/th><th class=\"column-2\">Ciclo<\/th><th class=\"column-3\">Aplica\u00e7\u00e3o<\/th><th class=\"column-4\">Origem da Vaga<\/th><th class=\"column-5\">Destino da Vaga<\/th>\n<\/tr>\n<\/thead>\n<tbody class=\"row-striping row-hover\">\n<tr class=\"row-2\">\n\t<td class=\"column-1\">1\u00aa<\/td><td class=\"column-2\">1\u00ba<\/td><td class=\"column-3\">13\/10\/2022<\/td><td class=\"column-4\">FAURB<\/td><td class=\"column-5\">FAEM<\/td>\n<\/tr>\n<tr class=\"row-3\">\n\t<td class=\"column-1\">2\u00aa<\/td><td class=\"column-2\">2\u00ba<\/td><td class=\"column-3\">13\/10\/2022<\/td><td class=\"column-4\">CIM<\/td><td class=\"column-5\">CENG<\/td>\n<\/tr>\n<tr class=\"row-4\">\n\t<td class=\"column-1\">3\u00aa<\/td><td class=\"column-2\">Retorno Autom\u00e1tico<\/td><td class=\"column-3\">13\/10\/2022<\/td><td class=\"column-4\">FAMED<\/td><td class=\"column-5\">FAMED<\/td>\n<\/tr>\n<tr class=\"row-5\">\n\t<td class=\"column-1\">4\u00aa<\/td><td class=\"column-2\">3\u00ba<\/td><td class=\"column-3\">13\/10\/2022<\/td><td class=\"column-4\">ICH<\/td><td class=\"column-5\">FAEM<\/td>\n<\/tr>\n<tr class=\"row-6\">\n\t<td class=\"column-1\">5\u00aa<\/td><td class=\"column-2\">4\u00ba<\/td><td class=\"column-3\">13\/10\/2022<\/td><td class=\"column-4\">FAE<\/td><td class=\"column-5\">CCSO<\/td>\n<\/tr>\n<tr class=\"row-7\">\n\t<td class=\"column-1\">6\u00aa<\/td><td class=\"column-2\">Retorno Autom\u00e1tico*<\/td><td class=\"column-3\">13\/10\/2022<\/td><td class=\"column-4\">CENG<\/td><td class=\"column-5\">CENG<\/td>\n<\/tr>\n<tr class=\"row-8\">\n\t<td class=\"column-1\">7\u00aa<\/td><td class=\"column-2\">Retorno Autom\u00e1tico*<\/td><td class=\"column-3\">28\/04\/2023<\/td><td class=\"column-4\">FD<\/td><td class=\"column-5\">FD<\/td>\n<\/tr>\n<tr class=\"row-9\">\n\t<td class=\"column-1\">8\u00aa<\/td><td class=\"column-2\">Retorno Autom\u00e1tico*<\/td><td class=\"column-3\">28\/04\/2023<\/td><td class=\"column-4\">IFISP<\/td><td class=\"column-5\">IFISP<\/td>\n<\/tr>\n<tr class=\"row-10\">\n\t<td class=\"column-1\">9\u00aa<\/td><td class=\"column-2\">5\u00ba<\/td><td class=\"column-3\">31\/05\/2023<\/td><td class=\"column-4\">IFM<\/td><td class=\"column-5\">CIM<\/td>\n<\/tr>\n<tr class=\"row-11\">\n\t<td class=\"column-1\">10\u00aa<\/td><td class=\"column-2\">Perda Consecutiva**<\/td><td class=\"column-3\">31\/07\/2023<\/td><td class=\"column-4\">FAURB<\/td><td class=\"column-5\">FAURB<\/td>\n<\/tr>\n<tr class=\"row-12\">\n\t<td class=\"column-1\">11\u00aa<\/td><td class=\"column-2\">Retorno Autom\u00e1tico*<\/td><td class=\"column-3\">31\/08\/2023<\/td><td class=\"column-4\">FO<\/td><td class=\"column-5\">FO<\/td>\n<\/tr>\n<tr class=\"row-13\">\n\t<td class=\"column-1\">12\u00aa<\/td><td class=\"column-2\">Retorno Autom\u00e1tico*<\/td><td class=\"column-3\">03\/10\/2023<\/td><td class=\"column-4\">CIM<\/td><td class=\"column-5\">CIM<\/td>\n<\/tr>\n<tr class=\"row-14\">\n\t<td class=\"column-1\">13\u00aa<\/td><td class=\"column-2\">Retorno Autom\u00e1tico*<\/td><td class=\"column-3\">17\/04\/2024<\/td><td class=\"column-4\">IFISP<\/td><td class=\"column-5\">IFISP<\/td>\n<\/tr>\n<tr class=\"row-15\">\n\t<td class=\"column-1\">14\u00aa<\/td><td class=\"column-2\">Retorno Autom\u00e1tico*<\/td><td class=\"column-3\">21\/06\/2024<\/td><td class=\"column-4\">FO<\/td><td class=\"column-5\">FO<\/td>\n<\/tr>\n<tr class=\"row-16\">\n\t<td class=\"column-1\">15\u00aa<\/td><td class=\"column-2\">Retorno Autom\u00e1tico*<\/td><td class=\"column-3\">30\/07\/2024<\/td><td class=\"column-4\">CLC<\/td><td class=\"column-5\">CLC<\/td>\n<\/tr>\n<tr class=\"row-17\">\n\t<td class=\"column-1\">16\u00aa<\/td><td class=\"column-2\">Retorno Autom\u00e1tico*<\/td><td class=\"column-3\">06\/09\/2024<\/td><td class=\"column-4\">FAMED<\/td><td class=\"column-5\">FAMED<\/td>\n<\/tr>\n<tr class=\"row-18\">\n\t<td class=\"column-1\">17\u00aa<\/td><td class=\"column-2\">Retorno Autom\u00e1tico*<\/td><td class=\"column-3\">28\/10\/2024<\/td><td class=\"column-4\">FAMED<\/td><td class=\"column-5\">FAMED<\/td>\n<\/tr>\n<tr class=\"row-19\">\n\t<td class=\"column-1\">18\u00aa<\/td><td class=\"column-2\">Perda Consecutiva**<\/td><td class=\"column-3\">12\/12\/2024<\/td><td class=\"column-4\">IFM<\/td><td class=\"column-5\">IFM<\/td>\n<\/tr>\n<tr class=\"row-20\">\n\t<td class=\"column-1\">19\u00aa<\/td><td class=\"column-2\">6\u00ba<\/td><td class=\"column-3\">23\/12\/2024<\/td><td class=\"column-4\">Revers\u00e3o<\/td><td class=\"column-5\">FN<\/td>\n<\/tr>\n<\/tbody>\n<\/table>\n<!-- #tablepress-15 from cache -->\n<\/div>\n<div style=\"padding: 0 2rem 0;font-size: 10pt\">* <strong>Art. 11, Port. 2.135\/2022<\/strong>: &#8220;A unidade que, ao perder a vaga com possibilidade de reposi\u00e7\u00e3o, apresentar \u00edndice positivo com base na al\u00ednea \u201cV\u201d do Art. 9\u00ba, ter\u00e1 o retorno autom\u00e1tico da vaga.&#8221;<\/div>\n<div style=\"padding: 0 2rem 0;font-size: 10pt\">** <strong>Art. 12, Port. 2.135\/2022<\/strong>: &#8220;Nenhuma unidade perder\u00e1 duas vagas consecutivas para ser alocada com base na matriz, sendo que a cada duas vagas de vac\u00e2ncia com possibilidade de provimento, uma ser\u00e1 distribu\u00edda atrav\u00e9s da matriz e a outra retornar\u00e1 para a unidade.&#8221;<\/div>\n<div class=\"paragrafoComumStyle\">A tabela acima evidencia todas as movimenta\u00e7\u00f5es de servidores baseadas na <strong>Matriz<\/strong> desde sua implanta\u00e7\u00e3o. O <strong>N\u00facleo de Gerenciamento de Concursos e Vagas (NUGEC)<\/strong> \u00e9 o setor respons\u00e1vel pela sua manuten\u00e7\u00e3o e atualiza\u00e7\u00e3o.<\/div>","protected":false},"excerpt":{"rendered":"<p>Matriz de Refer\u00eancia de Servidores\/as Administrativos\/as das Unidades Acad\u00eamicas A Matriz de Refer\u00eancia de Servidores\/as Administrativos\/as das Unidades Acad\u00eamicas \u00e9 uma ferramenta de gest\u00e3o a qual tem por objetivo a buscar a equidade da distribui\u00e7\u00e3o de pessoal administrativo nas unidades acad\u00eamicas. O instrumento inicial foi criado em 2022. A vers\u00e3o atual \u00e9 regulamentada pela Instru\u00e7\u00e3o [&hellip;]<\/p>\n","protected":false},"author":52,"featured_media":0,"parent":0,"menu_order":0,"comment_status":"closed","ping_status":"closed","template":"","meta":{"footnotes":""},"class_list":["post-21622","page","type-page","status-publish","hentry"],"_links":{"self":[{"href":"https:\/\/wp.ufpel.edu.br\/progep\/wp-json\/wp\/v2\/pages\/21622","targetHints":{"allow":["GET"]}}],"collection":[{"href":"https:\/\/wp.ufpel.edu.br\/progep\/wp-json\/wp\/v2\/pages"}],"about":[{"href":"https:\/\/wp.ufpel.edu.br\/progep\/wp-json\/wp\/v2\/types\/page"}],"author":[{"embeddable":true,"href":"https:\/\/wp.ufpel.edu.br\/progep\/wp-json\/wp\/v2\/users\/52"}],"replies":[{"embeddable":true,"href":"https:\/\/wp.ufpel.edu.br\/progep\/wp-json\/wp\/v2\/comments?post=21622"}],"version-history":[{"count":3,"href":"https:\/\/wp.ufpel.edu.br\/progep\/wp-json\/wp\/v2\/pages\/21622\/revisions"}],"predecessor-version":[{"id":41122,"href":"https:\/\/wp.ufpel.edu.br\/progep\/wp-json\/wp\/v2\/pages\/21622\/revisions\/41122"}],"wp:attachment":[{"href":"https:\/\/wp.ufpel.edu.br\/progep\/wp-json\/wp\/v2\/media?parent=21622"}],"curies":[{"name":"wp","href":"https:\/\/api.w.org\/{rel}","templated":true}]}}