{"id":21327,"date":"2022-10-03T17:59:19","date_gmt":"2022-10-03T20:59:19","guid":{"rendered":"https:\/\/wp.ufpel.edu.br\/progep\/?page_id=21327"},"modified":"2025-06-30T14:26:12","modified_gmt":"2025-06-30T17:26:12","slug":"capacita-na-web-como-estou-cuidando-de-minha-saude-mental","status":"publish","type":"page","link":"https:\/\/wp.ufpel.edu.br\/progep\/capacita-na-web-como-estou-cuidando-de-minha-saude-mental\/","title":{"rendered":"Capacita\u00e7\u00e3o: Capacita na Web: Como estou cuidando de minha sa\u00fade mental?"},"content":{"rendered":"<p><strong>Facilitadoras:<\/strong> Psic. Maria Helena Concei\u00e7\u00e3o Silveira, Psic. Ang\u00e9lica Gon\u00e7alves Peter e Assist. Social J\u00e9ssica Silva de \u00c1vila (servidoras T\u00e9cnico-Administrativas da Coordena\u00e7\u00e3o de Sa\u00fade e Qualidade de Vida &#8211; CSQV\/PROGEP da UFPel).<\/p>\n<p><strong>Data:<\/strong> 11\/10\/2022 (ter\u00e7a-feira)<\/p>\n<p><strong>Hor\u00e1rio: <\/strong>das 09h \u00e0s 11h<\/p>\n<p><strong>Realiza\u00e7\u00e3o:<\/strong>\u00a0plataforma Webconf da UFPel (na modalidade\u00a0<em>on-line)<\/em><\/p>\n<p><strong>Ementa:\u00a0<\/strong><br \/>\n\u2022 Quais as consequ\u00eancias de n\u00e3o cuidar de sua sa\u00fade mental?<br \/>\n\u2022 Fatores que contribuem para que uma pessoa venha a desenvolver transtornos mentais;<br \/>\n\u2022 Como cuidar da sa\u00fade mental? Estrat\u00e9gias pr\u00e1ticas, simples e cotidianas.<\/p>\n<p><strong>P\u00fablico Alvo<\/strong>: Servidores docentes e TAE\u2019s ativos*<\/p>\n<p><strong>N\u00famero de Vagas:<\/strong> 40 (por ordem de inscri\u00e7\u00e3o)**<\/p>\n<p><strong>Per\u00edodo de inscri\u00e7\u00e3o<\/strong>: 03\/10 a 09\/10\/2022<\/p>\n<p><strong>Divulga\u00e7\u00e3o das inscri\u00e7\u00f5es homologadas<\/strong>: 10\/10\/2022***, nesta p\u00e1gina.<\/p>\n<p>*Considerando a Pol\u00edtica Nacional de Desenvolvimento de Pessoas, conforme Decreto n\u00ba 9.991\/19, somente ser\u00e3o certificados os servidores p\u00fablicos pertencentes ao Quadro Efetivo da UFPel.<\/p>\n<p>**Vagas destinadas \u00e0 servidores pertencentes ao Quadro Efetivo da UFPel, preferencialmente.<\/p>\n<p>*** Quando homologadas as inscri\u00e7\u00f5es, os selecionados receber\u00e3o e-mail com instru\u00e7\u00f5es de acesso \u00e0 sala de Webconf da UFPel.<\/p>\n<hr \/>\n<p><span style=\"color: #ff6600\"><strong><a style=\"color: #ff6600\" href=\"https:\/\/wp.ufpel.edu.br\/progep\/files\/2022\/10\/Homologacao-Como-estou-cuidando-de-minha-saude-mental.pdf\" target=\"_blank\" rel=\"noopener\">INSCRI\u00c7\u00d5ES HOMOLOGADAS<\/a><\/strong><\/span><\/p>\n","protected":false},"excerpt":{"rendered":"<p>Facilitadoras: Psic. Maria Helena Concei\u00e7\u00e3o Silveira, Psic. Ang\u00e9lica Gon\u00e7alves Peter e Assist. Social J\u00e9ssica Silva de \u00c1vila (servidoras T\u00e9cnico-Administrativas da Coordena\u00e7\u00e3o de Sa\u00fade e Qualidade de Vida &#8211; CSQV\/PROGEP da UFPel). Data: 11\/10\/2022 (ter\u00e7a-feira) Hor\u00e1rio: das 09h \u00e0s 11h Realiza\u00e7\u00e3o:\u00a0plataforma Webconf da UFPel (na modalidade\u00a0on-line) Ementa:\u00a0 \u2022 Quais as consequ\u00eancias de n\u00e3o cuidar de sua [&hellip;]<\/p>\n","protected":false},"author":21,"featured_media":0,"parent":0,"menu_order":0,"comment_status":"closed","ping_status":"closed","template":"","meta":{"footnotes":""},"class_list":["post-21327","page","type-page","status-publish","hentry"],"_links":{"self":[{"href":"https:\/\/wp.ufpel.edu.br\/progep\/wp-json\/wp\/v2\/pages\/21327","targetHints":{"allow":["GET"]}}],"collection":[{"href":"https:\/\/wp.ufpel.edu.br\/progep\/wp-json\/wp\/v2\/pages"}],"about":[{"href":"https:\/\/wp.ufpel.edu.br\/progep\/wp-json\/wp\/v2\/types\/page"}],"author":[{"embeddable":true,"href":"https:\/\/wp.ufpel.edu.br\/progep\/wp-json\/wp\/v2\/users\/21"}],"replies":[{"embeddable":true,"href":"https:\/\/wp.ufpel.edu.br\/progep\/wp-json\/wp\/v2\/comments?post=21327"}],"version-history":[{"count":9,"href":"https:\/\/wp.ufpel.edu.br\/progep\/wp-json\/wp\/v2\/pages\/21327\/revisions"}],"predecessor-version":[{"id":34045,"href":"https:\/\/wp.ufpel.edu.br\/progep\/wp-json\/wp\/v2\/pages\/21327\/revisions\/34045"}],"wp:attachment":[{"href":"https:\/\/wp.ufpel.edu.br\/progep\/wp-json\/wp\/v2\/media?parent=21327"}],"curies":[{"name":"wp","href":"https:\/\/api.w.org\/{rel}","templated":true}]}}