{"id":21177,"date":"2022-09-13T18:06:28","date_gmt":"2022-09-13T21:06:28","guid":{"rendered":"https:\/\/wp.ufpel.edu.br\/progep\/?page_id=21177"},"modified":"2025-06-30T14:26:01","modified_gmt":"2025-06-30T17:26:01","slug":"capacita-na-web-boas-praticas-e-uso-de-recursos-avancados-no-sistema-eletronico-de-informacoes-sei","status":"publish","type":"page","link":"https:\/\/wp.ufpel.edu.br\/progep\/capacita-na-web-boas-praticas-e-uso-de-recursos-avancados-no-sistema-eletronico-de-informacoes-sei\/","title":{"rendered":"Capacita\u00e7\u00e3o: Curso: Boas pr\u00e1ticas e uso de recursos avan\u00e7ados no Sistema Eletr\u00f4nico de Informa\u00e7\u00f5es (SEI)"},"content":{"rendered":"<p><strong>Facilitador:<\/strong> Prof. J\u00falio Carlos Balzano de Mattos (Centro de Desenvolvimento Tecnol\u00f3gico &#8211; CDTEC\/SGTIC da UFPel)<\/p>\n<p><strong>Data:<\/strong> 29\/09\/2022 (quinta-feira)<\/p>\n<p><strong>Hor\u00e1rio: <\/strong>das 08h30 \u00e0s 10h30<\/p>\n<p><strong>Modalidade:<\/strong> Presencial<\/p>\n<p><span style=\"background-color: #ffffff\"><strong>Local:<\/strong> Audit\u00f3rio da Reitoria &#8211; 4\u00ba Andar Campus\u00a0Anglo<\/span><\/p>\n<p><strong>Ementa:<\/strong><br \/>\n<span style=\"text-decoration: underline\">Recursos do SEI<\/span>:<br \/>\n\u2022 Bloco de assinatura;<br \/>\n\u2022 Acompanhamento especial;<br \/>\n\u2022 Busca e uso da base de conhecimento;<br \/>\n\u2022 Andamento do processo;<br \/>\n\u2022 Relacionamento e anexa\u00e7\u00e3o de processos;<br \/>\n\u2022 Sobrestamento de processos;<br \/>\n\u2022 Uso do recurso de pesquisa e estat\u00edsticas;<br \/>\n\u2022 Uso do grupo de envio (e-mail, envio e contatos);<br \/>\n\u2022 Envio de e-mail;<br \/>\n\u2022 Cadastro de usu\u00e1rio externo e disponibiliza\u00e7\u00e3o de documentos para usu\u00e1rio externo;<br \/>\n\u2022 Texto padr\u00e3o;<br \/>\n\u2022 Documento modelo;<br \/>\n\u2022 SEI++;<br \/>\n\u2022 Uso do aplicativo.<\/p>\n<p><span style=\"text-decoration: underline\">Boas Pr\u00e1ticas no uso do SEI<\/span>:<br \/>\n\u2022 Uso do SEI: qual finalidade;<br \/>\n\u2022 A import\u00e2ncia da classifica\u00e7\u00e3o de processos;<br \/>\n\u2022 A import\u00e2ncia da especifica\u00e7\u00e3o do processo;<br \/>\n\u2022 Interessado no processo\/documento;<br \/>\n\u2022 Retorno de bloco de assinatura;<br \/>\n\u2022 N\u00e3o utilizar o retorno programado;<br \/>\n\u2022 Problema de processo abertos em Unidades sem necessidade;<br \/>\n\u2022 Quest\u00f5es de seguran\u00e7a;<br \/>\n\u2022 Link de documentos no SEI;<br \/>\n\u2022 D\u00ea prefer\u00eancia ao editor do SEI;<br \/>\n\u2022 N\u00e3o reinserir um arquivo nativo SEI novamente;<br \/>\n\u2022 Uso da atualiza\u00e7\u00e3o de andamento para registro de informa\u00e7\u00f5es relevantes.<\/p>\n<p><strong>P\u00fablico Alvo<\/strong>: Servidores docentes e TAE\u2019s ativos*<\/p>\n<p><strong>N\u00famero de vagas<\/strong>: 50 (limitadas por ordem de inscri\u00e7\u00e3o)**<\/p>\n<p><span style=\"background-color: #ffffff\"><strong>Per\u00edodo de inscri\u00e7\u00e3o<\/strong>: 13\/09 a 26\/09\/2022<\/span><\/p>\n<p><strong>Divulga\u00e7\u00e3o das inscri\u00e7\u00f5es homologadas<\/strong>: 27\/09**, nesta p\u00e1gina.<\/p>\n<p>*Considerando a Pol\u00edtica Nacional de Desenvolvimento de Pessoas, conforme Decreto n\u00ba 9.991\/19, somente ser\u00e3o certificados os servidores p\u00fablicos pertencentes ao Quadro Efetivo da UFPel.<\/p>\n<p><span style=\"background-color: #ffffff\">**Vagas destinadas a servidores pertencentes ao Quadro Efetivo da UFPel, preferencialmente.<\/span><\/p>\n<p><span style=\"background-color: #ffffff\">***Quando homologadas as inscri\u00e7\u00f5es, os selecionados receber\u00e3o e-mail.<\/span><\/p>\n<hr \/>\n<p><span style=\"color: #ff6600\"><strong><a style=\"color: #ff6600\" href=\"https:\/\/wp.ufpel.edu.br\/progep\/files\/2022\/09\/Homologacao-Boas-praticas-e-uso-de-recursos-avancados-no-SEI-29-09-2022.pdf\" target=\"_blank\" rel=\"noopener\">INSCRI\u00c7\u00d5ES HOMOLOGADAS<\/a><\/strong><\/span><\/p>\n<p>Obs.: Devido ao grande n\u00famero de inscritos, excepcionalmente, foram homologados 85 participantes para esta capacita\u00e7\u00e3o presencial em vez dos 50 inicialmente previstos.<\/p>\n<p>&nbsp;<\/p>\n","protected":false},"excerpt":{"rendered":"<p>Facilitador: Prof. J\u00falio Carlos Balzano de Mattos (Centro de Desenvolvimento Tecnol\u00f3gico &#8211; CDTEC\/SGTIC da UFPel) Data: 29\/09\/2022 (quinta-feira) Hor\u00e1rio: das 08h30 \u00e0s 10h30 Modalidade: Presencial Local: Audit\u00f3rio da Reitoria &#8211; 4\u00ba Andar Campus\u00a0Anglo Ementa: Recursos do SEI: \u2022 Bloco de assinatura; \u2022 Acompanhamento especial; \u2022 Busca e uso da base de conhecimento; \u2022 Andamento do [&hellip;]<\/p>\n","protected":false},"author":21,"featured_media":0,"parent":0,"menu_order":0,"comment_status":"closed","ping_status":"closed","template":"","meta":{"footnotes":""},"class_list":["post-21177","page","type-page","status-publish","hentry"],"_links":{"self":[{"href":"https:\/\/wp.ufpel.edu.br\/progep\/wp-json\/wp\/v2\/pages\/21177","targetHints":{"allow":["GET"]}}],"collection":[{"href":"https:\/\/wp.ufpel.edu.br\/progep\/wp-json\/wp\/v2\/pages"}],"about":[{"href":"https:\/\/wp.ufpel.edu.br\/progep\/wp-json\/wp\/v2\/types\/page"}],"author":[{"embeddable":true,"href":"https:\/\/wp.ufpel.edu.br\/progep\/wp-json\/wp\/v2\/users\/21"}],"replies":[{"embeddable":true,"href":"https:\/\/wp.ufpel.edu.br\/progep\/wp-json\/wp\/v2\/comments?post=21177"}],"version-history":[{"count":13,"href":"https:\/\/wp.ufpel.edu.br\/progep\/wp-json\/wp\/v2\/pages\/21177\/revisions"}],"predecessor-version":[{"id":34043,"href":"https:\/\/wp.ufpel.edu.br\/progep\/wp-json\/wp\/v2\/pages\/21177\/revisions\/34043"}],"wp:attachment":[{"href":"https:\/\/wp.ufpel.edu.br\/progep\/wp-json\/wp\/v2\/media?parent=21177"}],"curies":[{"name":"wp","href":"https:\/\/api.w.org\/{rel}","templated":true}]}}