{"id":21114,"date":"2022-09-06T09:08:02","date_gmt":"2022-09-06T12:08:02","guid":{"rendered":"https:\/\/wp.ufpel.edu.br\/progep\/?page_id=21114"},"modified":"2025-06-30T14:25:48","modified_gmt":"2025-06-30T17:25:48","slug":"capacita-na-web-reflexoes-sobre-o-papel-das-mulheres-na-ciencia-e-na-inovacao","status":"publish","type":"page","link":"https:\/\/wp.ufpel.edu.br\/progep\/capacita-na-web-reflexoes-sobre-o-papel-das-mulheres-na-ciencia-e-na-inovacao\/","title":{"rendered":"Capacita\u00e7\u00e3o: Capacita na Web: Reflex\u00f5es sobre o papel das mulheres na Ci\u00eancia e na Inova\u00e7\u00e3o"},"content":{"rendered":"<p><strong>Facilitadora: <\/strong>Silvia Trisch dos Santos Acunha (Servidora t\u00e9cnica administrativa da UFPel)<\/p>\n<p><strong>Data:<\/strong> 27\/09\/2022 (Ter\u00e7a-feira)<\/p>\n<p><strong>Hor\u00e1rio: <\/strong>das 14h30 \u00e0s 16h<\/p>\n<p><strong>Realiza\u00e7\u00e3o:<\/strong>\u00a0plataforma Webconf da UFPel (na modalidade\u00a0<em>on-line)<\/em><\/p>\n<p><strong>Ementa:<\/strong><br \/>\n\u2022 Participa\u00e7\u00e3o feminina nas \u00e1reas cient\u00edficas;<br \/>\n\u2022 Mercado de trabalho e suas diferen\u00e7as;<br \/>\n\u2022 Profiss\u00f5es femininas?<br \/>\n\u2022 O feminismo e sua contribui\u00e7\u00e3o na busca de uma sociedade mais igualit\u00e1ria.<\/p>\n<p><strong>P\u00fablico Alvo<\/strong>: Servidores docentes e TAE\u2019s ativos*<\/p>\n<p><strong>Per\u00edodo de inscri\u00e7\u00e3o<\/strong>: 06\/09 a 22\/09\/2022<\/p>\n<p><strong>Divulga\u00e7\u00e3o das inscri\u00e7\u00f5es homologadas<\/strong>: 23\/09**, nesta p\u00e1gina.<\/p>\n<p>*Considerando a Pol\u00edtica Nacional de Desenvolvimento de Pessoas, conforme Decreto n\u00ba 9.991\/19, somente ser\u00e3o certificados os servidores p\u00fablicos pertencentes ao Quadro Efetivo da UFPel.<\/p>\n<p>**Quando homologadas as inscri\u00e7\u00f5es, os selecionados receber\u00e3o e-mail com instru\u00e7\u00f5es de acesso \u00e0 sala de Webconf da UFPel.<\/p>\n<hr \/>\n<p><span style=\"color: #ff0000\"><strong>Atividade cancelada.<\/strong><\/span><\/p>\n","protected":false},"excerpt":{"rendered":"<p>Facilitadora: Silvia Trisch dos Santos Acunha (Servidora t\u00e9cnica administrativa da UFPel) Data: 27\/09\/2022 (Ter\u00e7a-feira) Hor\u00e1rio: das 14h30 \u00e0s 16h Realiza\u00e7\u00e3o:\u00a0plataforma Webconf da UFPel (na modalidade\u00a0on-line) Ementa: \u2022 Participa\u00e7\u00e3o feminina nas \u00e1reas cient\u00edficas; \u2022 Mercado de trabalho e suas diferen\u00e7as; \u2022 Profiss\u00f5es femininas? \u2022 O feminismo e sua contribui\u00e7\u00e3o na busca de uma sociedade mais igualit\u00e1ria. [&hellip;]<\/p>\n","protected":false},"author":21,"featured_media":0,"parent":0,"menu_order":0,"comment_status":"closed","ping_status":"closed","template":"","meta":{"footnotes":""},"class_list":["post-21114","page","type-page","status-publish","hentry"],"_links":{"self":[{"href":"https:\/\/wp.ufpel.edu.br\/progep\/wp-json\/wp\/v2\/pages\/21114","targetHints":{"allow":["GET"]}}],"collection":[{"href":"https:\/\/wp.ufpel.edu.br\/progep\/wp-json\/wp\/v2\/pages"}],"about":[{"href":"https:\/\/wp.ufpel.edu.br\/progep\/wp-json\/wp\/v2\/types\/page"}],"author":[{"embeddable":true,"href":"https:\/\/wp.ufpel.edu.br\/progep\/wp-json\/wp\/v2\/users\/21"}],"replies":[{"embeddable":true,"href":"https:\/\/wp.ufpel.edu.br\/progep\/wp-json\/wp\/v2\/comments?post=21114"}],"version-history":[{"count":6,"href":"https:\/\/wp.ufpel.edu.br\/progep\/wp-json\/wp\/v2\/pages\/21114\/revisions"}],"predecessor-version":[{"id":34040,"href":"https:\/\/wp.ufpel.edu.br\/progep\/wp-json\/wp\/v2\/pages\/21114\/revisions\/34040"}],"wp:attachment":[{"href":"https:\/\/wp.ufpel.edu.br\/progep\/wp-json\/wp\/v2\/media?parent=21114"}],"curies":[{"name":"wp","href":"https:\/\/api.w.org\/{rel}","templated":true}]}}