{"id":21105,"date":"2022-09-02T17:45:06","date_gmt":"2022-09-02T20:45:06","guid":{"rendered":"https:\/\/wp.ufpel.edu.br\/progep\/?page_id=21105"},"modified":"2022-09-21T19:29:19","modified_gmt":"2022-09-21T22:29:19","slug":"chamada-publica-02-2022","status":"publish","type":"page","link":"https:\/\/wp.ufpel.edu.br\/progep\/administracao-de-pessoal\/chamada-publica-remocoes\/chamada-publica-02-2022\/","title":{"rendered":"Chamada P\u00fablica 02\/2022"},"content":{"rendered":"<p><a href=\"https:\/\/wp.ufpel.edu.br\/progep\/files\/2022\/09\/edital-de-remocao-02.pdf\">Chamada P\u00fablica de Remo\u00e7\u00e3o N\u00ba 02\/2022<\/a><\/p>\n<p><a href=\"https:\/\/wp.ufpel.edu.br\/progep\/files\/2022\/09\/SEI_UFPel-1867452-Edital-PROGEP.pdf\">Resultado Parcial<\/a><\/p>\n<p><a href=\"https:\/\/wp.ufpel.edu.br\/progep\/files\/2022\/09\/SEI_UFPel-1871007-Edital-PROGEP.pdf\">Resultado Final<\/a><\/p>\n","protected":false},"excerpt":{"rendered":"<p>Chamada P\u00fablica de Remo\u00e7\u00e3o N\u00ba 02\/2022 Resultado Parcial Resultado Final<\/p>\n","protected":false},"author":52,"featured_media":0,"parent":20692,"menu_order":0,"comment_status":"closed","ping_status":"closed","template":"","meta":{"footnotes":""},"class_list":["post-21105","page","type-page","status-publish","hentry"],"_links":{"self":[{"href":"https:\/\/wp.ufpel.edu.br\/progep\/wp-json\/wp\/v2\/pages\/21105","targetHints":{"allow":["GET"]}}],"collection":[{"href":"https:\/\/wp.ufpel.edu.br\/progep\/wp-json\/wp\/v2\/pages"}],"about":[{"href":"https:\/\/wp.ufpel.edu.br\/progep\/wp-json\/wp\/v2\/types\/page"}],"author":[{"embeddable":true,"href":"https:\/\/wp.ufpel.edu.br\/progep\/wp-json\/wp\/v2\/users\/52"}],"replies":[{"embeddable":true,"href":"https:\/\/wp.ufpel.edu.br\/progep\/wp-json\/wp\/v2\/comments?post=21105"}],"version-history":[{"count":6,"href":"https:\/\/wp.ufpel.edu.br\/progep\/wp-json\/wp\/v2\/pages\/21105\/revisions"}],"predecessor-version":[{"id":21233,"href":"https:\/\/wp.ufpel.edu.br\/progep\/wp-json\/wp\/v2\/pages\/21105\/revisions\/21233"}],"up":[{"embeddable":true,"href":"https:\/\/wp.ufpel.edu.br\/progep\/wp-json\/wp\/v2\/pages\/20692"}],"wp:attachment":[{"href":"https:\/\/wp.ufpel.edu.br\/progep\/wp-json\/wp\/v2\/media?parent=21105"}],"curies":[{"name":"wp","href":"https:\/\/api.w.org\/{rel}","templated":true}]}}