{"id":21094,"date":"2022-09-02T11:19:15","date_gmt":"2022-09-02T14:19:15","guid":{"rendered":"https:\/\/wp.ufpel.edu.br\/progep\/?page_id=21094"},"modified":"2025-06-30T14:25:44","modified_gmt":"2025-06-30T17:25:44","slug":"capacita-na-web-relacoes-interpessoais-e-conflitos-no-trabalho","status":"publish","type":"page","link":"https:\/\/wp.ufpel.edu.br\/progep\/capacita-na-web-relacoes-interpessoais-e-conflitos-no-trabalho\/","title":{"rendered":"Capacita\u00e7\u00e3o: Capacita na Web: Rela\u00e7\u00f5es interpessoais e conflitos no trabalho."},"content":{"rendered":"<p><strong>Facilitadora:<\/strong> Luciana Florentino Novo (Docente do Centro de Ci\u00eancias S\u00f3cio-Organizacionais &#8211; CCSO\/UFPel)<\/p>\n<p><strong>Data:<\/strong> 21\/09\/2022 (quarta-feira)<\/p>\n<p><strong>Hor\u00e1rio: <\/strong>das 14h \u00e0s 16h<\/p>\n<p><strong>Realiza\u00e7\u00e3o:<\/strong>\u00a0plataforma Webconf da UFPel (na modalidade\u00a0<em>on-line)<\/em><\/p>\n<p><strong>Ementa:<\/strong><br \/>\n\u2022 Reflex\u00e3o sobre as rela\u00e7\u00f5es interpessoais no trabalho;<br \/>\n\u2022 O conflito como fen\u00f4meno inerente \u00e0 vida organizacional;<br \/>\n\u2022 A gest\u00e3o do conflito;<br \/>\n\u2022 Conflito e suas repercuss\u00f5es no trabalho e na sa\u00fade ps\u00edquica dos sujeitos.<\/p>\n<p><strong>P\u00fablico Alvo<\/strong>: Servidores docentes e TAE\u2019s ativos*<\/p>\n<p><strong>Per\u00edodo de inscri\u00e7\u00e3o<\/strong>: 02\/09 a 15\/09\/2022<\/p>\n<p><strong>Divulga\u00e7\u00e3o das inscri\u00e7\u00f5es homologadas<\/strong>: 16\/09**, nesta p\u00e1gina.<\/p>\n<p>*Considerando a Pol\u00edtica Nacional de Desenvolvimento de Pessoas, conforme Decreto n\u00ba 9.991\/19, somente ser\u00e3o certificados os servidores p\u00fablicos pertencentes ao Quadro Efetivo da UFPel.<\/p>\n<p>**Quando homologadas as inscri\u00e7\u00f5es, os selecionados receber\u00e3o e-mail com instru\u00e7\u00f5es de acesso \u00e0 sala de Webconf da UFPel.<\/p>\n<hr \/>\n<p><strong><a href=\"https:\/\/wp.ufpel.edu.br\/progep\/files\/2022\/09\/Homologacao-Relacoes-interpessoais-e-conflitos-no-trabalho_21_09_2022.pdf\" target=\"_blank\" rel=\"noopener\"><span style=\"color: #ff6600\">INSCRI\u00c7\u00d5ES HOMOLOGADAS<\/span><\/a><\/strong><\/p>\n","protected":false},"excerpt":{"rendered":"<p>Facilitadora: Luciana Florentino Novo (Docente do Centro de Ci\u00eancias S\u00f3cio-Organizacionais &#8211; CCSO\/UFPel) Data: 21\/09\/2022 (quarta-feira) Hor\u00e1rio: das 14h \u00e0s 16h Realiza\u00e7\u00e3o:\u00a0plataforma Webconf da UFPel (na modalidade\u00a0on-line) Ementa: \u2022 Reflex\u00e3o sobre as rela\u00e7\u00f5es interpessoais no trabalho; \u2022 O conflito como fen\u00f4meno inerente \u00e0 vida organizacional; \u2022 A gest\u00e3o do conflito; \u2022 Conflito e suas repercuss\u00f5es no [&hellip;]<\/p>\n","protected":false},"author":21,"featured_media":0,"parent":0,"menu_order":0,"comment_status":"closed","ping_status":"closed","template":"","meta":{"_crdt_document":"","footnotes":""},"class_list":["post-21094","page","type-page","status-publish","hentry"],"_links":{"self":[{"href":"https:\/\/wp.ufpel.edu.br\/progep\/wp-json\/wp\/v2\/pages\/21094","targetHints":{"allow":["GET"]}}],"collection":[{"href":"https:\/\/wp.ufpel.edu.br\/progep\/wp-json\/wp\/v2\/pages"}],"about":[{"href":"https:\/\/wp.ufpel.edu.br\/progep\/wp-json\/wp\/v2\/types\/page"}],"author":[{"embeddable":true,"href":"https:\/\/wp.ufpel.edu.br\/progep\/wp-json\/wp\/v2\/users\/21"}],"replies":[{"embeddable":true,"href":"https:\/\/wp.ufpel.edu.br\/progep\/wp-json\/wp\/v2\/comments?post=21094"}],"version-history":[{"count":9,"href":"https:\/\/wp.ufpel.edu.br\/progep\/wp-json\/wp\/v2\/pages\/21094\/revisions"}],"predecessor-version":[{"id":34039,"href":"https:\/\/wp.ufpel.edu.br\/progep\/wp-json\/wp\/v2\/pages\/21094\/revisions\/34039"}],"wp:attachment":[{"href":"https:\/\/wp.ufpel.edu.br\/progep\/wp-json\/wp\/v2\/media?parent=21094"}],"curies":[{"name":"wp","href":"https:\/\/api.w.org\/{rel}","templated":true}]}}