{"id":21085,"date":"2022-08-31T16:35:43","date_gmt":"2022-08-31T19:35:43","guid":{"rendered":"https:\/\/wp.ufpel.edu.br\/progep\/?page_id=21085"},"modified":"2025-06-30T14:25:39","modified_gmt":"2025-06-30T17:25:39","slug":"capacita-na-web-planejamento-e-organizacao-de-trabalho","status":"publish","type":"page","link":"https:\/\/wp.ufpel.edu.br\/progep\/capacita-na-web-planejamento-e-organizacao-de-trabalho\/","title":{"rendered":"Capacita\u00e7\u00e3o: Capacita na Web: Planejamento e Organiza\u00e7\u00e3o de trabalho"},"content":{"rendered":"<p><strong>Facilitadoras:<br \/>\n<\/strong><span style=\"font-size: 12pt\">Prof\u00aa. Isabel Cristina Rosa Barros Rasia (Centro de Ci\u00eancias Socio-Organizacionais &#8211; UFPel)<br \/>\nProf\u00aa Ana Paula Lemos Centeno (Centro de Ci\u00eancias Socio-Organizacionais &#8211; UFPel)<\/span><\/p>\n<p><strong>Data:<\/strong> 22\/09\/2022 (quinta-feira)<\/p>\n<p><strong>Hor\u00e1rio: <\/strong>das 14h \u00e0s 16h<\/p>\n<p><strong>Realiza\u00e7\u00e3o:<\/strong>\u00a0plataforma Webconf da UFPel (na modalidade\u00a0<em>on-line)<\/em><\/p>\n<p><strong>Ementa:<br \/>\n<\/strong>A capacita\u00e7\u00e3o abordar\u00e1 a import\u00e2ncia do planejamento e seus desdobramentos, organizando prioridades; divis\u00e3o e responsabiliza\u00e7\u00e3o por tarefas nas unidades.<strong><br \/>\n<\/strong><\/p>\n<p><strong>P\u00fablico Alvo<\/strong>: Servidores docentes e TAE\u2019s ativos*<\/p>\n<p><strong>Per\u00edodo de inscri\u00e7\u00e3o<\/strong>: 31\/08 a 15\/09\/2022<\/p>\n<p><strong>Divulga\u00e7\u00e3o das inscri\u00e7\u00f5es homologadas<\/strong>: 16\/09**, nesta p\u00e1gina.<\/p>\n<p>*Considerando a Pol\u00edtica Nacional de Desenvolvimento de Pessoas, conforme Decreto n\u00ba 9.991\/19, somente ser\u00e3o certificados os servidores p\u00fablicos pertencentes ao Quadro Efetivo da UFPel.<\/p>\n<p>**Quando homologadas as inscri\u00e7\u00f5es, os selecionados receber\u00e3o e-mail com instru\u00e7\u00f5es de acesso \u00e0 sala de Webconf da UFPel.<\/p>\n<hr \/>\n<p><span style=\"color: #ff6600\"><strong><a style=\"color: #ff6600\" href=\"https:\/\/wp.ufpel.edu.br\/progep\/files\/2022\/09\/Homologacao-Planejamento-e-Organizacao-de-trabalho-22-09-2022.pdf\" target=\"_blank\" rel=\"noopener\">INSCRI\u00c7\u00d5ES HOMOLOGADAS<\/a><\/strong><\/span><\/p>\n","protected":false},"excerpt":{"rendered":"<p>Facilitadoras: Prof\u00aa. Isabel Cristina Rosa Barros Rasia (Centro de Ci\u00eancias Socio-Organizacionais &#8211; UFPel) Prof\u00aa Ana Paula Lemos Centeno (Centro de Ci\u00eancias Socio-Organizacionais &#8211; UFPel) Data: 22\/09\/2022 (quinta-feira) Hor\u00e1rio: das 14h \u00e0s 16h Realiza\u00e7\u00e3o:\u00a0plataforma Webconf da UFPel (na modalidade\u00a0on-line) Ementa: A capacita\u00e7\u00e3o abordar\u00e1 a import\u00e2ncia do planejamento e seus desdobramentos, organizando prioridades; divis\u00e3o e responsabiliza\u00e7\u00e3o por [&hellip;]<\/p>\n","protected":false},"author":21,"featured_media":0,"parent":0,"menu_order":0,"comment_status":"closed","ping_status":"closed","template":"","meta":{"footnotes":""},"class_list":["post-21085","page","type-page","status-publish","hentry"],"_links":{"self":[{"href":"https:\/\/wp.ufpel.edu.br\/progep\/wp-json\/wp\/v2\/pages\/21085","targetHints":{"allow":["GET"]}}],"collection":[{"href":"https:\/\/wp.ufpel.edu.br\/progep\/wp-json\/wp\/v2\/pages"}],"about":[{"href":"https:\/\/wp.ufpel.edu.br\/progep\/wp-json\/wp\/v2\/types\/page"}],"author":[{"embeddable":true,"href":"https:\/\/wp.ufpel.edu.br\/progep\/wp-json\/wp\/v2\/users\/21"}],"replies":[{"embeddable":true,"href":"https:\/\/wp.ufpel.edu.br\/progep\/wp-json\/wp\/v2\/comments?post=21085"}],"version-history":[{"count":4,"href":"https:\/\/wp.ufpel.edu.br\/progep\/wp-json\/wp\/v2\/pages\/21085\/revisions"}],"predecessor-version":[{"id":34038,"href":"https:\/\/wp.ufpel.edu.br\/progep\/wp-json\/wp\/v2\/pages\/21085\/revisions\/34038"}],"wp:attachment":[{"href":"https:\/\/wp.ufpel.edu.br\/progep\/wp-json\/wp\/v2\/media?parent=21085"}],"curies":[{"name":"wp","href":"https:\/\/api.w.org\/{rel}","templated":true}]}}