{"id":20963,"date":"2022-10-25T09:47:13","date_gmt":"2022-10-25T12:47:13","guid":{"rendered":"https:\/\/wp.ufpel.edu.br\/progep\/?page_id=20963"},"modified":"2025-06-30T14:27:34","modified_gmt":"2025-06-30T17:27:34","slug":"curso-gestao-de-seguranca-e-saude-no-trabalho-na-administracao-publica-federal","status":"publish","type":"page","link":"https:\/\/wp.ufpel.edu.br\/progep\/curso-gestao-de-seguranca-e-saude-no-trabalho-na-administracao-publica-federal\/","title":{"rendered":"Capacita\u00e7\u00e3o: Curso: Gest\u00e3o de Seguran\u00e7a e Sa\u00fade no Trabalho na Administra\u00e7\u00e3o P\u00fablica Federal."},"content":{"rendered":"<p><strong>Ministrante(s): <\/strong>Marcel da Costa Amorim (Engenheiro de Seguran\u00e7a do Trabalho na Universidade Federal do Rio Grande do Norte &#8211; UFRN, atualmente \u00e9 Diretor de Aten\u00e7\u00e3o \u00e0 Sa\u00fade do Servidor na Universidade Federal de Goi\u00e1s &#8211; UFG).<\/p>\n<p><b>Modalidade:<\/b> Presencial<\/p>\n<p><strong>Carga hor\u00e1ria:<\/strong> Das 08h \u00e0s 12h e das 14h \u00e0s 18h (Total: 40 horas)<\/p>\n<p><strong>Per\u00edodo<\/strong>: 16 a 20 de maio de 2022<\/p>\n<p><strong>Realiza\u00e7\u00e3o<\/strong>: Presencial<\/p>\n<p><strong>S\u00famula<\/strong>:<br \/>\n&#8211; Gest\u00e3o de Sa\u00fade e Seguran\u00e7a do Trabalho;<br \/>\n&#8211; Aspectos legais da Sa\u00fade e Seguran\u00e7a do Trabalho;<br \/>\n&#8211; Adicionais Ocupacionais;<br \/>\n&#8211; Riscos e a Prote\u00e7\u00e3o dos Servidores nos ambientes laborais;<br \/>\n&#8211; Novo M\u00f3dulo de Concess\u00e3o dos Adicionais Ocupacionais \/ Orienta\u00e7\u00f5es Gerais;<br \/>\n&#8211; Pr\u00e1tica Pericial e elabora\u00e7\u00e3o de laudo de adicionais ocupacionais;<\/p>\n<p><b><strong>Avalia\u00e7\u00e3o: <\/strong><\/b>Frequ\u00eancia m\u00ednima de 75%.<\/p>\n<p class=\"v1MsoNormal\"><strong>P\u00fablico Alvo<\/strong>: TAE\u2019s ativos*<\/p>\n<p><strong>N\u00famero de vagas:<\/strong> 40 vagas (limitadas por ordem de inscri\u00e7\u00e3o)**<\/p>\n<p>*Considerando a Pol\u00edtica Nacional de Desenvolvimento de Pessoas, conforme Decreto n\u00ba 9.991\/19, somente ser\u00e3o certificados os servidores p\u00fablicos pertencentes ao Quadro Efetivo da UFPel.<\/p>\n<p>**Vagas destinadas \u00e0 servidores pertencentes ao Quadro Efetivo da UFPel, preferencialmente.<\/p>\n<p>&nbsp;<\/p>\n","protected":false},"excerpt":{"rendered":"<p>Ministrante(s): Marcel da Costa Amorim (Engenheiro de Seguran\u00e7a do Trabalho na Universidade Federal do Rio Grande do Norte &#8211; UFRN, atualmente \u00e9 Diretor de Aten\u00e7\u00e3o \u00e0 Sa\u00fade do Servidor na Universidade Federal de Goi\u00e1s &#8211; UFG). Modalidade: Presencial Carga hor\u00e1ria: Das 08h \u00e0s 12h e das 14h \u00e0s 18h (Total: 40 horas) Per\u00edodo: 16 a [&hellip;]<\/p>\n","protected":false},"author":21,"featured_media":0,"parent":0,"menu_order":0,"comment_status":"closed","ping_status":"closed","template":"","meta":{"footnotes":""},"class_list":["post-20963","page","type-page","status-publish","hentry"],"_links":{"self":[{"href":"https:\/\/wp.ufpel.edu.br\/progep\/wp-json\/wp\/v2\/pages\/20963","targetHints":{"allow":["GET"]}}],"collection":[{"href":"https:\/\/wp.ufpel.edu.br\/progep\/wp-json\/wp\/v2\/pages"}],"about":[{"href":"https:\/\/wp.ufpel.edu.br\/progep\/wp-json\/wp\/v2\/types\/page"}],"author":[{"embeddable":true,"href":"https:\/\/wp.ufpel.edu.br\/progep\/wp-json\/wp\/v2\/users\/21"}],"replies":[{"embeddable":true,"href":"https:\/\/wp.ufpel.edu.br\/progep\/wp-json\/wp\/v2\/comments?post=20963"}],"version-history":[{"count":8,"href":"https:\/\/wp.ufpel.edu.br\/progep\/wp-json\/wp\/v2\/pages\/20963\/revisions"}],"predecessor-version":[{"id":34054,"href":"https:\/\/wp.ufpel.edu.br\/progep\/wp-json\/wp\/v2\/pages\/20963\/revisions\/34054"}],"wp:attachment":[{"href":"https:\/\/wp.ufpel.edu.br\/progep\/wp-json\/wp\/v2\/media?parent=20963"}],"curies":[{"name":"wp","href":"https:\/\/api.w.org\/{rel}","templated":true}]}}