{"id":20581,"date":"2022-06-24T11:53:21","date_gmt":"2022-06-24T14:53:21","guid":{"rendered":"https:\/\/wp.ufpel.edu.br\/progep\/?page_id=20581"},"modified":"2025-06-11T09:51:44","modified_gmt":"2025-06-11T12:51:44","slug":"nomeacoes-edital-02-2022","status":"publish","type":"page","link":"https:\/\/wp.ufpel.edu.br\/progep\/nomeacoes-edital-02-2022\/","title":{"rendered":"Nomea\u00e7\u00f5es &#8211; Edital 02\/2022"},"content":{"rendered":"\n<div class=\"wp-block-group\" style=\"padding:0\"><div class=\"wp-block-group__inner-container is-layout-constrained wp-block-group-is-layout-constrained\">\n<div class=\"logoTituloModelStyle\" style=\"padding:0\"><img class=\"size-medium wp-image-27184 alignleft\" src=\"https:\/\/wp.ufpel.edu.br\/progep\/files\/2025\/03\/logo-progep_atualizacao-nome_AZUL.png\" style=\"padding:0\" alt=\"\" \/><\/p>\n<div style=\"padding:2rem 0.3rem\"><strong>Nomea\u00e7\u00f5es &#8211; Edital 02\/2022<\/strong><\/div>\n<\/div>\n<hr class=\"hrModelStyle\" \/>\n<div class=\"descriptionModelStyle\">Acompanhe nesta p\u00e1gina a publica\u00e7\u00e3o dos\/as nomeados\/as para cargos t\u00e9cnicos na UFPEL.<\/div>\n<\/div><\/div>\n\n\n<div class=\"pagNomeacoesStyle\">\n<div class=\"cargosNomeConvStyle\">\n<div class=\"cargosTitleStyle\"> Cargos nesta p\u00e1gina:<\/div>\n<div class=\"cargosStyle\">\n<p>Enfermeiro<\/p>\n<\/div>\n<\/div>\n<p> Confira a p\u00e1gina com as informa\u00e7\u00f5es a respeito do certame: <\/p>\n<a href=\"http:\/\/ces.ufpel.edu.br\/conctecadmed0002_2022\/\" target=\"_blank\">Certame do Edital 02\/2022<\/a>\n<div class=\"titleStyle\"><strong>Cargo<\/strong>: Enfermeiro<\/div>\n\n<table id=\"tablepress-70\" class=\"tablepress tablepress-id-70\">\n<thead>\n<tr class=\"row-1\">\n\t<th class=\"column-1\">Posi\u00e7\u00e3o<\/th><th class=\"column-2\">Nome<\/th><th class=\"column-3\">Modalidade<\/th><th class=\"column-4\">Situa\u00e7\u00e3o<\/th>\n<\/tr>\n<\/thead>\n<tbody class=\"row-striping row-hover\">\n<tr class=\"row-2\">\n\t<td class=\"column-1\">1\u00ba<\/td><td class=\"column-2\">MARIANA MORAIS DE OLIVEIRA<\/td><td class=\"column-3\"><\/td><td class=\"column-4\">Nomeada em 01\/08\/2022<\/td>\n<\/tr>\n<tr class=\"row-3\">\n\t<td class=\"column-1\">2\u00ba<\/td><td class=\"column-2\">SABRINA VIEGAS BELONI BORCHHARDT<\/td><td class=\"column-3\"><\/td><td class=\"column-4\">Nomeada em 01\/08\/2022<\/td>\n<\/tr>\n<tr class=\"row-4\">\n\t<td class=\"column-1\">3\u00ba<\/td><td class=\"column-2\">CAROLINA BADIM DE OLIVEIRA<\/td><td class=\"column-3\">CR<\/td><td class=\"column-4\">Nomeada em 01\/08\/2022<\/td>\n<\/tr>\n<tr class=\"row-5\">\n\t<td class=\"column-1\">4\u00ba<\/td><td class=\"column-2\">GUILHERME PACHON CAVADA<\/td><td class=\"column-3\"><\/td><td class=\"column-4\">Nomeado em 01\/08\/2022<\/td>\n<\/tr>\n<tr class=\"row-6\">\n\t<td class=\"column-1\">5\u00ba<\/td><td class=\"column-2\">MARCELO BRAGA PESSOA<\/td><td class=\"column-3\">PCD<\/td><td class=\"column-4\">Tornar s\/efeito em 05\/09\/2022<\/td>\n<\/tr>\n<tr class=\"row-7\">\n\t<td class=\"column-1\">6\u00ba<\/td><td class=\"column-2\">DECIANE PINTANELA DE CARVALHO<\/td><td class=\"column-3\"><\/td><td class=\"column-4\">Nomeada em 01\/08\/2022<\/td>\n<\/tr>\n<tr class=\"row-8\">\n\t<td class=\"column-1\">7\u00ba<\/td><td class=\"column-2\">AMANDA ANDINA BORGES<\/td><td class=\"column-3\"><\/td><td class=\"column-4\">Nomeada em 05\/09\/2022<\/td>\n<\/tr>\n<tr class=\"row-9\">\n\t<td class=\"column-1\">8\u00ba<\/td><td class=\"column-2\">SUNAMITA RODRIGUES DE CASTRO MAXIMO<\/td><td class=\"column-3\">CR<\/td><td class=\"column-4\">Nomeada em 08\/11\/2022<\/td>\n<\/tr>\n<tr class=\"row-10\">\n\t<td class=\"column-1\">9\u00ba<\/td><td class=\"column-2\">TATIANE COSTA DA COSTA<\/td><td class=\"column-3\"><\/td><td class=\"column-4\">Nomeada em 19\/06\/2023<\/td>\n<\/tr>\n<tr class=\"row-11\">\n\t<td class=\"column-1\">10\u00ba<\/td><td class=\"column-2\">WAGNER BOTELHO PINHO<\/td><td class=\"column-3\"><\/td><td class=\"column-4\">Nomeado(a) em 28\/09\/2023<\/td>\n<\/tr>\n<tr class=\"row-12\">\n\t<td class=\"column-1\">11\u00ba<\/td><td class=\"column-2\">SHANA CORREA PACHECO<\/td><td class=\"column-3\"><\/td><td class=\"column-4\">Nomeada em 26\/06\/2024<\/td>\n<\/tr>\n<tr class=\"row-13\">\n\t<td class=\"column-1\">12\u00ba<\/td><td class=\"column-2\">ROSANGELA GARCIA SEABRA FERRAO<\/td><td class=\"column-3\"><\/td><td class=\"column-4\">Nomeada em 03\/09\/2025<\/td>\n<\/tr>\n<tr class=\"row-14\">\n\t<td class=\"column-1\">13\u00ba<\/td><td class=\"column-2\">MARGARETE TEIXEIRA ATHAIDE<\/td><td class=\"column-3\">CR<\/td><td class=\"column-4\">Nomeada em 03\/09\/2025<\/td>\n<\/tr>\n<tr class=\"row-15\">\n\t<td class=\"column-1\">14\u00ba<\/td><td class=\"column-2\">RAFAEL RIBEIRO SANTOS<\/td><td class=\"column-3\"><\/td><td class=\"column-4\">Nomeado em 06\/10\/2025<\/td>\n<\/tr>\n<tr class=\"row-16\">\n\t<td class=\"column-1\">15\u00ba<\/td><td class=\"column-2\">HENRIQUE JOSE MOREIRA DE LACERDA<\/td><td class=\"column-3\"><\/td><td class=\"column-4\"><\/td>\n<\/tr>\n<tr class=\"row-17\">\n\t<td class=\"column-1\">16\u00ba<\/td><td class=\"column-2\">ANGELA RAQUEL WOTTER DIAS<\/td><td class=\"column-3\"><\/td><td class=\"column-4\"><\/td>\n<\/tr>\n<tr class=\"row-18\">\n\t<td class=\"column-1\">17\u00ba<\/td><td class=\"column-2\">DAIANA FIGUEIREDO SOUZA MEDEIROS<\/td><td class=\"column-3\"><\/td><td class=\"column-4\"><\/td>\n<\/tr>\n<tr class=\"row-19\">\n\t<td class=\"column-1\">18\u00ba<\/td><td class=\"column-2\">GILVANILDO ROBERTO DA SILVA<\/td><td class=\"column-3\">CR<\/td><td class=\"column-4\"><s>Nomeado em 19\/08\/2024 pela UFCSPA(aproveitamento)<\/s><br \/>\nExonerado dia 02\/10\/2024, DOU de 07\/10\/2024, n\u00e3o entrou em exerc\u00edcio no prazo.<\/td>\n<\/tr>\n<tr class=\"row-20\">\n\t<td class=\"column-1\">19\u00ba<\/td><td class=\"column-2\">GABRIELA ALVES CHRISTELLO<\/td><td class=\"column-3\"><\/td><td class=\"column-4\"><\/td>\n<\/tr>\n<tr class=\"row-21\">\n\t<td class=\"column-1\">20\u00ba<\/td><td class=\"column-2\">ALCIONE OLIVEIRA<\/td><td class=\"column-3\"><\/td><td class=\"column-4\"><\/td>\n<\/tr>\n<tr class=\"row-22\">\n\t<td class=\"column-1\">21\u00ba<\/td><td class=\"column-2\">ALINE DA ROSA PIZARRO<\/td><td class=\"column-3\">PCD<\/td><td class=\"column-4\">Nomeada em 12\/09\/2022<\/td>\n<\/tr>\n<tr class=\"row-23\">\n\t<td class=\"column-1\">22\u00ba<\/td><td class=\"column-2\">KIMBERLY FERREIRA MOREDA<\/td><td class=\"column-3\"><\/td><td class=\"column-4\">Nomeada em 05\/11\/2024 pela UFCSPA(aproveitamento)<\/td>\n<\/tr>\n<tr class=\"row-24\">\n\t<td class=\"column-1\">23\u00ba<\/td><td class=\"column-2\">DAGOBERTA ALVES VIEIRA<\/td><td class=\"column-3\">CR<\/td><td class=\"column-4\"><\/td>\n<\/tr>\n<tr class=\"row-25\">\n\t<td class=\"column-1\">24\u00ba<\/td><td class=\"column-2\">LARISSA VAGHETTI CUBA<\/td><td class=\"column-3\"><\/td><td class=\"column-4\"><\/td>\n<\/tr>\n<tr class=\"row-26\">\n\t<td class=\"column-1\">25\u00ba<\/td><td class=\"column-2\">MARIA ALINE RODRIGUES BARROS<\/td><td class=\"column-3\"><\/td><td class=\"column-4\"><\/td>\n<\/tr>\n<tr class=\"row-27\">\n\t<td class=\"column-1\">26\u00ba<\/td><td class=\"column-2\">PATRICIA FAGUNDES DO ESPIRITO SANTO<\/td><td class=\"column-3\"><\/td><td class=\"column-4\"><\/td>\n<\/tr>\n<tr class=\"row-28\">\n\t<td class=\"column-1\">27\u00ba<\/td><td class=\"column-2\">JULIANA DALLAGNOL<\/td><td class=\"column-3\"><\/td><td class=\"column-4\"><\/td>\n<\/tr>\n<tr class=\"row-29\">\n\t<td class=\"column-1\">28\u00ba<\/td><td class=\"column-2\">MONIQUE PEREIRA PORTELLA GUERREIRO<\/td><td class=\"column-3\"><\/td><td class=\"column-4\"><\/td>\n<\/tr>\n<tr class=\"row-30\">\n\t<td class=\"column-1\">29\u00ba<\/td><td class=\"column-2\">VANESSA SOARES MENDES PEDROSO<\/td><td class=\"column-3\"><\/td><td class=\"column-4\"><\/td>\n<\/tr>\n<tr class=\"row-31\">\n\t<td class=\"column-1\">30\u00ba<\/td><td class=\"column-2\">CARLA BEATRIZ JAHNECKE<\/td><td class=\"column-3\"><\/td><td class=\"column-4\"><\/td>\n<\/tr>\n<tr class=\"row-32\">\n\t<td class=\"column-1\">31\u00ba<\/td><td class=\"column-2\">LILIAM OLIVEIRA PEREIRA<\/td><td class=\"column-3\"><\/td><td class=\"column-4\"><\/td>\n<\/tr>\n<tr class=\"row-33\">\n\t<td class=\"column-1\">32\u00ba<\/td><td class=\"column-2\">JULIA MORAES MENDES<\/td><td class=\"column-3\"><\/td><td class=\"column-4\"><\/td>\n<\/tr>\n<tr class=\"row-34\">\n\t<td class=\"column-1\">33\u00ba<\/td><td class=\"column-2\">LUIZA FOUCHY WEYMAR<\/td><td class=\"column-3\"><\/td><td class=\"column-4\"><\/td>\n<\/tr>\n<tr class=\"row-35\">\n\t<td class=\"column-1\">34\u00ba<\/td><td class=\"column-2\">DAUANA CRISTIEINE DA SILVA FLORES<\/td><td class=\"column-3\"><\/td><td class=\"column-4\"><\/td>\n<\/tr>\n<\/tbody>\n<\/table>\n<!-- #tablepress-70 from cache -->\n<\/div>","protected":false},"excerpt":{"rendered":"<p>Nomea\u00e7\u00f5es &#8211; Edital 02\/2022 Acompanhe nesta p\u00e1gina a publica\u00e7\u00e3o dos\/as nomeados\/as para cargos t\u00e9cnicos na UFPEL. Cargos nesta p\u00e1gina: Enfermeiro Confira a p\u00e1gina com as informa\u00e7\u00f5es a respeito do certame: Certame do Edital 02\/2022 Cargo: Enfermeiro<\/p>\n","protected":false},"author":52,"featured_media":0,"parent":0,"menu_order":0,"comment_status":"closed","ping_status":"closed","template":"","meta":{"footnotes":""},"class_list":["post-20581","page","type-page","status-publish","hentry"],"_links":{"self":[{"href":"https:\/\/wp.ufpel.edu.br\/progep\/wp-json\/wp\/v2\/pages\/20581","targetHints":{"allow":["GET"]}}],"collection":[{"href":"https:\/\/wp.ufpel.edu.br\/progep\/wp-json\/wp\/v2\/pages"}],"about":[{"href":"https:\/\/wp.ufpel.edu.br\/progep\/wp-json\/wp\/v2\/types\/page"}],"author":[{"embeddable":true,"href":"https:\/\/wp.ufpel.edu.br\/progep\/wp-json\/wp\/v2\/users\/52"}],"replies":[{"embeddable":true,"href":"https:\/\/wp.ufpel.edu.br\/progep\/wp-json\/wp\/v2\/comments?post=20581"}],"version-history":[{"count":18,"href":"https:\/\/wp.ufpel.edu.br\/progep\/wp-json\/wp\/v2\/pages\/20581\/revisions"}],"predecessor-version":[{"id":33076,"href":"https:\/\/wp.ufpel.edu.br\/progep\/wp-json\/wp\/v2\/pages\/20581\/revisions\/33076"}],"wp:attachment":[{"href":"https:\/\/wp.ufpel.edu.br\/progep\/wp-json\/wp\/v2\/media?parent=20581"}],"curies":[{"name":"wp","href":"https:\/\/api.w.org\/{rel}","templated":true}]}}