{"id":20339,"date":"2022-05-19T15:30:17","date_gmt":"2022-05-19T18:30:17","guid":{"rendered":"https:\/\/wp.ufpel.edu.br\/progep\/?page_id=20339"},"modified":"2025-06-30T14:23:33","modified_gmt":"2025-06-30T17:23:33","slug":"capacita-na-web-a-conduta-etica-no-novo-normal","status":"publish","type":"page","link":"https:\/\/wp.ufpel.edu.br\/progep\/capacita-na-web-a-conduta-etica-no-novo-normal\/","title":{"rendered":"Capacita\u00e7\u00e3o: Capacita na Web: A conduta \u00e9tica no &#8220;novo normal&#8221;"},"content":{"rendered":"<p><strong>Facilitadores: <\/strong>Comiss\u00e3o de \u00c9tica da UFPEL, Ana Maria Machado (Assistente da Secretaria-Executiva da Comiss\u00e3o de \u00c9tica P\u00fablica da Presid\u00eancia da Rep\u00fablica e professora do Curso de Gest\u00e3o e Apura\u00e7\u00e3o da \u00c9tica P\u00fablica &#8211; Enap)\u00a0 e Kamila Rosenda (Assessora no Senado Federal e professora do Curso de Gest\u00e3o e Apura\u00e7\u00e3o da \u00c9tica P\u00fablica &#8211; Enap).<\/p>\n<p><strong>Data:<\/strong> 02\/06\/2022 (quinta-feira)<\/p>\n<p><strong>Hora:\u00a0<\/strong>das 10h \u00e0s 12h<\/p>\n<p><strong>Realiza\u00e7\u00e3o:<\/strong>\u00a0plataforma Webconf da UFPel (na modalidade\u00a0<em>on-line)<\/em><\/p>\n<p><strong>Ementa:\u00a0<\/strong>A conduta \u00e9tica no dia a dia. O C\u00f3digo de \u00c9tica do Poder Executivo federal. Impactos da Covid-19 nas rela\u00e7\u00f5es laborais.\u00a0Comunica\u00e7\u00e3o efetiva.<\/p>\n<p><strong>P\u00fablico Alvo<\/strong>: Servidores docentes e TAE\u2019s ativos*<\/p>\n<p><strong>Per\u00edodo de inscri\u00e7\u00e3o<\/strong>: 19\/05 a 30\/05\/2022<\/p>\n<p><strong>Divulga\u00e7\u00e3o das inscri\u00e7\u00f5es homologadas<\/strong>: 31\/05**, nesta p\u00e1gina.<\/p>\n<p>*Considerando a Pol\u00edtica Nacional de Desenvolvimento de Pessoas, conforme Decreto n\u00ba 9.991\/19, somente ser\u00e3o certificados os servidores p\u00fablicos pertencentes ao Quadro Efetivo da UFPel.<\/p>\n<p>**Quando homologadas as inscri\u00e7\u00f5es, os selecionados receber\u00e3o e-mail com instru\u00e7\u00f5es de acesso \u00e0 sala de Webconf da UFPel.<\/p>\n<p><span style=\"color: #ff6600\"><a style=\"color: #ff6600\" href=\"https:\/\/wp.ufpel.edu.br\/progep\/files\/2022\/05\/Modelo_homologacao-Roda-Conduta-etica.pdf\">INSCRI\u00c7\u00d5ES HOMOLOGADAS<\/a>:<\/span><\/p>\n<p><img class=\"aligncenter\" src=\"https:\/\/wp.ufpel.edu.br\/progep\/files\/2020\/11\/simbolo-acessivel-em-libras.jpg\" width=\"184\" height=\"277\" \/><\/p>\n","protected":false},"excerpt":{"rendered":"<p>Facilitadores: Comiss\u00e3o de \u00c9tica da UFPEL, Ana Maria Machado (Assistente da Secretaria-Executiva da Comiss\u00e3o de \u00c9tica P\u00fablica da Presid\u00eancia da Rep\u00fablica e professora do Curso de Gest\u00e3o e Apura\u00e7\u00e3o da \u00c9tica P\u00fablica &#8211; Enap)\u00a0 e Kamila Rosenda (Assessora no Senado Federal e professora do Curso de Gest\u00e3o e Apura\u00e7\u00e3o da \u00c9tica P\u00fablica &#8211; Enap). Data: [&hellip;]<\/p>\n","protected":false},"author":21,"featured_media":0,"parent":0,"menu_order":0,"comment_status":"closed","ping_status":"closed","template":"","meta":{"footnotes":""},"class_list":["post-20339","page","type-page","status-publish","hentry"],"_links":{"self":[{"href":"https:\/\/wp.ufpel.edu.br\/progep\/wp-json\/wp\/v2\/pages\/20339","targetHints":{"allow":["GET"]}}],"collection":[{"href":"https:\/\/wp.ufpel.edu.br\/progep\/wp-json\/wp\/v2\/pages"}],"about":[{"href":"https:\/\/wp.ufpel.edu.br\/progep\/wp-json\/wp\/v2\/types\/page"}],"author":[{"embeddable":true,"href":"https:\/\/wp.ufpel.edu.br\/progep\/wp-json\/wp\/v2\/users\/21"}],"replies":[{"embeddable":true,"href":"https:\/\/wp.ufpel.edu.br\/progep\/wp-json\/wp\/v2\/comments?post=20339"}],"version-history":[{"count":12,"href":"https:\/\/wp.ufpel.edu.br\/progep\/wp-json\/wp\/v2\/pages\/20339\/revisions"}],"predecessor-version":[{"id":34025,"href":"https:\/\/wp.ufpel.edu.br\/progep\/wp-json\/wp\/v2\/pages\/20339\/revisions\/34025"}],"wp:attachment":[{"href":"https:\/\/wp.ufpel.edu.br\/progep\/wp-json\/wp\/v2\/media?parent=20339"}],"curies":[{"name":"wp","href":"https:\/\/api.w.org\/{rel}","templated":true}]}}