{"id":19728,"date":"2022-03-21T15:39:13","date_gmt":"2022-03-21T18:39:13","guid":{"rendered":"https:\/\/wp.ufpel.edu.br\/progep\/?page_id=19728"},"modified":"2025-06-30T14:22:03","modified_gmt":"2025-06-30T17:22:03","slug":"capacita-na-web-inclusao-e-acessibilidade-na-universidade-o-que-voce-tem-a-ver-com-isso","status":"publish","type":"page","link":"https:\/\/wp.ufpel.edu.br\/progep\/capacita-na-web-inclusao-e-acessibilidade-na-universidade-o-que-voce-tem-a-ver-com-isso\/","title":{"rendered":"Capacita\u00e7\u00e3o: Capacita na Web: Inclus\u00e3o e Acessibilidade na Universidade: o que voc\u00ea tem a ver com isso?"},"content":{"rendered":"<p><strong>Facilitadora: <\/strong>Am\u00e9lia Rota Borges de Bastos (Professora da Universidade Federal do Pampa\/UNIPAMPA)<\/p>\n<p><strong>Data:<\/strong> 08\/04\/2022 (sexta-feira)<\/p>\n<p><strong>Hora:\u00a0<\/strong>das 14h \u00e0s 16h<\/p>\n<p><strong>Realiza\u00e7\u00e3o:<\/strong> Plataforma Webconf da UFPel (na modalidade\u00a0<em>online)<\/em><\/p>\n<p><strong>Ementa: <\/strong>Discuss\u00e3o da tem\u00e1tica da acessibilidade como um tema transversal ao ensino, pesquisa,extens\u00e3o e gest\u00e3o.<\/p>\n<p><strong>P\u00fablico Alvo<\/strong>: Servidores docentes e TAE\u2019s ativos*<\/p>\n<p><strong>Per\u00edodo de inscri\u00e7\u00e3o<\/strong>: 21\/03 a 05\/04\/2022<\/p>\n<p><strong>Divulga\u00e7\u00e3o das inscri\u00e7\u00f5es homologadas<\/strong>: 06\/04**, nesta p\u00e1gina.<\/p>\n<p>*Considerando a Pol\u00edtica Nacional de Desenvolvimento de Pessoas, conforme Decreto n\u00ba 9.991\/19, somente ser\u00e3o certificados os servidores p\u00fablicos pertencentes ao Quadro Efetivo da UFPel.<\/p>\n<p>**Quando homologadas as inscri\u00e7\u00f5es, os selecionados receber\u00e3o e-mail com instru\u00e7\u00f5es de acesso \u00e0 sala de Webconf da UFPel.<\/p>\n<p><span style=\"color: #ff6600\"><a style=\"color: #ff6600\" href=\"https:\/\/wp.ufpel.edu.br\/progep\/files\/2022\/04\/Homologados-roda-Inclusao-e-Acessibilidade-na-Universidade.pdf\">INSCRI\u00c7\u00d5ES HOMOLOGADAS<\/a>:<\/span><\/p>\n<p><a href=\"https:\/\/wp.ufpel.edu.br\/progep\/files\/2020\/11\/simbolo-acessivel-em-libras.jpg\"><img class=\"aligncenter wp-image-16700\" src=\"https:\/\/wp.ufpel.edu.br\/progep\/files\/2020\/11\/simbolo-acessivel-em-libras.jpg\" alt=\"\" width=\"152\" height=\"228\" srcset=\"https:\/\/wp.ufpel.edu.br\/progep\/files\/2020\/11\/simbolo-acessivel-em-libras.jpg 469w, https:\/\/wp.ufpel.edu.br\/progep\/files\/2020\/11\/simbolo-acessivel-em-libras-266x400.jpg 266w\" sizes=\"(max-width: 152px) 100vw, 152px\" \/><\/a><\/p>\n","protected":false},"excerpt":{"rendered":"<p>Facilitadora: Am\u00e9lia Rota Borges de Bastos (Professora da Universidade Federal do Pampa\/UNIPAMPA) Data: 08\/04\/2022 (sexta-feira) Hora:\u00a0das 14h \u00e0s 16h Realiza\u00e7\u00e3o: Plataforma Webconf da UFPel (na modalidade\u00a0online) Ementa: Discuss\u00e3o da tem\u00e1tica da acessibilidade como um tema transversal ao ensino, pesquisa,extens\u00e3o e gest\u00e3o. P\u00fablico Alvo: Servidores docentes e TAE\u2019s ativos* Per\u00edodo de inscri\u00e7\u00e3o: 21\/03 a 05\/04\/2022 Divulga\u00e7\u00e3o [&hellip;]<\/p>\n","protected":false},"author":21,"featured_media":0,"parent":0,"menu_order":0,"comment_status":"closed","ping_status":"closed","template":"","meta":{"footnotes":""},"class_list":["post-19728","page","type-page","status-publish","hentry"],"_links":{"self":[{"href":"https:\/\/wp.ufpel.edu.br\/progep\/wp-json\/wp\/v2\/pages\/19728","targetHints":{"allow":["GET"]}}],"collection":[{"href":"https:\/\/wp.ufpel.edu.br\/progep\/wp-json\/wp\/v2\/pages"}],"about":[{"href":"https:\/\/wp.ufpel.edu.br\/progep\/wp-json\/wp\/v2\/types\/page"}],"author":[{"embeddable":true,"href":"https:\/\/wp.ufpel.edu.br\/progep\/wp-json\/wp\/v2\/users\/21"}],"replies":[{"embeddable":true,"href":"https:\/\/wp.ufpel.edu.br\/progep\/wp-json\/wp\/v2\/comments?post=19728"}],"version-history":[{"count":11,"href":"https:\/\/wp.ufpel.edu.br\/progep\/wp-json\/wp\/v2\/pages\/19728\/revisions"}],"predecessor-version":[{"id":34011,"href":"https:\/\/wp.ufpel.edu.br\/progep\/wp-json\/wp\/v2\/pages\/19728\/revisions\/34011"}],"wp:attachment":[{"href":"https:\/\/wp.ufpel.edu.br\/progep\/wp-json\/wp\/v2\/media?parent=19728"}],"curies":[{"name":"wp","href":"https:\/\/api.w.org\/{rel}","templated":true}]}}