{"id":19472,"date":"2022-01-13T08:59:18","date_gmt":"2022-01-13T11:59:18","guid":{"rendered":"https:\/\/wp.ufpel.edu.br\/progep\/?page_id=19472"},"modified":"2025-12-26T19:08:12","modified_gmt":"2025-12-26T22:08:12","slug":"convocacoes-edital-19-2021","status":"publish","type":"page","link":"https:\/\/wp.ufpel.edu.br\/progep\/convocacoes-edital-19-2021\/","title":{"rendered":"Convoca\u00e7\u00f5es &#8211; Edital 19\/2021"},"content":{"rendered":"\n<div class=\"wp-block-group\"><div class=\"wp-block-group__inner-container is-layout-constrained wp-block-group-is-layout-constrained\">\n<div class=\"logoTituloModelStyle\"><img class=\"size-medium wp-image-27184 alignleft\" src=\"https:\/\/wp.ufpel.edu.br\/progep\/files\/2025\/03\/logo-progep_atualizacao-nome_AZUL.png\" style=\"padding:0\" alt=\"\" \/><\/p>\n<div style=\"padding: 2rem 0\"><strong>Convoca\u00e7\u00f5es- Edital 19\/2021<\/strong><\/div>\n<\/div>\n<hr class=\"hrModelStyle\" \/>\n<div class=\"descriptionModelStyle\">Acompanhe nesta p\u00e1gina a publica\u00e7\u00e3o dos\/as nomeados\/as para servidores\/as docentes na UFPEL.<\/div>\n<\/div><\/div>\n\n\n<div class=\"pagNomeacoesStyle\">\n<p> Confira a p\u00e1gina com as informa\u00e7\u00f5es a respeito do certame: <\/p>\n<p><a href=\"https:\/\/ces.ufpel.edu.br\/conctecadmed0019_2021\/\" target=\"_blank\">Certame do Edital 19\/2021<\/a><\/p>\n<div class=\"titleStyle\"><strong>Ampla Concorr\u00eancia<\/strong><\/div> \n\n<table id=\"tablepress-191\" class=\"tablepress tablepress-id-191\">\n<thead>\n<tr class=\"row-1\">\n\t<th class=\"column-1\">Processo\/Unidade\/\u00c1rea<\/th><th class=\"column-2\">Classe<\/th><th class=\"column-3\"> Classif. <br \/>\nAprovados<\/th><th class=\"column-4\">Situa\u00e7\u00e3o<\/th>\n<\/tr>\n<\/thead>\n<tbody class=\"row-striping row-hover\">\n<tr class=\"row-2\">\n\t<td class=\"column-1\"><strong>23110.029598\/2021-18<\/strong><br \/>\n<br \/>\nCentro de Artes<br \/>\n<br \/>\nTipografia OU Ergonomia<\/td><td class=\"column-2\">D<\/td><td class=\"column-3\">1\u00b0 Renata Gastal Porto<\/td><td class=\"column-4\">Convocada em 13\/05\/2022<\/td>\n<\/tr>\n<tr class=\"row-3\">\n\t<td class=\"column-1\"><strong>23110.027431\/2021-12<\/strong><br \/>\n<br \/>\nCentro de Ci\u00eancias Socio-Organizacionais<br \/>\n<br \/>\nTurismo<\/td><td class=\"column-2\">C<\/td><td class=\"column-3\">1\u00b0 Nat\u00e1lia Ara\u00fajo de Oliveira<\/td><td class=\"column-4\">Convocada em 06\/04\/2022<\/td>\n<\/tr>\n<tr class=\"row-4\">\n\t<td class=\"column-1\"><\/td><td class=\"column-2\"><\/td><td class=\"column-3\">2\u00b0 Nat\u00e1lia Salvate Brasil<\/td><td class=\"column-4\">Convocada em 15\/02\/2023<\/td>\n<\/tr>\n<tr class=\"row-5\">\n\t<td class=\"column-1\"><\/td><td class=\"column-2\"><\/td><td class=\"column-3\">3\u00b0 Alexandra Begueristain da Silva<\/td><td class=\"column-4\">Desist\u00eancia<\/td>\n<\/tr>\n<tr class=\"row-6\">\n\t<td class=\"column-1\"><\/td><td class=\"column-2\"><\/td><td class=\"column-3\">4\u00b0 Liliane da Cruz Caldas<\/td><td class=\"column-4\">Convocada em 05\/06\/2023<\/td>\n<\/tr>\n<tr class=\"row-7\">\n\t<td class=\"column-1\"><strong>23110.017547\/2021-35<\/strong><br \/>\n<br \/>\nCentro de Desenvolvimento Tecnol\u00f3gico<br \/>\n<br \/>\nCi\u00eancia da Computa\u00e7\u00e3o<\/td><td class=\"column-2\">D<\/td><td class=\"column-3\">1\u00b0 Andr\u00e9 Desessards Jardim<\/td><td class=\"column-4\">Convocado em 04\/01\/2022<\/td>\n<\/tr>\n<tr class=\"row-8\">\n\t<td class=\"column-1\"><\/td><td class=\"column-2\"><\/td><td class=\"column-3\">2\u00b0 Diogo Jo\u00e3o Cardoso<\/td><td class=\"column-4\">Convocado em 02\/05\/2022<\/td>\n<\/tr>\n<tr class=\"row-9\">\n\t<td class=\"column-1\"><strong>23110.026769\/2021-49<\/strong><br \/>\n<br \/>\nCentro de Letras e Comunica\u00e7\u00e3o<br \/>\n<br \/>\nL\u00edngua Brasileira de Sinais \u2013 LIBRAS<\/td><td class=\"column-2\">B<\/td><td class=\"column-3\">1\u00b0 Gabriele Schulz Zitzke<\/td><td class=\"column-4\">Convocada em 15\/02\/2022<\/td>\n<\/tr>\n<tr class=\"row-10\">\n\t<td class=\"column-1\"><\/td><td class=\"column-2\"><\/td><td class=\"column-3\">2\u00b0 Anderson da Veiga Barbosa<\/td><td class=\"column-4\"><\/td>\n<\/tr>\n<tr class=\"row-11\">\n\t<td class=\"column-1\"><strong>23110.025030\/2021-10<\/strong><br \/>\n<br \/>\nCentro de Letras e Comunica\u00e7\u00e3o<br \/>\n<br \/>\nL\u00edngua Brasileira de Sinais \u2013 LIBRAS<\/td><td class=\"column-2\">C<\/td><td class=\"column-3\">1\u00b0 Ana Paula Rodrigues Bastos<\/td><td class=\"column-4\"><\/td>\n<\/tr>\n<tr class=\"row-12\">\n\t<td class=\"column-1\"><\/td><td class=\"column-2\"><\/td><td class=\"column-3\">2\u00b0 Juliana de Freitas Bernardes<\/td><td class=\"column-4\"><\/td>\n<\/tr>\n<tr class=\"row-13\">\n\t<td class=\"column-1\"><strong>23110.018986\/2021-65<\/strong><br \/>\n<br \/>\nFaculdade de Educa\u00e7\u00e3o<br \/>\n<br \/>\nEduca\u00e7\u00e3o Brasileira: Organiza\u00e7\u00e3o e Pol\u00edticas P\u00fablicas<\/td><td class=\"column-2\">D<\/td><td class=\"column-3\">1\u00b0 Ricardo Boklis Golbspan<\/td><td class=\"column-4\">Convocado em 10\/02\/2022<\/td>\n<\/tr>\n<tr class=\"row-14\">\n\t<td class=\"column-1\"><\/td><td class=\"column-2\"><\/td><td class=\"column-3\">2\u00b0 Isabela Lemos de Lima Casc\u00e3o<\/td><td class=\"column-4\">Convocada em 14\/06\/2023<\/td>\n<\/tr>\n<tr class=\"row-15\">\n\t<td class=\"column-1\"><\/td><td class=\"column-2\"><\/td><td class=\"column-3\">3\u00b0 Lilian Alves Schmitt<\/td><td class=\"column-4\"><\/td>\n<\/tr>\n<tr class=\"row-16\">\n\t<td class=\"column-1\"><\/td><td class=\"column-2\"><\/td><td class=\"column-3\">4\u00b0 Darlan Pez Wociechoski<\/td><td class=\"column-4\"><\/td>\n<\/tr>\n<tr class=\"row-17\">\n\t<td class=\"column-1\"><strong>23110.030960\/2021-95<\/strong><br \/>\n<br \/>\nFaculdade de Odontologia <br \/>\n<br \/>\nOdontologia\/Endodontia<\/td><td class=\"column-2\">A<\/td><td class=\"column-3\">1\u00b0 Carolina Clasen Vieira<\/td><td class=\"column-4\">Convocada em 14\/02\/2022<\/td>\n<\/tr>\n<tr class=\"row-18\">\n\t<td class=\"column-1\"><\/td><td class=\"column-2\"><\/td><td class=\"column-3\">2\u00b0 Rafaella Coi de Ara\u00fajo<\/td><td class=\"column-4\">Convocada dia 10\/08\/2023<\/td>\n<\/tr>\n<tr class=\"row-19\">\n\t<td class=\"column-1\"><\/td><td class=\"column-2\"><\/td><td class=\"column-3\">3\u00b0 Lucas Peixoto de Ara\u00fajo<\/td><td class=\"column-4\"><\/td>\n<\/tr>\n<tr class=\"row-20\">\n\t<td class=\"column-1\"><strong>23110.024894\/2021-14<\/strong><br \/>\n<br \/>\nInstituto de Ci\u00eancias Humanas<br \/>\n<br \/>\nConserva\u00e7\u00e3o e Restaura\u00e7\u00e3o de Bens Culturais<\/td><td class=\"column-2\">E<\/td><td class=\"column-3\">1\u00b0 Camilla Henriques Maia de Camargos<\/td><td class=\"column-4\">Convocada em 13\/05\/2022<\/td>\n<\/tr>\n<tr class=\"row-21\">\n\t<td class=\"column-1\"><\/td><td class=\"column-2\"><\/td><td class=\"column-3\">2\u00b0 Olivia Silva Nery<\/td><td class=\"column-4\"><\/td>\n<\/tr>\n<\/tbody>\n<\/table>\n<!-- #tablepress-191 from cache -->\n<div class=\"titleStyle\"><strong> COTAS RACIAIS<\/strong><\/div>\n\n<table id=\"tablepress-192\" class=\"tablepress tablepress-id-192\">\n<thead>\n<tr class=\"row-1\">\n\t<th class=\"column-1\">Processo\/Unidade\/\u00c1rea<\/th><th class=\"column-2\">Classe<\/th><th class=\"column-3\">Classif. <br \/>\nAprovados<\/th><th class=\"column-4\">Situa\u00e7\u00e3o<\/th>\n<\/tr>\n<\/thead>\n<tbody class=\"row-striping row-hover\">\n<tr class=\"row-2\">\n\t<td class=\"column-1\"><strong>23110.027431\/2021-12<\/strong><br \/>\n<br \/>\nCentro de Ci\u00eancias Socio-Organizacionais<br \/>\n<br \/>\nTurismo<\/td><td class=\"column-2\">C<\/td><td class=\"column-3\">1\u00b0 Nat\u00e1lia Ara\u00fajo de Oliveira<\/td><td class=\"column-4\">Convocada pela Lista Geral<\/td>\n<\/tr>\n<\/tbody>\n<\/table>\n<!-- #tablepress-192 from cache -->\n<div class=\"titleStyle\"><strong> COTAS PCD<\/strong><\/div>\n<p style=\"text-align:center\">N\u00e3o h\u00e1.<\/p>\n<\/div>\n\n","protected":false},"excerpt":{"rendered":"<p>Convoca\u00e7\u00f5es- Edital 19\/2021 Acompanhe nesta p\u00e1gina a publica\u00e7\u00e3o dos\/as nomeados\/as para servidores\/as docentes na UFPEL. Confira a p\u00e1gina com as informa\u00e7\u00f5es a respeito do certame: Certame do Edital 19\/2021 Ampla Concorr\u00eancia COTAS RACIAIS COTAS PCD N\u00e3o h\u00e1.<\/p>\n","protected":false},"author":52,"featured_media":0,"parent":0,"menu_order":0,"comment_status":"closed","ping_status":"closed","template":"","meta":{"footnotes":""},"class_list":["post-19472","page","type-page","status-publish","hentry"],"_links":{"self":[{"href":"https:\/\/wp.ufpel.edu.br\/progep\/wp-json\/wp\/v2\/pages\/19472","targetHints":{"allow":["GET"]}}],"collection":[{"href":"https:\/\/wp.ufpel.edu.br\/progep\/wp-json\/wp\/v2\/pages"}],"about":[{"href":"https:\/\/wp.ufpel.edu.br\/progep\/wp-json\/wp\/v2\/types\/page"}],"author":[{"embeddable":true,"href":"https:\/\/wp.ufpel.edu.br\/progep\/wp-json\/wp\/v2\/users\/52"}],"replies":[{"embeddable":true,"href":"https:\/\/wp.ufpel.edu.br\/progep\/wp-json\/wp\/v2\/comments?post=19472"}],"version-history":[{"count":3,"href":"https:\/\/wp.ufpel.edu.br\/progep\/wp-json\/wp\/v2\/pages\/19472\/revisions"}],"predecessor-version":[{"id":39830,"href":"https:\/\/wp.ufpel.edu.br\/progep\/wp-json\/wp\/v2\/pages\/19472\/revisions\/39830"}],"wp:attachment":[{"href":"https:\/\/wp.ufpel.edu.br\/progep\/wp-json\/wp\/v2\/media?parent=19472"}],"curies":[{"name":"wp","href":"https:\/\/api.w.org\/{rel}","templated":true}]}}