{"id":19185,"date":"2021-11-29T14:58:00","date_gmt":"2021-11-29T17:58:00","guid":{"rendered":"https:\/\/wp.ufpel.edu.br\/progep\/?page_id=19185"},"modified":"2025-06-30T14:19:41","modified_gmt":"2025-06-30T17:19:41","slug":"capacita-na-web-ciencia-tecnologia-e-solidariedade-e-possivel-fazer-pesquisa-e-ajudar-a-adiar-o-fim-do-mundo","status":"publish","type":"page","link":"https:\/\/wp.ufpel.edu.br\/progep\/capacita-na-web-ciencia-tecnologia-e-solidariedade-e-possivel-fazer-pesquisa-e-ajudar-a-adiar-o-fim-do-mundo\/","title":{"rendered":"Capacita\u00e7\u00e3o: Capacita na web: Ci\u00eancia, Tecnologia e Solidariedade. \u00c9 poss\u00edvel fazer pesquisa e ajudar a \u201cadiar o fim do mundo\u201d?"},"content":{"rendered":"<p><span style=\"color: #000000\"><strong>Facilitadores:\u00a0<\/strong>Anderson Priebe Ferrugem (Professor do Centro de Desenvolvimento Tecnol\u00f3gico\/ UFPEL) e La\u00eds Vargas Ramm (Doutoranda em Inform\u00e1tica na Educa\u00e7\u00e3o \u2013 UFRGS)<\/span><\/p>\n<p><span style=\"color: #000000\"><strong>Data:<\/strong> 14\/12\/2021 (ter\u00e7a-feira)<\/span><\/p>\n<p><span style=\"color: #000000\"><strong>Hora:\u00a0<\/strong>das 14h \u00e0s 16h<\/span><\/p>\n<p><span style=\"color: #000000\"><strong>Realiza\u00e7\u00e3o:<\/strong> Plataforma Webconf da UFPel (na modalidade\u00a0<em>on-line)<\/em><\/span><\/p>\n<p><span style=\"color: #000000\"><strong>Ementa:<br \/>\n<\/strong>Breve introdu\u00e7\u00e3o \u00e0 economia solid\u00e1ria, tecnologia solid\u00e1ria e\u00a0<i>&#8220;<\/i><i>o<\/i><i>pen\u00a0<\/i><i>s<\/i><i>cience&#8221;<br \/>\n<\/i>Tecnologias de impacto Social sob o enfoque das Tecnologias Solid\u00e1rias<br \/>\nEngenharia e Ci\u00eancia na Tecnologia Solid\u00e1ria<br \/>\nAplica\u00e7\u00f5es da Tecnologia Solid\u00e1ria no empoderamento de cidad\u00e3os<br \/>\nConceito de tecnoci\u00eancia solid\u00e1ria<br \/>\n\u00c9tica e produ\u00e7\u00e3o de conhecimento\/tecnologia<br \/>\nA atua\u00e7\u00e3o com empreendimentos econ\u00f4mico solid\u00e1rios<\/span><\/p>\n<p><span style=\"color: #000000\"><strong>P\u00fablico Alvo<\/strong>: Servidores docentes e TAE\u2019s ativos*<\/span><\/p>\n<p><span style=\"color: #000000\"><strong>Per\u00edodo de inscri\u00e7\u00e3o<\/strong>: 29\/11 a 12\/12\/2021<\/span><\/p>\n<p><span style=\"color: #000000\"><strong>Divulga\u00e7\u00e3o das inscri\u00e7\u00f5es homologadas<\/strong>: 13\/12**, nesta p\u00e1gina.<\/span><\/p>\n<p><span style=\"color: #000000\">*Considerando a Pol\u00edtica Nacional de Desenvolvimento de Pessoas, conforme Decreto n\u00ba 9.991\/19, somente ser\u00e3o certificados os servidores p\u00fablicos pertencentes ao Quadro Efetivo da UFPel.<\/span><\/p>\n<p><span style=\"color: #000000\">**Quando homologadas as inscri\u00e7\u00f5es, os selecionados receber\u00e3o e-mail com instru\u00e7\u00f5es de acesso \u00e0 sala de Webconf da UFPel.<\/span><\/p>\n<p><span style=\"color: #ff6600\"><a style=\"color: #ff6600\" href=\"https:\/\/wp.ufpel.edu.br\/progep\/files\/2021\/12\/Homologados-roda-Ciencia-Tecnologia-e-Solidariedade.pdf\">INSCRI\u00c7\u00d5ES HOMOLOGADAS<\/a>:<\/span><\/p>\n","protected":false},"excerpt":{"rendered":"<p>Facilitadores:\u00a0Anderson Priebe Ferrugem (Professor do Centro de Desenvolvimento Tecnol\u00f3gico\/ UFPEL) e La\u00eds Vargas Ramm (Doutoranda em Inform\u00e1tica na Educa\u00e7\u00e3o \u2013 UFRGS) Data: 14\/12\/2021 (ter\u00e7a-feira) Hora:\u00a0das 14h \u00e0s 16h Realiza\u00e7\u00e3o: Plataforma Webconf da UFPel (na modalidade\u00a0on-line) Ementa: Breve introdu\u00e7\u00e3o \u00e0 economia solid\u00e1ria, tecnologia solid\u00e1ria e\u00a0&#8220;open\u00a0science&#8221; Tecnologias de impacto Social sob o enfoque das Tecnologias Solid\u00e1rias Engenharia [&hellip;]<\/p>\n","protected":false},"author":21,"featured_media":0,"parent":0,"menu_order":0,"comment_status":"closed","ping_status":"closed","template":"","meta":{"footnotes":""},"class_list":["post-19185","page","type-page","status-publish","hentry"],"_links":{"self":[{"href":"https:\/\/wp.ufpel.edu.br\/progep\/wp-json\/wp\/v2\/pages\/19185","targetHints":{"allow":["GET"]}}],"collection":[{"href":"https:\/\/wp.ufpel.edu.br\/progep\/wp-json\/wp\/v2\/pages"}],"about":[{"href":"https:\/\/wp.ufpel.edu.br\/progep\/wp-json\/wp\/v2\/types\/page"}],"author":[{"embeddable":true,"href":"https:\/\/wp.ufpel.edu.br\/progep\/wp-json\/wp\/v2\/users\/21"}],"replies":[{"embeddable":true,"href":"https:\/\/wp.ufpel.edu.br\/progep\/wp-json\/wp\/v2\/comments?post=19185"}],"version-history":[{"count":6,"href":"https:\/\/wp.ufpel.edu.br\/progep\/wp-json\/wp\/v2\/pages\/19185\/revisions"}],"predecessor-version":[{"id":33999,"href":"https:\/\/wp.ufpel.edu.br\/progep\/wp-json\/wp\/v2\/pages\/19185\/revisions\/33999"}],"wp:attachment":[{"href":"https:\/\/wp.ufpel.edu.br\/progep\/wp-json\/wp\/v2\/media?parent=19185"}],"curies":[{"name":"wp","href":"https:\/\/api.w.org\/{rel}","templated":true}]}}