{"id":18594,"date":"2021-09-22T17:41:30","date_gmt":"2021-09-22T20:41:30","guid":{"rendered":"https:\/\/wp.ufpel.edu.br\/progep\/?page_id=18594"},"modified":"2025-06-30T14:16:43","modified_gmt":"2025-06-30T17:16:43","slug":"roda-de-conversa-10-passos-para-uma-alimentacao-saudavel","status":"publish","type":"page","link":"https:\/\/wp.ufpel.edu.br\/progep\/roda-de-conversa-10-passos-para-uma-alimentacao-saudavel\/","title":{"rendered":"Capacita\u00e7\u00e3o: Roda de Conversa: 10 passos para uma alimenta\u00e7\u00e3o saud\u00e1vel"},"content":{"rendered":"<p><strong>Facilitadora: <\/strong>\u00a0Renata Torres Abib Bertacco (Professora da Faculdade de Nutri\u00e7\u00e3o\/ UFPEL)<\/p>\n<p><strong>Data:<\/strong> 07\/10\/2021 (quinta-feira)<\/p>\n<p><strong>Hora:\u00a0<\/strong>das 09h \u00e0s 10h30min<\/p>\n<p><strong>Realiza\u00e7\u00e3o:<\/strong>\u00a0plataforma Webconf da UFPel (na modalidade\u00a0<em>on-line)<\/em><\/p>\n<p style=\"text-align: justify\"><strong>Ementa: <\/strong>Orienta\u00e7\u00f5es do Guia Alimentar para a Popula\u00e7\u00e3o Brasileira, do Minist\u00e9rio da Sa\u00fade; Dicas do Idec para melhorar sua alimenta\u00e7\u00e3o e fazer escolhas mais adequadas e roda de conversa sobre o tema.<strong><br \/>\n<\/strong><\/p>\n<p><strong>P\u00fablico Alvo<\/strong>: Servidores docentes e TAE\u2019s ativos*<\/p>\n<p><strong>N\u00famero de vagas<\/strong>: 70 vagas (limitadas por ordem de inscri\u00e7\u00e3o)**<\/p>\n<p><strong>Per\u00edodo de inscri\u00e7\u00e3o<\/strong>: 23\/09 a 05\/10\/2021<\/p>\n<p><strong>Divulga\u00e7\u00e3o das inscri\u00e7\u00f5es homologadas<\/strong>: 06\/10**, nesta p\u00e1gina.<\/p>\n<p>*Considerando a Pol\u00edtica Nacional de Desenvolvimento de Pessoas, conforme Decreto n\u00ba 9.991\/19, somente ser\u00e3o certificados os servidores p\u00fablicos pertencentes ao Quadro Efetivo da UFPel.<\/p>\n<p>**Vagas destinadas a servidores pertencentes ao Quadro Efetivo da UFPel.<\/p>\n<p>***Quando homologadas as inscri\u00e7\u00f5es, os selecionados receber\u00e3o e-mail com instru\u00e7\u00f5es de acesso \u00e0 sala de Webconf da UFPel.<\/p>\n<p><strong><span style=\"color: #ff6600\"><a style=\"color: #ff6600\" href=\"https:\/\/wp.ufpel.edu.br\/progep\/files\/2021\/10\/Roda-de-conversa-10-passos-para-uma-alimentacao-saudavel.pdf\">INSCRI\u00c7\u00d5ES HOMOLOGADAS<\/a><\/span><\/strong><\/p>\n","protected":false},"excerpt":{"rendered":"<p>Facilitadora: \u00a0Renata Torres Abib Bertacco (Professora da Faculdade de Nutri\u00e7\u00e3o\/ UFPEL) Data: 07\/10\/2021 (quinta-feira) Hora:\u00a0das 09h \u00e0s 10h30min Realiza\u00e7\u00e3o:\u00a0plataforma Webconf da UFPel (na modalidade\u00a0on-line) Ementa: Orienta\u00e7\u00f5es do Guia Alimentar para a Popula\u00e7\u00e3o Brasileira, do Minist\u00e9rio da Sa\u00fade; Dicas do Idec para melhorar sua alimenta\u00e7\u00e3o e fazer escolhas mais adequadas e roda de conversa sobre o [&hellip;]<\/p>\n","protected":false},"author":21,"featured_media":0,"parent":0,"menu_order":0,"comment_status":"closed","ping_status":"closed","template":"","meta":{"_crdt_document":"","footnotes":""},"class_list":["post-18594","page","type-page","status-publish","hentry"],"_links":{"self":[{"href":"https:\/\/wp.ufpel.edu.br\/progep\/wp-json\/wp\/v2\/pages\/18594","targetHints":{"allow":["GET"]}}],"collection":[{"href":"https:\/\/wp.ufpel.edu.br\/progep\/wp-json\/wp\/v2\/pages"}],"about":[{"href":"https:\/\/wp.ufpel.edu.br\/progep\/wp-json\/wp\/v2\/types\/page"}],"author":[{"embeddable":true,"href":"https:\/\/wp.ufpel.edu.br\/progep\/wp-json\/wp\/v2\/users\/21"}],"replies":[{"embeddable":true,"href":"https:\/\/wp.ufpel.edu.br\/progep\/wp-json\/wp\/v2\/comments?post=18594"}],"version-history":[{"count":4,"href":"https:\/\/wp.ufpel.edu.br\/progep\/wp-json\/wp\/v2\/pages\/18594\/revisions"}],"predecessor-version":[{"id":33981,"href":"https:\/\/wp.ufpel.edu.br\/progep\/wp-json\/wp\/v2\/pages\/18594\/revisions\/33981"}],"wp:attachment":[{"href":"https:\/\/wp.ufpel.edu.br\/progep\/wp-json\/wp\/v2\/media?parent=18594"}],"curies":[{"name":"wp","href":"https:\/\/api.w.org\/{rel}","templated":true}]}}