{"id":18588,"date":"2021-09-22T17:17:35","date_gmt":"2021-09-22T20:17:35","guid":{"rendered":"https:\/\/wp.ufpel.edu.br\/progep\/?page_id=18588"},"modified":"2025-06-30T14:16:24","modified_gmt":"2025-06-30T17:16:24","slug":"oficina-ginastica-e-saude","status":"publish","type":"page","link":"https:\/\/wp.ufpel.edu.br\/progep\/oficina-ginastica-e-saude\/","title":{"rendered":"Capacita\u00e7\u00e3o: Oficina: Gin\u00e1stica e Sa\u00fade"},"content":{"rendered":"<p><strong>Facilitador: <\/strong>\u00a0Eduardo Merino (Professor da Escola Superior de Educa\u00e7\u00e3o F\u00edsica\/ UFPEL)<\/p>\n<p><strong>Data:<\/strong> 05\/10\/2021 (ter\u00e7a-feira)<\/p>\n<p><strong>Hora:\u00a0<\/strong>das 16h \u00e0s 17h30min<\/p>\n<p><strong>Realiza\u00e7\u00e3o:<\/strong>\u00a0plataforma Webconf da UFPel (na modalidade\u00a0<em>on-line)<\/em><\/p>\n<p style=\"text-align: justify\"><strong>Ementa: <\/strong>Exerc\u00edcio f\u00edsico e promo\u00e7\u00e3o da sa\u00fade. Benef\u00edcios para o corpo e a mente. Exerc\u00edcios respirat\u00f3rios, compensat\u00f3rios, fortalecimento, resist\u00eancia e alongamentos.<\/p>\n<p><strong>P\u00fablico Alvo<\/strong>: Servidores docentes e TAE\u2019s ativos*<\/p>\n<p><strong>N\u00famero de vagas<\/strong>: 70 vagas (limitadas por ordem de inscri\u00e7\u00e3o)**<\/p>\n<p><strong>Per\u00edodo de inscri\u00e7\u00e3o<\/strong>: 23\/09 a 03\/10\/2021<\/p>\n<p><strong>Divulga\u00e7\u00e3o das inscri\u00e7\u00f5es homologadas<\/strong>: 04\/10**, nesta p\u00e1gina.<\/p>\n<p>*Considerando a Pol\u00edtica Nacional de Desenvolvimento de Pessoas, conforme Decreto n\u00ba 9.991\/19, somente ser\u00e3o certificados os servidores p\u00fablicos pertencentes ao Quadro Efetivo da UFPel.<\/p>\n<p>**Vagas destinadas a servidores pertencentes ao Quadro Efetivo da UFPel.<\/p>\n<p>***Quando homologadas as inscri\u00e7\u00f5es, os selecionados receber\u00e3o e-mail com instru\u00e7\u00f5es de acesso \u00e0 sala de Webconf da UFPel.<\/p>\n<p><span style=\"color: #ff6600\"><a style=\"color: #ff6600\" href=\"https:\/\/wp.ufpel.edu.br\/progep\/files\/2021\/10\/Modelo-Homologacao.pdf\">INSCRI\u00c7\u00d5ES HOMOLOGADAS:<\/a><\/span><\/p>\n<p>&nbsp;<\/p>\n","protected":false},"excerpt":{"rendered":"<p>Facilitador: \u00a0Eduardo Merino (Professor da Escola Superior de Educa\u00e7\u00e3o F\u00edsica\/ UFPEL) Data: 05\/10\/2021 (ter\u00e7a-feira) Hora:\u00a0das 16h \u00e0s 17h30min Realiza\u00e7\u00e3o:\u00a0plataforma Webconf da UFPel (na modalidade\u00a0on-line) Ementa: Exerc\u00edcio f\u00edsico e promo\u00e7\u00e3o da sa\u00fade. Benef\u00edcios para o corpo e a mente. Exerc\u00edcios respirat\u00f3rios, compensat\u00f3rios, fortalecimento, resist\u00eancia e alongamentos. P\u00fablico Alvo: Servidores docentes e TAE\u2019s ativos* N\u00famero de vagas: [&hellip;]<\/p>\n","protected":false},"author":21,"featured_media":0,"parent":0,"menu_order":0,"comment_status":"closed","ping_status":"closed","template":"","meta":{"footnotes":""},"class_list":["post-18588","page","type-page","status-publish","hentry"],"_links":{"self":[{"href":"https:\/\/wp.ufpel.edu.br\/progep\/wp-json\/wp\/v2\/pages\/18588","targetHints":{"allow":["GET"]}}],"collection":[{"href":"https:\/\/wp.ufpel.edu.br\/progep\/wp-json\/wp\/v2\/pages"}],"about":[{"href":"https:\/\/wp.ufpel.edu.br\/progep\/wp-json\/wp\/v2\/types\/page"}],"author":[{"embeddable":true,"href":"https:\/\/wp.ufpel.edu.br\/progep\/wp-json\/wp\/v2\/users\/21"}],"replies":[{"embeddable":true,"href":"https:\/\/wp.ufpel.edu.br\/progep\/wp-json\/wp\/v2\/comments?post=18588"}],"version-history":[{"count":9,"href":"https:\/\/wp.ufpel.edu.br\/progep\/wp-json\/wp\/v2\/pages\/18588\/revisions"}],"predecessor-version":[{"id":33977,"href":"https:\/\/wp.ufpel.edu.br\/progep\/wp-json\/wp\/v2\/pages\/18588\/revisions\/33977"}],"wp:attachment":[{"href":"https:\/\/wp.ufpel.edu.br\/progep\/wp-json\/wp\/v2\/media?parent=18588"}],"curies":[{"name":"wp","href":"https:\/\/api.w.org\/{rel}","templated":true}]}}