{"id":18286,"date":"2021-08-18T08:50:16","date_gmt":"2021-08-18T11:50:16","guid":{"rendered":"https:\/\/wp.ufpel.edu.br\/progep\/?page_id=18286"},"modified":"2025-06-30T14:14:23","modified_gmt":"2025-06-30T17:14:23","slug":"roda-de-conversa-a-importancia-de-gerir-pessoas-no-contexto-de-trabalho","status":"publish","type":"page","link":"https:\/\/wp.ufpel.edu.br\/progep\/roda-de-conversa-a-importancia-de-gerir-pessoas-no-contexto-de-trabalho\/","title":{"rendered":"Capacita\u00e7\u00e3o: Roda de Conversa: A Import\u00e2ncia de Gerir Pessoas no Contexto de Trabalho"},"content":{"rendered":"<p><strong>Facilitadora: <\/strong>Francielle Molon da Silva<\/p>\n<p><strong>Data:<\/strong> 17\/09\/2021 (sexta-feira) <span style=\"color: #ff0000\">\u00a0<strong>NOVA DATA<\/strong><\/span><\/p>\n<p><strong>Hora:\u00a0<\/strong>das 14h \u00e0s 16h<\/p>\n<p><strong>Realiza\u00e7\u00e3o:<\/strong>\u00a0plataforma Webconf da UFPel (na modalidade\u00a0<em>on-line)<\/em><\/p>\n<p style=\"text-align: justify\"><strong>Ementa: <\/strong>Reflex\u00e3o sobre o mundo do trabalho e o seu impacto no servi\u00e7o p\u00fablico; novos v\u00ednculos e novas formas de relacionar com o trabalho; gest\u00e3o de equipes; e comunica\u00e7\u00e3o e engajamento das pessoas.<\/p>\n<p><strong>P\u00fablico Alvo<\/strong>: Servidores docentes e TAE\u2019s ativos*<\/p>\n<p><strong>Per\u00edodo de inscri\u00e7\u00e3o<\/strong>: 18\/08 a 15\/09\/2021 <span style=\"color: #ff0000\">(per\u00edodo prorrogado)<\/span><\/p>\n<p><strong>Divulga\u00e7\u00e3o das inscri\u00e7\u00f5es homologadas<\/strong>: 16\/09**, nesta p\u00e1gina.<\/p>\n<p>*Considerando a Pol\u00edtica Nacional de Desenvolvimento de Pessoas, conforme Decreto n\u00ba 9.991\/19, somente ser\u00e3o certificados os servidores p\u00fablicos pertencentes ao Quadro Efetivo da UFPel.<\/p>\n<p>**Quando homologadas as inscri\u00e7\u00f5es, os selecionados receber\u00e3o e-mail com instru\u00e7\u00f5es de acesso \u00e0 sala de Webconf da UFPel.<\/p>\n<p><strong><span style=\"color: #ff6600\"><a style=\"color: #ff6600\" href=\"https:\/\/wp.ufpel.edu.br\/progep\/files\/2021\/09\/A-importancia-de-gerir-pessoas-17set.pdf\">INSCRI\u00c7\u00d5ES HOMOLOGADAS<\/a><\/span><\/strong><\/p>\n","protected":false},"excerpt":{"rendered":"<p>Facilitadora: Francielle Molon da Silva Data: 17\/09\/2021 (sexta-feira) \u00a0NOVA DATA Hora:\u00a0das 14h \u00e0s 16h Realiza\u00e7\u00e3o:\u00a0plataforma Webconf da UFPel (na modalidade\u00a0on-line) Ementa: Reflex\u00e3o sobre o mundo do trabalho e o seu impacto no servi\u00e7o p\u00fablico; novos v\u00ednculos e novas formas de relacionar com o trabalho; gest\u00e3o de equipes; e comunica\u00e7\u00e3o e engajamento das pessoas. P\u00fablico Alvo: [&hellip;]<\/p>\n","protected":false},"author":21,"featured_media":0,"parent":0,"menu_order":0,"comment_status":"closed","ping_status":"closed","template":"","meta":{"footnotes":""},"class_list":["post-18286","page","type-page","status-publish","hentry"],"_links":{"self":[{"href":"https:\/\/wp.ufpel.edu.br\/progep\/wp-json\/wp\/v2\/pages\/18286","targetHints":{"allow":["GET"]}}],"collection":[{"href":"https:\/\/wp.ufpel.edu.br\/progep\/wp-json\/wp\/v2\/pages"}],"about":[{"href":"https:\/\/wp.ufpel.edu.br\/progep\/wp-json\/wp\/v2\/types\/page"}],"author":[{"embeddable":true,"href":"https:\/\/wp.ufpel.edu.br\/progep\/wp-json\/wp\/v2\/users\/21"}],"replies":[{"embeddable":true,"href":"https:\/\/wp.ufpel.edu.br\/progep\/wp-json\/wp\/v2\/comments?post=18286"}],"version-history":[{"count":12,"href":"https:\/\/wp.ufpel.edu.br\/progep\/wp-json\/wp\/v2\/pages\/18286\/revisions"}],"predecessor-version":[{"id":33963,"href":"https:\/\/wp.ufpel.edu.br\/progep\/wp-json\/wp\/v2\/pages\/18286\/revisions\/33963"}],"wp:attachment":[{"href":"https:\/\/wp.ufpel.edu.br\/progep\/wp-json\/wp\/v2\/media?parent=18286"}],"curies":[{"name":"wp","href":"https:\/\/api.w.org\/{rel}","templated":true}]}}