{"id":18243,"date":"2021-08-10T11:45:12","date_gmt":"2021-08-10T14:45:12","guid":{"rendered":"https:\/\/wp.ufpel.edu.br\/progep\/?page_id=18243"},"modified":"2025-06-30T14:14:02","modified_gmt":"2025-06-30T17:14:02","slug":"roda-de-conversa-gestao-do-conhecimento","status":"publish","type":"page","link":"https:\/\/wp.ufpel.edu.br\/progep\/roda-de-conversa-gestao-do-conhecimento\/","title":{"rendered":"Capacita\u00e7\u00e3o: Roda de Conversa: Gest\u00e3o do Conhecimento"},"content":{"rendered":"<p><strong>Facilitador: <\/strong>Alisson Eduardo Maehler<\/p>\n<p><strong>Data:<\/strong> 25\/08\/2021 (quarta-feira)<\/p>\n<p><strong>Hora:\u00a0<\/strong>das 09h30min \u00e0s 11h30min<\/p>\n<p><strong>Realiza\u00e7\u00e3o:<\/strong>\u00a0plataforma Webconf da UFPel (na modalidade\u00a0<em>on-line)<\/em><\/p>\n<p style=\"text-align: justify\"><strong>Ementa: <\/strong>Sociedade do conhecimento. Conceitos de conhecimento. O que \u00e9 gest\u00e3o do conhecimento. Tipos de conhecimento. Cria\u00e7\u00e3o e transmiss\u00e3o do conhecimento na organiza\u00e7\u00e3o. Novas tend\u00eancias, tecnologias, pr\u00e1ticas para projetos de implanta\u00e7\u00e3o da gest\u00e3o do conhecimento. Conhecimento e inova\u00e7\u00e3o. Como\u00a0melhorar a cria\u00e7\u00e3o e compartilhamento do conhecimento na universidade e nas organiza\u00e7\u00f5es.<\/p>\n<p><strong>P\u00fablico Alvo<\/strong>: Servidores docentes e TAE\u2019s ativos*<\/p>\n<p><strong>Per\u00edodo de inscri\u00e7\u00e3o<\/strong>: 10\/08\/2021 a 22\/08\/2021<\/p>\n<p><strong>Divulga\u00e7\u00e3o das inscri\u00e7\u00f5es homologadas<\/strong>: 23\/08**, nesta p\u00e1gina.<\/p>\n<p>*Considerando a Pol\u00edtica Nacional de Desenvolvimento de Pessoas, conforme Decreto n\u00ba 9.991\/19, somente ser\u00e3o certificados os servidores p\u00fablicos pertencentes ao Quadro Efetivo da UFPel.<\/p>\n<p>**Quando homologadas as inscri\u00e7\u00f5es, os selecionados receber\u00e3o e-mail com instru\u00e7\u00f5es de acesso \u00e0 sala de Webconf da UFPel.<\/p>\n<p><span style=\"background-color: #ffffff;color: #ff6600\"><a style=\"background-color: #ffffff;color: #ff6600\" href=\"https:\/\/wp.ufpel.edu.br\/progep\/files\/2021\/08\/ALTERACAO-Homologados-Gestao-do-conhecimento.pdf\">INSCRI\u00c7\u00d5ES HOMOLOGADAS<\/a><\/span><\/p>\n","protected":false},"excerpt":{"rendered":"<p>Facilitador: Alisson Eduardo Maehler Data: 25\/08\/2021 (quarta-feira) Hora:\u00a0das 09h30min \u00e0s 11h30min Realiza\u00e7\u00e3o:\u00a0plataforma Webconf da UFPel (na modalidade\u00a0on-line) Ementa: Sociedade do conhecimento. Conceitos de conhecimento. O que \u00e9 gest\u00e3o do conhecimento. Tipos de conhecimento. Cria\u00e7\u00e3o e transmiss\u00e3o do conhecimento na organiza\u00e7\u00e3o. Novas tend\u00eancias, tecnologias, pr\u00e1ticas para projetos de implanta\u00e7\u00e3o da gest\u00e3o do conhecimento. Conhecimento e inova\u00e7\u00e3o. [&hellip;]<\/p>\n","protected":false},"author":21,"featured_media":0,"parent":0,"menu_order":0,"comment_status":"closed","ping_status":"closed","template":"","meta":{"footnotes":""},"class_list":["post-18243","page","type-page","status-publish","hentry"],"_links":{"self":[{"href":"https:\/\/wp.ufpel.edu.br\/progep\/wp-json\/wp\/v2\/pages\/18243","targetHints":{"allow":["GET"]}}],"collection":[{"href":"https:\/\/wp.ufpel.edu.br\/progep\/wp-json\/wp\/v2\/pages"}],"about":[{"href":"https:\/\/wp.ufpel.edu.br\/progep\/wp-json\/wp\/v2\/types\/page"}],"author":[{"embeddable":true,"href":"https:\/\/wp.ufpel.edu.br\/progep\/wp-json\/wp\/v2\/users\/21"}],"replies":[{"embeddable":true,"href":"https:\/\/wp.ufpel.edu.br\/progep\/wp-json\/wp\/v2\/comments?post=18243"}],"version-history":[{"count":5,"href":"https:\/\/wp.ufpel.edu.br\/progep\/wp-json\/wp\/v2\/pages\/18243\/revisions"}],"predecessor-version":[{"id":33959,"href":"https:\/\/wp.ufpel.edu.br\/progep\/wp-json\/wp\/v2\/pages\/18243\/revisions\/33959"}],"wp:attachment":[{"href":"https:\/\/wp.ufpel.edu.br\/progep\/wp-json\/wp\/v2\/media?parent=18243"}],"curies":[{"name":"wp","href":"https:\/\/api.w.org\/{rel}","templated":true}]}}