{"id":18153,"date":"2021-07-21T10:33:58","date_gmt":"2021-07-21T13:33:58","guid":{"rendered":"https:\/\/wp.ufpel.edu.br\/progep\/?page_id=18153"},"modified":"2024-10-15T15:47:39","modified_gmt":"2024-10-15T18:47:39","slug":"licenca-para-tratar-de-interesses-particulares","status":"publish","type":"page","link":"https:\/\/wp.ufpel.edu.br\/progep\/licenca-para-tratar-de-interesses-particulares\/","title":{"rendered":"Licen\u00e7a para Tratar de Interesses Particulares"},"content":{"rendered":"<p><span style=\"font-size: 10pt\"><a href=\"https:\/\/wp.ufpel.edu.br\/sei\/files\/2024\/08\/Licenca-para-Tratar-de-Interesses-Particulares.pdf\">Solicita\u00e7\u00e3o de Licen\u00e7a para Tratar de Interesses Particulares (LIP). Licen\u00e7a n\u00e3o remunerada, concedida ao(\u00e0) servidor(a) est\u00e1vel, a crit\u00e9rio da administra\u00e7\u00e3o pelo prazo de at\u00e9 3 anos consecutivos, prorrog\u00e1vel no limite de tr\u00eas anos para cada licen\u00e7a. A licen\u00e7a poder\u00e1 ser interrompida a qualquer tempo a pedido do servidor ou por necessidade do servi\u00e7o, mediante solicita\u00e7\u00e3o. A solicita\u00e7\u00e3o de interrup\u00e7\u00e3o (do servidor ou da Unidade de lota\u00e7\u00e3o), feita atrav\u00e9s de despacho, dever\u00e1 chegar ao N\u00facleo de Benef\u00edcios (NUB) com, no m\u00ednimo, 30 dias de anteced\u00eancia da data de retorno ao exerc\u00edcio do cargo. \u00c9 vedada a concess\u00e3o de LIP com efeitos retroativos.<\/a><\/span><\/p>\n","protected":false},"excerpt":{"rendered":"<p>Solicita\u00e7\u00e3o de Licen\u00e7a para Tratar de Interesses Particulares (LIP). Licen\u00e7a n\u00e3o remunerada, concedida ao(\u00e0) servidor(a) est\u00e1vel, a crit\u00e9rio da administra\u00e7\u00e3o pelo prazo de at\u00e9 3 anos consecutivos, prorrog\u00e1vel no limite de tr\u00eas anos para cada licen\u00e7a. A licen\u00e7a poder\u00e1 ser interrompida a qualquer tempo a pedido do servidor ou por necessidade do servi\u00e7o, mediante solicita\u00e7\u00e3o. [&hellip;]<\/p>\n","protected":false},"author":52,"featured_media":0,"parent":0,"menu_order":0,"comment_status":"closed","ping_status":"closed","template":"","meta":{"footnotes":""},"class_list":["post-18153","page","type-page","status-publish","hentry"],"_links":{"self":[{"href":"https:\/\/wp.ufpel.edu.br\/progep\/wp-json\/wp\/v2\/pages\/18153","targetHints":{"allow":["GET"]}}],"collection":[{"href":"https:\/\/wp.ufpel.edu.br\/progep\/wp-json\/wp\/v2\/pages"}],"about":[{"href":"https:\/\/wp.ufpel.edu.br\/progep\/wp-json\/wp\/v2\/types\/page"}],"author":[{"embeddable":true,"href":"https:\/\/wp.ufpel.edu.br\/progep\/wp-json\/wp\/v2\/users\/52"}],"replies":[{"embeddable":true,"href":"https:\/\/wp.ufpel.edu.br\/progep\/wp-json\/wp\/v2\/comments?post=18153"}],"version-history":[{"count":5,"href":"https:\/\/wp.ufpel.edu.br\/progep\/wp-json\/wp\/v2\/pages\/18153\/revisions"}],"predecessor-version":[{"id":26942,"href":"https:\/\/wp.ufpel.edu.br\/progep\/wp-json\/wp\/v2\/pages\/18153\/revisions\/26942"}],"wp:attachment":[{"href":"https:\/\/wp.ufpel.edu.br\/progep\/wp-json\/wp\/v2\/media?parent=18153"}],"curies":[{"name":"wp","href":"https:\/\/api.w.org\/{rel}","templated":true}]}}