{"id":18013,"date":"2021-07-01T21:18:39","date_gmt":"2021-07-02T00:18:39","guid":{"rendered":"https:\/\/wp.ufpel.edu.br\/progep\/?page_id=18013"},"modified":"2025-06-30T14:13:57","modified_gmt":"2025-06-30T17:13:57","slug":"roda-de-conversa-cultivo-domestico-de-micro-hortas","status":"publish","type":"page","link":"https:\/\/wp.ufpel.edu.br\/progep\/roda-de-conversa-cultivo-domestico-de-micro-hortas\/","title":{"rendered":"Capacita\u00e7\u00e3o: Roda de conversa: Cultivo dom\u00e9stico de micro hortas"},"content":{"rendered":"<p><strong>Facilitadora: <\/strong>Luciana Bicca Dode<\/p>\n<p><strong>Data:<\/strong> 14\/07\/2021 (quarta-feira)<\/p>\n<p><strong>Hora:\u00a0<\/strong>das 14h \u00e0s 15h30min<\/p>\n<p><strong>Realiza\u00e7\u00e3o:<\/strong>\u00a0plataforma Webconf da UFPel (na modalidade\u00a0<em>on-line)<\/em><\/p>\n<p style=\"text-align: justify\"><strong>Ementa: <\/strong>Cultivo dom\u00e9stico de verduras e hortali\u00e7as, sa\u00fade e bem estar. Conhecendo um pouco os\u00a0\u00a0microverdes e as micro hortas. Esp\u00e9cies mais cultivadas como microverdes.\u00a0\u00a0Como iniciar uma micro horta. Colheita e sugest\u00f5es de consumo de microverdes.<\/p>\n<p><strong>P\u00fablico Alvo<\/strong>: Servidores docentes e TAE\u2019s ativos*<\/p>\n<p><strong>Per\u00edodo de inscri\u00e7\u00e3o<\/strong>:02\/07 a 11\/07\/2021<\/p>\n<p><strong>Divulga\u00e7\u00e3o das inscri\u00e7\u00f5es homologadas<\/strong>: 12\/07**, nesta p\u00e1gina.<\/p>\n<p>*Considerando a Pol\u00edtica Nacional de Desenvolvimento de Pessoas, conforme Decreto n\u00ba 9.991\/19, somente ser\u00e3o certificados os servidores p\u00fablicos pertencentes ao Quadro Efetivo da UFPel.<\/p>\n<p>**Quando homologadas as inscri\u00e7\u00f5es, os selecionados receber\u00e3o e-mail com instru\u00e7\u00f5es de acesso \u00e0 sala de Webconf da UFPel.<\/p>\n<p><span style=\"color: #ff6600\"><a style=\"color: #ff6600\" href=\"https:\/\/wp.ufpel.edu.br\/progep\/files\/2021\/07\/Micro-Hortas.pdf\">INSCRI\u00c7\u00d5ES HOMOLOGADAS<\/a>:<\/span><\/p>\n<p><a href=\"https:\/\/wp.ufpel.edu.br\/progep\/files\/2020\/11\/simbolo-acessivel-em-libras.jpg\"><img class=\"aligncenter wp-image-16700\" src=\"https:\/\/wp.ufpel.edu.br\/progep\/files\/2020\/11\/simbolo-acessivel-em-libras.jpg\" alt=\"\" width=\"124\" height=\"187\" srcset=\"https:\/\/wp.ufpel.edu.br\/progep\/files\/2020\/11\/simbolo-acessivel-em-libras.jpg 469w, https:\/\/wp.ufpel.edu.br\/progep\/files\/2020\/11\/simbolo-acessivel-em-libras-266x400.jpg 266w\" sizes=\"(max-width: 124px) 100vw, 124px\" \/><\/a><\/p>\n","protected":false},"excerpt":{"rendered":"<p>Facilitadora: Luciana Bicca Dode Data: 14\/07\/2021 (quarta-feira) Hora:\u00a0das 14h \u00e0s 15h30min Realiza\u00e7\u00e3o:\u00a0plataforma Webconf da UFPel (na modalidade\u00a0on-line) Ementa: Cultivo dom\u00e9stico de verduras e hortali\u00e7as, sa\u00fade e bem estar. Conhecendo um pouco os\u00a0\u00a0microverdes e as micro hortas. Esp\u00e9cies mais cultivadas como microverdes.\u00a0\u00a0Como iniciar uma micro horta. Colheita e sugest\u00f5es de consumo de microverdes. P\u00fablico Alvo: Servidores [&hellip;]<\/p>\n","protected":false},"author":21,"featured_media":0,"parent":0,"menu_order":0,"comment_status":"closed","ping_status":"closed","template":"","meta":{"footnotes":""},"class_list":["post-18013","page","type-page","status-publish","hentry"],"_links":{"self":[{"href":"https:\/\/wp.ufpel.edu.br\/progep\/wp-json\/wp\/v2\/pages\/18013","targetHints":{"allow":["GET"]}}],"collection":[{"href":"https:\/\/wp.ufpel.edu.br\/progep\/wp-json\/wp\/v2\/pages"}],"about":[{"href":"https:\/\/wp.ufpel.edu.br\/progep\/wp-json\/wp\/v2\/types\/page"}],"author":[{"embeddable":true,"href":"https:\/\/wp.ufpel.edu.br\/progep\/wp-json\/wp\/v2\/users\/21"}],"replies":[{"embeddable":true,"href":"https:\/\/wp.ufpel.edu.br\/progep\/wp-json\/wp\/v2\/comments?post=18013"}],"version-history":[{"count":5,"href":"https:\/\/wp.ufpel.edu.br\/progep\/wp-json\/wp\/v2\/pages\/18013\/revisions"}],"predecessor-version":[{"id":33958,"href":"https:\/\/wp.ufpel.edu.br\/progep\/wp-json\/wp\/v2\/pages\/18013\/revisions\/33958"}],"wp:attachment":[{"href":"https:\/\/wp.ufpel.edu.br\/progep\/wp-json\/wp\/v2\/media?parent=18013"}],"curies":[{"name":"wp","href":"https:\/\/api.w.org\/{rel}","templated":true}]}}