{"id":17746,"date":"2023-04-19T09:31:08","date_gmt":"2023-04-19T12:31:08","guid":{"rendered":"https:\/\/wp.ufpel.edu.br\/progep\/?page_id=17746"},"modified":"2025-06-30T14:32:54","modified_gmt":"2025-06-30T17:32:54","slug":"acao-de-capacitacao-modelo-em-branco-capacita-na-web","status":"publish","type":"page","link":"https:\/\/wp.ufpel.edu.br\/progep\/acao-de-capacitacao-modelo-em-branco-capacita-na-web\/","title":{"rendered":"[Modelo Capacita\u00e7\u00e3o] A\u00c7\u00c3O DE CAPACITA\u00c7\u00c3O &#8211; MODELO EM BRANCO (Capacita na web ou presencial)"},"content":{"rendered":"<p><strong>Facilitador(a):\u00a0<\/strong><\/p>\n<p><strong>Data:<\/strong> xx\/xx\/2025 (xxx-feira)<\/p>\n<p><strong>Hor\u00e1rio: <\/strong>das xxh \u00e0s xxh30min<\/p>\n<p><strong>Modalidade:\u00a0<\/strong><\/p>\n<p><strong>Local:<\/strong><\/p>\n<p><strong>Ementa:\u00a0<\/strong><\/p>\n<p><strong>P\u00fablico Alvo<\/strong>: Servidores(as) docentes, TAE\u2019s e trabalhadores(as) terceirizados(as) ativos(as) da UFPel*<\/p>\n<p><strong>Per\u00edodo de inscri\u00e7\u00e3o<\/strong>: xx\/xx a xx\/xx\/2024<\/p>\n<p><strong>Divulga\u00e7\u00e3o das inscri\u00e7\u00f5es homologadas<\/strong>: xx\/xx**, nesta p\u00e1gina.<\/p>\n<p><span style=\"background-color: #ffff99\">*Considerando a Pol\u00edtica Nacional de Desenvolvimento de Pessoas, conforme Decreto n\u00ba 9.991\/19, somente ser\u00e3o certificados os servidores p\u00fablicos pertencentes ao Quadro Efetivo da UFPel;<\/span><br \/>\n<span style=\"background-color: #ffff99\">** Quando homologadas as inscri\u00e7\u00f5es, os selecionados receber\u00e3o e-mail de confirma\u00e7\u00e3o com instru\u00e7\u00f5es.<\/span><\/p>\n<p>Observa\u00e7\u00e3o: A homologa\u00e7\u00e3o das inscri\u00e7\u00f5es dos(as) trabalhadores(as) terceirizados ficar\u00e1 condicionada \u00e0 an\u00e1lise pr\u00e9via e manifesta\u00e7\u00e3o por parte do NUGEST\/PRA.<\/p>\n<p><span style=\"background-color: #ff99cc\">*Considerando a Pol\u00edtica Nacional de Desenvolvimento de Pessoas, conforme Decreto n\u00ba 9.991\/19, somente ser\u00e3o certificados os servidores p\u00fablicos pertencentes ao Quadro Efetivo da UFPel.<\/span><\/p>\n<p><span style=\"background-color: #ff99cc\">**Quando homologadas as inscri\u00e7\u00f5es, os selecionados receber\u00e3o e-mail com instru\u00e7\u00f5es de acesso \u00e0 sala de Webconf da UFPel.<\/span><\/p>\n<p><span style=\"background-color: #ff99cc\">Observa\u00e7\u00e3o: A homologa\u00e7\u00e3o das inscri\u00e7\u00f5es dos(as) trabalhadores(as) terceirizados ficar\u00e1 condicionada \u00e0 an\u00e1lise pr\u00e9via e manifesta\u00e7\u00e3o por parte do NUGEST\/PRA.<\/span><\/p>\n<p><span style=\"color: #ff6600\"><strong><a style=\"color: #ff6600\" href=\"https:\/\/wp.ufpel.edu.br\/progep\/inscricoes-para-curso\/\">INSCRI\u00c7\u00d5ES AQUI!<\/a><\/strong><\/span><\/p>\n<p><strong>AVISO:<\/strong><br \/>\nContinuaremos recebendo inscri\u00e7\u00f5es at\u00e9 o dia xx\/xx, no link abaixo:<span style=\"color: #ff6600\"><br \/>\n<a style=\"color: #ff6600\" href=\"https:\/\/wp.ufpel.edu.br\/progep\/inscricoes-para-curso\/\">INSCRI\u00c7\u00d5ES AQUI!<\/a><\/span><\/p>\n<p>&nbsp;<\/p>\n<p><span style=\"font-size: 10pt\"><strong>Contato:<\/strong> cdp.capacita@ufpel.edu.br<\/span><\/p>\n","protected":false},"excerpt":{"rendered":"<p>Facilitador(a):\u00a0 Data: xx\/xx\/2025 (xxx-feira) Hor\u00e1rio: das xxh \u00e0s xxh30min Modalidade:\u00a0 Local: Ementa:\u00a0 P\u00fablico Alvo: Servidores(as) docentes, TAE\u2019s e trabalhadores(as) terceirizados(as) ativos(as) da UFPel* Per\u00edodo de inscri\u00e7\u00e3o: xx\/xx a xx\/xx\/2024 Divulga\u00e7\u00e3o das inscri\u00e7\u00f5es homologadas: xx\/xx**, nesta p\u00e1gina. *Considerando a Pol\u00edtica Nacional de Desenvolvimento de Pessoas, conforme Decreto n\u00ba 9.991\/19, somente ser\u00e3o certificados os servidores p\u00fablicos pertencentes [&hellip;]<\/p>\n","protected":false},"author":21,"featured_media":0,"parent":0,"menu_order":0,"comment_status":"closed","ping_status":"closed","template":"","meta":{"footnotes":""},"class_list":["post-17746","page","type-page","status-publish","hentry"],"_links":{"self":[{"href":"https:\/\/wp.ufpel.edu.br\/progep\/wp-json\/wp\/v2\/pages\/17746","targetHints":{"allow":["GET"]}}],"collection":[{"href":"https:\/\/wp.ufpel.edu.br\/progep\/wp-json\/wp\/v2\/pages"}],"about":[{"href":"https:\/\/wp.ufpel.edu.br\/progep\/wp-json\/wp\/v2\/types\/page"}],"author":[{"embeddable":true,"href":"https:\/\/wp.ufpel.edu.br\/progep\/wp-json\/wp\/v2\/users\/21"}],"replies":[{"embeddable":true,"href":"https:\/\/wp.ufpel.edu.br\/progep\/wp-json\/wp\/v2\/comments?post=17746"}],"version-history":[{"count":27,"href":"https:\/\/wp.ufpel.edu.br\/progep\/wp-json\/wp\/v2\/pages\/17746\/revisions"}],"predecessor-version":[{"id":34081,"href":"https:\/\/wp.ufpel.edu.br\/progep\/wp-json\/wp\/v2\/pages\/17746\/revisions\/34081"}],"wp:attachment":[{"href":"https:\/\/wp.ufpel.edu.br\/progep\/wp-json\/wp\/v2\/media?parent=17746"}],"curies":[{"name":"wp","href":"https:\/\/api.w.org\/{rel}","templated":true}]}}