{"id":17733,"date":"2021-06-07T08:54:10","date_gmt":"2021-06-07T11:54:10","guid":{"rendered":"https:\/\/wp.ufpel.edu.br\/progep\/?page_id=17733"},"modified":"2025-06-30T14:13:18","modified_gmt":"2025-06-30T17:13:18","slug":"roda-de-conversa-lazer-turismo-e-turismo-no-espaco-rural-ter-na-regiao-da-costa-doce-vamos-passear","status":"publish","type":"page","link":"https:\/\/wp.ufpel.edu.br\/progep\/roda-de-conversa-lazer-turismo-e-turismo-no-espaco-rural-ter-na-regiao-da-costa-doce-vamos-passear\/","title":{"rendered":"Capacita\u00e7\u00e3o: Roda de conversa: Lazer, Turismo e Turismo no Espa\u00e7o Rural (TER) na Regi\u00e3o da Costa Doce: Vamos passear!"},"content":{"rendered":"<p><strong>Facilitadores:\u00a0<\/strong>Andyara Lima Barbosa, F\u00e1bio Orlando Eichenberg e Gisele Silva Pereira<\/p>\n<p><strong>Data:<\/strong> 24\/06\/2021 (quinta-feira)<\/p>\n<p><strong>Hora:\u00a0<\/strong>das 14h \u00e0s 16h<\/p>\n<p><strong>Realiza\u00e7\u00e3o:<\/strong>\u00a0plataforma Webconf da UFPel (na modalidade\u00a0<em>on-line)<\/em><\/p>\n<p><strong>Ementa: <\/strong>Lazer, Turismo e Turismo no Espa\u00e7o Rural (TER) &#8211;\u00a0\u00a0um breve aporte te\u00f3rico; Lazer, Turismo e Turismo no Espa\u00e7o Rural (TER) na Regi\u00e3o da Costa Doce &#8211; um universo de possibilidades:\u00a0 Aventura, Gastronomia e os cuidados com o meio.<\/p>\n<p><strong>P\u00fablico Alvo<\/strong>: Servidores docentes e TAE\u2019s ativos*<\/p>\n<p><strong>Per\u00edodo de inscri\u00e7\u00e3o<\/strong>: 07\/06 a 22\/06\/2021<\/p>\n<p><strong>Divulga\u00e7\u00e3o das inscri\u00e7\u00f5es homologadas<\/strong>: 23\/06**, nesta p\u00e1gina.<\/p>\n<p>*Considerando a Pol\u00edtica Nacional de Desenvolvimento de Pessoas, conforme Decreto n\u00ba 9.991\/19, somente ser\u00e3o certificados os servidores p\u00fablicos pertencentes ao Quadro Efetivo da UFPel.<\/p>\n<p>**Quando homologadas as inscri\u00e7\u00f5es, os selecionados receber\u00e3o e-mail com instru\u00e7\u00f5es de acesso \u00e0 sala de Webconf da UFPel.<\/p>\n<p><span style=\"color: #ff6600\"><a style=\"color: #ff6600\" href=\"https:\/\/wp.ufpel.edu.br\/progep\/files\/2021\/06\/Roda-Turismo-24-06-2021.pdf\">INSCRI\u00c7\u00d5ES HOMOLOGADAS<\/a>:<\/span><\/p>\n<p><a href=\"https:\/\/wp.ufpel.edu.br\/progep\/files\/2020\/11\/simbolo-acessivel-em-libras.jpg\"><img class=\"aligncenter  wp-image-16700\" src=\"https:\/\/wp.ufpel.edu.br\/progep\/files\/2020\/11\/simbolo-acessivel-em-libras.jpg\" alt=\"\" width=\"163\" height=\"245\" srcset=\"https:\/\/wp.ufpel.edu.br\/progep\/files\/2020\/11\/simbolo-acessivel-em-libras.jpg 469w, https:\/\/wp.ufpel.edu.br\/progep\/files\/2020\/11\/simbolo-acessivel-em-libras-266x400.jpg 266w\" sizes=\"(max-width: 163px) 100vw, 163px\" \/><\/a><\/p>\n","protected":false},"excerpt":{"rendered":"<p>Facilitadores:\u00a0Andyara Lima Barbosa, F\u00e1bio Orlando Eichenberg e Gisele Silva Pereira Data: 24\/06\/2021 (quinta-feira) Hora:\u00a0das 14h \u00e0s 16h Realiza\u00e7\u00e3o:\u00a0plataforma Webconf da UFPel (na modalidade\u00a0on-line) Ementa: Lazer, Turismo e Turismo no Espa\u00e7o Rural (TER) &#8211;\u00a0\u00a0um breve aporte te\u00f3rico; Lazer, Turismo e Turismo no Espa\u00e7o Rural (TER) na Regi\u00e3o da Costa Doce &#8211; um universo de possibilidades:\u00a0 Aventura, [&hellip;]<\/p>\n","protected":false},"author":21,"featured_media":0,"parent":0,"menu_order":0,"comment_status":"closed","ping_status":"closed","template":"","meta":{"footnotes":""},"class_list":["post-17733","page","type-page","status-publish","hentry"],"_links":{"self":[{"href":"https:\/\/wp.ufpel.edu.br\/progep\/wp-json\/wp\/v2\/pages\/17733","targetHints":{"allow":["GET"]}}],"collection":[{"href":"https:\/\/wp.ufpel.edu.br\/progep\/wp-json\/wp\/v2\/pages"}],"about":[{"href":"https:\/\/wp.ufpel.edu.br\/progep\/wp-json\/wp\/v2\/types\/page"}],"author":[{"embeddable":true,"href":"https:\/\/wp.ufpel.edu.br\/progep\/wp-json\/wp\/v2\/users\/21"}],"replies":[{"embeddable":true,"href":"https:\/\/wp.ufpel.edu.br\/progep\/wp-json\/wp\/v2\/comments?post=17733"}],"version-history":[{"count":9,"href":"https:\/\/wp.ufpel.edu.br\/progep\/wp-json\/wp\/v2\/pages\/17733\/revisions"}],"predecessor-version":[{"id":33953,"href":"https:\/\/wp.ufpel.edu.br\/progep\/wp-json\/wp\/v2\/pages\/17733\/revisions\/33953"}],"wp:attachment":[{"href":"https:\/\/wp.ufpel.edu.br\/progep\/wp-json\/wp\/v2\/media?parent=17733"}],"curies":[{"name":"wp","href":"https:\/\/api.w.org\/{rel}","templated":true}]}}