{"id":17730,"date":"2021-06-07T08:50:25","date_gmt":"2021-06-07T11:50:25","guid":{"rendered":"https:\/\/wp.ufpel.edu.br\/progep\/?page_id=17730"},"modified":"2025-06-30T14:13:13","modified_gmt":"2025-06-30T17:13:13","slug":"roda-de-conversa-conhecendo-os-acervos-e-os-servicos-digitais-das-bibliotecas-da-ufpel-quais-sao-e-suas-usabilidades-o-que-considerar-quando-for-selecionar-as-bibliografias-basicas-e-complementare","status":"publish","type":"page","link":"https:\/\/wp.ufpel.edu.br\/progep\/roda-de-conversa-conhecendo-os-acervos-e-os-servicos-digitais-das-bibliotecas-da-ufpel-quais-sao-e-suas-usabilidades-o-que-considerar-quando-for-selecionar-as-bibliografias-basicas-e-complementare\/","title":{"rendered":"Capacita\u00e7\u00e3o: Roda de conversa: Conhecendo os acervos e os servi\u00e7os digitais das Bibliotecas da UFPel : quais s\u00e3o e suas usabilidades. O que considerar quando for selecionar as Bibliografias B\u00e1sicas e Complementares"},"content":{"rendered":"<p><strong>Facilitadores: <\/strong>Patr\u00edcia de Borba Pereira, Aline Herbstrith Batista e Maria Inez Machado<\/p>\n<p><strong>Data:<\/strong> 23\/06\/2021 (quarta-feira)<\/p>\n<p><strong>Hora:\u00a0<\/strong>das 09:00 \u00e0s 11:00<\/p>\n<p><strong>Realiza\u00e7\u00e3o:<\/strong>\u00a0plataforma Webconf da UFPel (na modalidade\u00a0<em>on-line)<\/em><\/p>\n<p><strong>Ementa: <\/strong>Conhecendo os acervos e os servi\u00e7os digitais das Bibliotecas da UFPel e suas usabilidades. Acervos virtuais &#8211; Assinados pela UFPel e de Open Access. Solicita\u00e7\u00e3o de servi\u00e7os de: senha para acesso ao Pergamum; Ficha Catalogr\u00e1fica, Capacita\u00e7\u00e3o online; abordagem sobre o instrumento INEP ( Bibliografia B\u00e1sica e Complementar, Acervos de Peri\u00f3dicos e de Acesso Aberto) e Reposit\u00f3rio Guaiaca.<\/p>\n<p><strong>P\u00fablico Alvo<\/strong>: Servidores docentes e TAE\u2019s ativos*<\/p>\n<p><strong>Per\u00edodo de inscri\u00e7\u00e3o<\/strong>: 07\/06 a 21\/06\/2021<\/p>\n<p><strong>Divulga\u00e7\u00e3o das inscri\u00e7\u00f5es homologadas<\/strong>: 21\/06**, nesta p\u00e1gina.<\/p>\n<p>*Considerando a Pol\u00edtica Nacional de Desenvolvimento de Pessoas, conforme Decreto n\u00ba 9.991\/19, somente ser\u00e3o certificados os servidores p\u00fablicos pertencentes ao Quadro Efetivo da UFPel.<\/p>\n<p>**Quando homologadas as inscri\u00e7\u00f5es, os selecionados receber\u00e3o e-mail com instru\u00e7\u00f5es de acesso \u00e0 sala de Webconf da UFPel.<\/p>\n<p><span style=\"color: #ff6600\"><a style=\"color: #ff6600\" href=\"https:\/\/wp.ufpel.edu.br\/progep\/files\/2021\/06\/21-06-2021-HOMOLOGACAO-Roda-sobre-ACERVOS-biblioteca.pdf\">INSCRI\u00c7\u00d5ES HOMOLOGADAS:<\/a><\/span><\/p>\n","protected":false},"excerpt":{"rendered":"<p>Facilitadores: Patr\u00edcia de Borba Pereira, Aline Herbstrith Batista e Maria Inez Machado Data: 23\/06\/2021 (quarta-feira) Hora:\u00a0das 09:00 \u00e0s 11:00 Realiza\u00e7\u00e3o:\u00a0plataforma Webconf da UFPel (na modalidade\u00a0on-line) Ementa: Conhecendo os acervos e os servi\u00e7os digitais das Bibliotecas da UFPel e suas usabilidades. Acervos virtuais &#8211; Assinados pela UFPel e de Open Access. Solicita\u00e7\u00e3o de servi\u00e7os de: senha [&hellip;]<\/p>\n","protected":false},"author":21,"featured_media":0,"parent":0,"menu_order":0,"comment_status":"closed","ping_status":"closed","template":"","meta":{"footnotes":""},"class_list":["post-17730","page","type-page","status-publish","hentry"],"_links":{"self":[{"href":"https:\/\/wp.ufpel.edu.br\/progep\/wp-json\/wp\/v2\/pages\/17730","targetHints":{"allow":["GET"]}}],"collection":[{"href":"https:\/\/wp.ufpel.edu.br\/progep\/wp-json\/wp\/v2\/pages"}],"about":[{"href":"https:\/\/wp.ufpel.edu.br\/progep\/wp-json\/wp\/v2\/types\/page"}],"author":[{"embeddable":true,"href":"https:\/\/wp.ufpel.edu.br\/progep\/wp-json\/wp\/v2\/users\/21"}],"replies":[{"embeddable":true,"href":"https:\/\/wp.ufpel.edu.br\/progep\/wp-json\/wp\/v2\/comments?post=17730"}],"version-history":[{"count":8,"href":"https:\/\/wp.ufpel.edu.br\/progep\/wp-json\/wp\/v2\/pages\/17730\/revisions"}],"predecessor-version":[{"id":33952,"href":"https:\/\/wp.ufpel.edu.br\/progep\/wp-json\/wp\/v2\/pages\/17730\/revisions\/33952"}],"wp:attachment":[{"href":"https:\/\/wp.ufpel.edu.br\/progep\/wp-json\/wp\/v2\/media?parent=17730"}],"curies":[{"name":"wp","href":"https:\/\/api.w.org\/{rel}","templated":true}]}}