{"id":17222,"date":"2021-04-02T12:44:42","date_gmt":"2021-04-02T15:44:42","guid":{"rendered":"https:\/\/wp.ufpel.edu.br\/progep\/?page_id=17222"},"modified":"2025-06-30T14:07:53","modified_gmt":"2025-06-30T17:07:53","slug":"capacita-na-web-caminhos-para-evitar-a-evasao-e-a-retencao-nos-cursos-superiores-da-ufpel","status":"publish","type":"page","link":"https:\/\/wp.ufpel.edu.br\/progep\/capacita-na-web-caminhos-para-evitar-a-evasao-e-a-retencao-nos-cursos-superiores-da-ufpel\/","title":{"rendered":"Capacita\u00e7\u00e3o: Capacita na web: Caminhos para evitar a Evas\u00e3o e a Reten\u00e7\u00e3o nos cursos superiores da UFPel"},"content":{"rendered":"<p><strong>Facilitadores: <\/strong>Joice Pereira da Silva Carvalho e Lu\u00eds Isa\u00edas Centeno do Amaral<\/p>\n<p><strong>Data:<\/strong> 19\/04\/2021 (segunda-feira)<\/p>\n<p><strong>Hora:\u00a0<\/strong>das 14h \u00e0s 16h<\/p>\n<p><strong>Realiza\u00e7\u00e3o:<\/strong>\u00a0plataforma Webconf da UFPel (na modalidade\u00a0<em>on-line)<\/em><\/p>\n<p><strong>Ementa:<\/strong> Conhecendo e discutindo o fen\u00f4meno da evas\u00e3o na UFPel. O que leva o aluno a evadir? Qual o perfil predominante entre os evadidos? Como conter a evas\u00e3o? Como tornar a universidade mais atraente?<\/p>\n<p><strong>P\u00fablico Alvo<\/strong>: Servidores docentes e TAE\u2019s ativos*<\/p>\n<p><strong>Per\u00edodo de inscri\u00e7\u00e3o<\/strong>: 02\/04 a 15\/04\/2021<\/p>\n<p><strong>Divulga\u00e7\u00e3o das inscri\u00e7\u00f5es homologadas<\/strong>: 16\/04**, nesta p\u00e1gina.<\/p>\n<p>*Considerando a Pol\u00edtica Nacional de Desenvolvimento de Pessoas, conforme Decreto n\u00ba 9.991\/19, somente ser\u00e3o certificados os servidores p\u00fablicos pertencentes ao Quadro Efetivo da UFPel.<\/p>\n<p>**Quando homologadas as inscri\u00e7\u00f5es, os selecionados receber\u00e3o e-mail com instru\u00e7\u00f5es de acesso \u00e0 sala de Webconf da UFPel.<\/p>\n<p><strong><span style=\"color: #ff6600\"><a style=\"color: #ff6600\" href=\"https:\/\/wp.ufpel.edu.br\/progep\/files\/2021\/04\/Caminhos-para-evitar-a-Evasao-e-a-Retencao-nos-cursos-superiores-.pdf\">INSCRI\u00c7\u00d5ES HOMOLOGADAS<\/a><\/span><\/strong><\/p>\n","protected":false},"excerpt":{"rendered":"<p>Facilitadores: Joice Pereira da Silva Carvalho e Lu\u00eds Isa\u00edas Centeno do Amaral Data: 19\/04\/2021 (segunda-feira) Hora:\u00a0das 14h \u00e0s 16h Realiza\u00e7\u00e3o:\u00a0plataforma Webconf da UFPel (na modalidade\u00a0on-line) Ementa: Conhecendo e discutindo o fen\u00f4meno da evas\u00e3o na UFPel. O que leva o aluno a evadir? Qual o perfil predominante entre os evadidos? Como conter a evas\u00e3o? Como tornar [&hellip;]<\/p>\n","protected":false},"author":21,"featured_media":0,"parent":0,"menu_order":0,"comment_status":"closed","ping_status":"closed","template":"","meta":{"footnotes":""},"class_list":["post-17222","page","type-page","status-publish","hentry"],"_links":{"self":[{"href":"https:\/\/wp.ufpel.edu.br\/progep\/wp-json\/wp\/v2\/pages\/17222","targetHints":{"allow":["GET"]}}],"collection":[{"href":"https:\/\/wp.ufpel.edu.br\/progep\/wp-json\/wp\/v2\/pages"}],"about":[{"href":"https:\/\/wp.ufpel.edu.br\/progep\/wp-json\/wp\/v2\/types\/page"}],"author":[{"embeddable":true,"href":"https:\/\/wp.ufpel.edu.br\/progep\/wp-json\/wp\/v2\/users\/21"}],"replies":[{"embeddable":true,"href":"https:\/\/wp.ufpel.edu.br\/progep\/wp-json\/wp\/v2\/comments?post=17222"}],"version-history":[{"count":5,"href":"https:\/\/wp.ufpel.edu.br\/progep\/wp-json\/wp\/v2\/pages\/17222\/revisions"}],"predecessor-version":[{"id":33936,"href":"https:\/\/wp.ufpel.edu.br\/progep\/wp-json\/wp\/v2\/pages\/17222\/revisions\/33936"}],"wp:attachment":[{"href":"https:\/\/wp.ufpel.edu.br\/progep\/wp-json\/wp\/v2\/media?parent=17222"}],"curies":[{"name":"wp","href":"https:\/\/api.w.org\/{rel}","templated":true}]}}