{"id":17201,"date":"2021-04-02T12:50:43","date_gmt":"2021-04-02T15:50:43","guid":{"rendered":"https:\/\/wp.ufpel.edu.br\/progep\/?page_id=17201"},"modified":"2025-06-30T14:07:59","modified_gmt":"2025-06-30T17:07:59","slug":"capacita-na-web-educacao-em-contexto-emergente-da-ead-ao-ensino-hibrido","status":"publish","type":"page","link":"https:\/\/wp.ufpel.edu.br\/progep\/capacita-na-web-educacao-em-contexto-emergente-da-ead-ao-ensino-hibrido\/","title":{"rendered":"Capacita\u00e7\u00e3o: Capacita na web: Educa\u00e7\u00e3o em contexto emergente: da EaD ao ensino h\u00edbrido"},"content":{"rendered":"<p><strong>Facilitadores: <\/strong>\u00a0<span style=\"font-family: georgia, palatino, serif\">Antonio Mauricio Medeiros Alves e Lui\u00a0 N\u00f6rnberg (Professores da Faculdade de Educa\u00e7\u00e3o da UFPEL)<\/span><\/p>\n<p><strong>Data:<\/strong> 23\/04\/2021 (sexta-feira)<\/p>\n<p><strong>Hora:\u00a0<\/strong>das 16h \u00e0s 18h<\/p>\n<p><strong>Realiza\u00e7\u00e3o:<\/strong>\u00a0plataforma Webconf da UFPel (na modalidade\u00a0<em>on-line)<\/em><\/p>\n<p><strong>Ementa:<br \/>\n<\/strong>Discuss\u00e3o de aspectos relacionados \u00e0 educa\u00e7\u00e3o em contexto emergente; problematiza\u00e7\u00e3o sobre educa\u00e7\u00e3o a dist\u00e2ncia e suas aproxima\u00e7\u00f5es e afastamentos do ensino h\u00edbrido.<strong><br \/>\n<\/strong><\/p>\n<p><strong>P\u00fablico Alvo<\/strong>: Servidores docentes e TAE\u2019s ativos*<\/p>\n<p><strong>Per\u00edodo de inscri\u00e7\u00e3o<\/strong>: 02\/04 a 19\/04\/2021<\/p>\n<p><strong>Divulga\u00e7\u00e3o das inscri\u00e7\u00f5es homologadas<\/strong>: 20\/04**, nesta p\u00e1gina. (Observa\u00e7\u00e3o: a homologa\u00e7\u00e3o ser\u00e1 divulgada no dia <strong><span style=\"color: #ff0000\">22\/04<\/span><\/strong>)<\/p>\n<p>*Considerando a Pol\u00edtica Nacional de Desenvolvimento de Pessoas, conforme Decreto n\u00ba 9.991\/19, somente ser\u00e3o certificados os servidores p\u00fablicos pertencentes ao Quadro Efetivo da UFPel.<\/p>\n<p>**Quando homologadas as inscri\u00e7\u00f5es, os selecionados receber\u00e3o e-mail com instru\u00e7\u00f5es de acesso \u00e0 sala de Webconf da UFPel.<\/p>\n<p><span style=\"background-color: #ffffff;color: #ff6600\"><a style=\"background-color: #ffffff;color: #ff6600\" href=\"https:\/\/wp.ufpel.edu.br\/progep\/files\/2021\/04\/Roda-Contexto-Emergente.pdf\">INSCRI\u00c7\u00d5ES HOMOLOGADAS<\/a><\/span><\/p>\n<p>&nbsp;<\/p>\n","protected":false},"excerpt":{"rendered":"<p>Facilitadores: \u00a0Antonio Mauricio Medeiros Alves e Lui\u00a0 N\u00f6rnberg (Professores da Faculdade de Educa\u00e7\u00e3o da UFPEL) Data: 23\/04\/2021 (sexta-feira) Hora:\u00a0das 16h \u00e0s 18h Realiza\u00e7\u00e3o:\u00a0plataforma Webconf da UFPel (na modalidade\u00a0on-line) Ementa: Discuss\u00e3o de aspectos relacionados \u00e0 educa\u00e7\u00e3o em contexto emergente; problematiza\u00e7\u00e3o sobre educa\u00e7\u00e3o a dist\u00e2ncia e suas aproxima\u00e7\u00f5es e afastamentos do ensino h\u00edbrido. P\u00fablico Alvo: Servidores docentes [&hellip;]<\/p>\n","protected":false},"author":21,"featured_media":0,"parent":0,"menu_order":0,"comment_status":"closed","ping_status":"closed","template":"","meta":{"footnotes":""},"class_list":["post-17201","page","type-page","status-publish","hentry"],"_links":{"self":[{"href":"https:\/\/wp.ufpel.edu.br\/progep\/wp-json\/wp\/v2\/pages\/17201","targetHints":{"allow":["GET"]}}],"collection":[{"href":"https:\/\/wp.ufpel.edu.br\/progep\/wp-json\/wp\/v2\/pages"}],"about":[{"href":"https:\/\/wp.ufpel.edu.br\/progep\/wp-json\/wp\/v2\/types\/page"}],"author":[{"embeddable":true,"href":"https:\/\/wp.ufpel.edu.br\/progep\/wp-json\/wp\/v2\/users\/21"}],"replies":[{"embeddable":true,"href":"https:\/\/wp.ufpel.edu.br\/progep\/wp-json\/wp\/v2\/comments?post=17201"}],"version-history":[{"count":9,"href":"https:\/\/wp.ufpel.edu.br\/progep\/wp-json\/wp\/v2\/pages\/17201\/revisions"}],"predecessor-version":[{"id":33937,"href":"https:\/\/wp.ufpel.edu.br\/progep\/wp-json\/wp\/v2\/pages\/17201\/revisions\/33937"}],"wp:attachment":[{"href":"https:\/\/wp.ufpel.edu.br\/progep\/wp-json\/wp\/v2\/media?parent=17201"}],"curies":[{"name":"wp","href":"https:\/\/api.w.org\/{rel}","templated":true}]}}