{"id":17141,"date":"2021-03-24T10:10:07","date_gmt":"2021-03-24T13:10:07","guid":{"rendered":"https:\/\/wp.ufpel.edu.br\/progep\/?page_id=17141"},"modified":"2025-06-30T14:07:26","modified_gmt":"2025-06-30T17:07:26","slug":"roda-de-conversa-conhecendo-a-pro-reitoria-de-assuntos-estudantis","status":"publish","type":"page","link":"https:\/\/wp.ufpel.edu.br\/progep\/roda-de-conversa-conhecendo-a-pro-reitoria-de-assuntos-estudantis\/","title":{"rendered":"Capacita\u00e7\u00e3o: Roda de conversa Conhecendo a Pr\u00f3-Reitoria de Assuntos Estudantis"},"content":{"rendered":"<p><strong>Facilitadores: <\/strong>Fabiane Tejada da Silveira; L\u00facia Maria Vaz Peres; Rosendo da Rosa Caetano e Rosane Maria dos Santos Brand\u00e3o.<\/p>\n<p><strong>Data:<\/strong> 09\/04\/2021 (sexta-feira)<\/p>\n<p><strong>Hora:\u00a0<\/strong>das 10h \u00e0s 11h<\/p>\n<p><strong>Realiza\u00e7\u00e3o:<\/strong>\u00a0plataforma Webconf da UFPel (na modalidade\u00a0<em>on-line)<\/em><\/p>\n<p><strong>Ementa:<br \/>\n<\/strong>Apresentar\u00a0as coordena\u00e7\u00f5es da PRAE e suas respectivas fun\u00e7\u00f5es; estreitar la\u00e7os entre PRAE e comunidade da UFPEL para melhoria dos encaminhamentos e procedimentos\u00a0junto ao estudante.<\/p>\n<p><strong>P\u00fablico Alvo<\/strong>: Servidores docentes e TAE\u2019s ativos*<\/p>\n<p><strong>Per\u00edodo de inscri\u00e7\u00e3o<\/strong>: 24\/03 a 06\/04\/2021<\/p>\n<p><strong>Divulga\u00e7\u00e3o das inscri\u00e7\u00f5es homologadas<\/strong>: 07\/04\/2021**, nesta p\u00e1gina.<\/p>\n<p>*Considerando a Pol\u00edtica Nacional de Desenvolvimento de Pessoas, conforme Decreto n\u00ba 9.991\/19, somente ser\u00e3o certificados os servidores p\u00fablicos pertencentes ao Quadro Efetivo da UFPel.<\/p>\n<p>**Quando homologadas as inscri\u00e7\u00f5es, os selecionados receber\u00e3o e-mail com instru\u00e7\u00f5es de acesso \u00e0 sala de Webconf da UFPel.<\/p>\n<p><strong><span style=\"color: #ff6600\"><a style=\"color: #ff6600\" href=\"https:\/\/wp.ufpel.edu.br\/progep\/files\/2021\/04\/Roda-de-conversa-Conhecendo-a-Pro-Reitoria-de-Assuntos-Estudantis.pdf\">INSCRI\u00c7\u00d5ES HOMOLOGADAS<\/a><\/span><\/strong><\/p>\n","protected":false},"excerpt":{"rendered":"<p>Facilitadores: Fabiane Tejada da Silveira; L\u00facia Maria Vaz Peres; Rosendo da Rosa Caetano e Rosane Maria dos Santos Brand\u00e3o. Data: 09\/04\/2021 (sexta-feira) Hora:\u00a0das 10h \u00e0s 11h Realiza\u00e7\u00e3o:\u00a0plataforma Webconf da UFPel (na modalidade\u00a0on-line) Ementa: Apresentar\u00a0as coordena\u00e7\u00f5es da PRAE e suas respectivas fun\u00e7\u00f5es; estreitar la\u00e7os entre PRAE e comunidade da UFPEL para melhoria dos encaminhamentos e procedimentos\u00a0junto [&hellip;]<\/p>\n","protected":false},"author":21,"featured_media":0,"parent":0,"menu_order":0,"comment_status":"closed","ping_status":"closed","template":"","meta":{"footnotes":""},"class_list":["post-17141","page","type-page","status-publish","hentry"],"_links":{"self":[{"href":"https:\/\/wp.ufpel.edu.br\/progep\/wp-json\/wp\/v2\/pages\/17141","targetHints":{"allow":["GET"]}}],"collection":[{"href":"https:\/\/wp.ufpel.edu.br\/progep\/wp-json\/wp\/v2\/pages"}],"about":[{"href":"https:\/\/wp.ufpel.edu.br\/progep\/wp-json\/wp\/v2\/types\/page"}],"author":[{"embeddable":true,"href":"https:\/\/wp.ufpel.edu.br\/progep\/wp-json\/wp\/v2\/users\/21"}],"replies":[{"embeddable":true,"href":"https:\/\/wp.ufpel.edu.br\/progep\/wp-json\/wp\/v2\/comments?post=17141"}],"version-history":[{"count":8,"href":"https:\/\/wp.ufpel.edu.br\/progep\/wp-json\/wp\/v2\/pages\/17141\/revisions"}],"predecessor-version":[{"id":33933,"href":"https:\/\/wp.ufpel.edu.br\/progep\/wp-json\/wp\/v2\/pages\/17141\/revisions\/33933"}],"wp:attachment":[{"href":"https:\/\/wp.ufpel.edu.br\/progep\/wp-json\/wp\/v2\/media?parent=17141"}],"curies":[{"name":"wp","href":"https:\/\/api.w.org\/{rel}","templated":true}]}}