{"id":17067,"date":"2021-03-16T11:18:52","date_gmt":"2021-03-16T14:18:52","guid":{"rendered":"https:\/\/wp.ufpel.edu.br\/progep\/?page_id=17067"},"modified":"2025-06-30T13:45:01","modified_gmt":"2025-06-30T16:45:01","slug":"curso-inclusao-e-acessibilidade","status":"publish","type":"page","link":"https:\/\/wp.ufpel.edu.br\/progep\/curso-inclusao-e-acessibilidade\/","title":{"rendered":"Capacita\u00e7\u00e3o: Curso: Inclus\u00e3o e acessibilidade"},"content":{"rendered":"<p><strong>Ministrante(s): <\/strong>Mirian Pereira Boher, Rodrigo da Silva Vital, Joseane Maciel Viana, Siglia Pimentel Hoher Camargo e Rita de Cassia Morem Cossio Rodriguez.<\/p>\n<p><b>Modalidade: <\/b>Online (Plataforma webconf UFPEL)<\/p>\n<p><strong>Carga hor\u00e1ria: <\/strong>20 horas<\/p>\n<p class=\"v1MsoNormal\"><strong>Per\u00edodo<\/strong>: 26 de mar\u00e7o a 23 de abril<span style=\"background-color: #ffffff\"> de 2021.<\/span><\/p>\n<p class=\"v1MsoNormal\"><strong>Realiza\u00e7\u00e3o<\/strong>:<\/p>\n<p>As atividades s\u00edncronas ser\u00e3o realizadas das 10h \u00e0s 11:30, nos seguintes dias: 26\/03, 31\/03, 07\/04<b>,<\/b> 09\/04, 14\/04, 16\/04 e 23\/04.<\/p>\n<p>Ainda ser\u00e3o realizados encontros ass\u00edncronos, nos quais os participantes receber\u00e3o material de apoio aos encontros s\u00edncronos e eventuais tarefas reflexivas. Ser\u00e3o postados, no dia seguinte da aula s\u00edncrona as atividades a serem realizadas.<\/p>\n<p><strong>S\u00famula<\/strong>:<\/p>\n<p class=\"Texto_Justificado\">* Tecnologia Assistiva;<\/p>\n<p class=\"Texto_Justificado\">* Defici\u00eancia Visual;<\/p>\n<p class=\"Texto_Justificado\">* Defici\u00eancia Auditiva;<\/p>\n<p>* Transtorno do Espectro Autista;<\/p>\n<p>*Defici\u00eancia Intelectual;<\/p>\n<p>*Defici\u00eancia F\u00edsica e Altas Habilidades\/Superdota\u00e7\u00e3o;<\/p>\n<p>*Legisla\u00e7\u00e3o e Atua\u00e7\u00e3o do N\u00facleo de Acessibilidade e Inclus\u00e3o da UFPel.<\/p>\n<p><b><strong>Avalia\u00e7\u00e3o: <\/strong><\/b>Frequ\u00eancia m\u00ednima de 75%.<\/p>\n<p class=\"v1MsoNormal\"><strong>P\u00fablico Alvo<\/strong>: Servidores (docentes e t\u00e9cnicos administrativos em educa\u00e7\u00e3o) da UFPel.*<\/p>\n<p><strong>N\u00famero de vagas:<\/strong> 50 vagas (vagas limitadas por ordem de inscri\u00e7\u00e3o)**<\/p>\n<p><strong>Per\u00edodo de inscri\u00e7\u00e3o<\/strong>: 16\/03 a\u00a0 24\/03\/2021<\/p>\n<p><strong>Divulga\u00e7\u00e3o das inscri\u00e7\u00f5es homologadas<\/strong>: 25\/03***, nesta p\u00e1gina.<\/p>\n<p>*Considerando a Pol\u00edtica Nacional de Desenvolvimento de Pessoas, conforme Decreto n\u00ba 9.991\/19, somente ser\u00e3o certificados os servidores p\u00fablicos pertencentes ao Quadro Efetivo da UFPel.<\/p>\n<p>**Vagas destinadas \u00e0 servidores pertencentes ao Quadro Efetivo da UFPel, preferencialmente.<\/p>\n<p>*** Quando da homologa\u00e7\u00e3o das inscri\u00e7\u00f5es, os selecionados receber\u00e3o e-mail com instru\u00e7\u00f5es de acesso \u00e0 sala de Webconf da UFPel.<\/p>\n<p><strong><span style=\"color: #ff6600\"><a style=\"color: #ff6600\" href=\"https:\/\/wp.ufpel.edu.br\/progep\/files\/2021\/03\/homologa-inscritos_-Curso-Inclusao-e-acessibilidade.pdf\">INSCRI\u00c7\u00d5ES HOMOLOGADAS<\/a><\/span><\/strong><\/p>\n<p>&nbsp;<\/p>\n","protected":false},"excerpt":{"rendered":"<p>Ministrante(s): Mirian Pereira Boher, Rodrigo da Silva Vital, Joseane Maciel Viana, Siglia Pimentel Hoher Camargo e Rita de Cassia Morem Cossio Rodriguez. Modalidade: Online (Plataforma webconf UFPEL) Carga hor\u00e1ria: 20 horas Per\u00edodo: 26 de mar\u00e7o a 23 de abril de 2021. Realiza\u00e7\u00e3o: As atividades s\u00edncronas ser\u00e3o realizadas das 10h \u00e0s 11:30, nos seguintes dias: 26\/03, [&hellip;]<\/p>\n","protected":false},"author":21,"featured_media":0,"parent":0,"menu_order":0,"comment_status":"closed","ping_status":"closed","template":"","meta":{"footnotes":""},"class_list":["post-17067","page","type-page","status-publish","hentry"],"_links":{"self":[{"href":"https:\/\/wp.ufpel.edu.br\/progep\/wp-json\/wp\/v2\/pages\/17067","targetHints":{"allow":["GET"]}}],"collection":[{"href":"https:\/\/wp.ufpel.edu.br\/progep\/wp-json\/wp\/v2\/pages"}],"about":[{"href":"https:\/\/wp.ufpel.edu.br\/progep\/wp-json\/wp\/v2\/types\/page"}],"author":[{"embeddable":true,"href":"https:\/\/wp.ufpel.edu.br\/progep\/wp-json\/wp\/v2\/users\/21"}],"replies":[{"embeddable":true,"href":"https:\/\/wp.ufpel.edu.br\/progep\/wp-json\/wp\/v2\/comments?post=17067"}],"version-history":[{"count":4,"href":"https:\/\/wp.ufpel.edu.br\/progep\/wp-json\/wp\/v2\/pages\/17067\/revisions"}],"predecessor-version":[{"id":33914,"href":"https:\/\/wp.ufpel.edu.br\/progep\/wp-json\/wp\/v2\/pages\/17067\/revisions\/33914"}],"wp:attachment":[{"href":"https:\/\/wp.ufpel.edu.br\/progep\/wp-json\/wp\/v2\/media?parent=17067"}],"curies":[{"name":"wp","href":"https:\/\/api.w.org\/{rel}","templated":true}]}}