{"id":17036,"date":"2021-03-10T11:24:34","date_gmt":"2021-03-10T14:24:34","guid":{"rendered":"https:\/\/wp.ufpel.edu.br\/progep\/?page_id=17036"},"modified":"2025-06-30T13:45:12","modified_gmt":"2025-06-30T16:45:12","slug":"roda-de-conversa-ferramentas-de-auxilio-ao-trabalho-remoto-como-a-ti-pode-te-ajudar","status":"publish","type":"page","link":"https:\/\/wp.ufpel.edu.br\/progep\/roda-de-conversa-ferramentas-de-auxilio-ao-trabalho-remoto-como-a-ti-pode-te-ajudar\/","title":{"rendered":"Capacita\u00e7\u00e3o: Roda de Conversa: Ferramentas de Aux\u00edlio ao Trabalho Remoto, como a TI pode te ajudar!"},"content":{"rendered":"<p><strong>Facilitadores: <\/strong>Rafael Padilha e Eduardo Maro\u00f1as Monks<\/p>\n<p><strong>Data:<\/strong> 25\/03\/2020 (quinta-feira)<\/p>\n<p><strong>Hora:\u00a0<\/strong>das 09h \u00e0s 10h<\/p>\n<p><strong>Realiza\u00e7\u00e3o:<\/strong>\u00a0plataforma Webconf da UFPel (na modalidade\u00a0<em>on-line)<\/em><\/p>\n<p><strong>Ementa: <\/strong>O objetivo desta capacita\u00e7\u00e3o \u00e9 a apresenta\u00e7\u00e3o e troca de experi\u00eancias sobre ferramentas e servi\u00e7os que est\u00e3o dispon\u00edveis para o bom desempenho do trabalho remoto. Ser\u00e3o abordados servi\u00e7os e ferramentas institucionais e outras dispon\u00edveis na web.<\/p>\n<p><strong>P\u00fablico Alvo<\/strong>: Servidores docentes e TAE\u2019s ativos*<\/p>\n<p><strong>Per\u00edodo de inscri\u00e7\u00e3o<\/strong>: 10\/03 a 22\/03\/2020<\/p>\n<p><strong>Divulga\u00e7\u00e3o das inscri\u00e7\u00f5es homologadas<\/strong>: 23\/03**, nesta p\u00e1gina.<\/p>\n<p>*Considerando a Pol\u00edtica Nacional de Desenvolvimento de Pessoas, conforme Decreto n\u00ba 9.991\/19, somente ser\u00e3o certificados os servidores p\u00fablicos pertencentes ao Quadro Efetivo da UFPel.<\/p>\n<p>**Quando homologadas as inscri\u00e7\u00f5es, os selecionados receber\u00e3o e-mail com instru\u00e7\u00f5es de acesso \u00e0 sala de Webconf da UFPel.<\/p>\n<p><strong><span style=\"color: #ff6600\"><a style=\"color: #ff6600\" href=\"https:\/\/wp.ufpel.edu.br\/progep\/files\/2021\/03\/homologa-inscritos_Ferramentas-de-Auxilio-ao-Trabalho-Remoto-como-a-TI-pode-te-ajudar.pdf\">INSCRI\u00c7\u00d5ES HOMOLOGADAS<\/a><\/span><\/strong><\/p>\n","protected":false},"excerpt":{"rendered":"<p>Facilitadores: Rafael Padilha e Eduardo Maro\u00f1as Monks Data: 25\/03\/2020 (quinta-feira) Hora:\u00a0das 09h \u00e0s 10h Realiza\u00e7\u00e3o:\u00a0plataforma Webconf da UFPel (na modalidade\u00a0on-line) Ementa: O objetivo desta capacita\u00e7\u00e3o \u00e9 a apresenta\u00e7\u00e3o e troca de experi\u00eancias sobre ferramentas e servi\u00e7os que est\u00e3o dispon\u00edveis para o bom desempenho do trabalho remoto. Ser\u00e3o abordados servi\u00e7os e ferramentas institucionais e outras dispon\u00edveis [&hellip;]<\/p>\n","protected":false},"author":21,"featured_media":0,"parent":0,"menu_order":0,"comment_status":"closed","ping_status":"closed","template":"","meta":{"footnotes":""},"class_list":["post-17036","page","type-page","status-publish","hentry"],"_links":{"self":[{"href":"https:\/\/wp.ufpel.edu.br\/progep\/wp-json\/wp\/v2\/pages\/17036","targetHints":{"allow":["GET"]}}],"collection":[{"href":"https:\/\/wp.ufpel.edu.br\/progep\/wp-json\/wp\/v2\/pages"}],"about":[{"href":"https:\/\/wp.ufpel.edu.br\/progep\/wp-json\/wp\/v2\/types\/page"}],"author":[{"embeddable":true,"href":"https:\/\/wp.ufpel.edu.br\/progep\/wp-json\/wp\/v2\/users\/21"}],"replies":[{"embeddable":true,"href":"https:\/\/wp.ufpel.edu.br\/progep\/wp-json\/wp\/v2\/comments?post=17036"}],"version-history":[{"count":5,"href":"https:\/\/wp.ufpel.edu.br\/progep\/wp-json\/wp\/v2\/pages\/17036\/revisions"}],"predecessor-version":[{"id":33916,"href":"https:\/\/wp.ufpel.edu.br\/progep\/wp-json\/wp\/v2\/pages\/17036\/revisions\/33916"}],"wp:attachment":[{"href":"https:\/\/wp.ufpel.edu.br\/progep\/wp-json\/wp\/v2\/media?parent=17036"}],"curies":[{"name":"wp","href":"https:\/\/api.w.org\/{rel}","templated":true}]}}